{"id":11076,"date":"2020-02-18T07:31:46","date_gmt":"2020-02-18T07:31:46","guid":{"rendered":"https:\/\/equipomedicomexico-com.preview-domain.com\/product\/andadera-roll-nitro-10266wt-alu-bla-c-e\/"},"modified":"2020-02-18T07:31:48","modified_gmt":"2020-02-18T07:31:48","slug":"andadera-roll-nitro-10266wt-alu-bla-c-e","status":"publish","type":"product","link":"https:\/\/buscoequipomedico.com\/?product=andadera-roll-nitro-10266wt-alu-bla-c-e","title":{"rendered":"ANDADERA ROLL NITRO 10266WT ALU BLA C\/E"},"content":{"rendered":"<p>Las ruedas delanteras se pueden colocar en posici\u00f3n \u201cgiratoria\u201d . El sistema especial de trabas hecho de fundici\u00f3n de aluminio interno se maneja f\u00e1cilmente y garantiza la seguridad. Permite a la persona sentarse o usarlo como un andador tradicional levantando el asiento para caminar proporciona comodidad y estabilidad al sentarse.<\/p>\n<p>Material: Aluminio<\/p>\n<p>Color: Esmaltada en Roja, Negra y Blanca<\/p>\n<p>Sistema de plegado<\/p>\n<p>Manubrios de altura ajustable<\/p>\n<p>Asiento con asa plegable<\/p>\n<p>Bolsa en la parte de abajo sistema de plegado.<\/p>\n","protected":false},"excerpt":{"rendered":"<\/p>\n<p>Atractivo dise\u00f1o de estilo europeo.<\/p>\n<p>Cable de freno dentro del marco para una mayor seguridad.<\/p>\n<p>La altura del mango se ajusta f\u00e1cilmente con el bot\u00f3n \u00fanico de empuje.\u00a0<\/p>\n<p>Altura del respaldo de apoyo se ajusta f\u00e1cilmente con tornillo de mariposa sin herramientas.<\/p>\n<p>Ruedas delanteras 10 \u00bb permiten direcci\u00f3n \u00f3ptima y confort de rodadura.<\/p>\n<p>Se pliega f\u00e1cilmente con una mano con el tama\u00f1o ultra-compacto para el almacenaje.<\/p>\n<p>Mango se encuentra en el asiento.<\/p>\n<p>Clip de pl\u00e1stico tiene el Nitro cerrado cuando est\u00e1 plegado marco.\u00a0<\/p>\n<p>Dise\u00f1o de abrazadera transversal permite el plegado de lado a lado y estabilidad.<\/p>\n<p>El asiento es resistente y c\u00f3modo.<\/p>\n","protected":false},"featured_media":11077,"template":"","meta":{"_joinchat":[]},"product_brand":[],"product_cat":[213],"product_tag":[],"class_list":{"0":"post-11076","1":"product","2":"type-product","3":"status-publish","4":"has-post-thumbnail","6":"product_cat-concentradores","7":"pa_marca-drive","9":"first","10":"instock","11":"purchasable","12":"product-type-simple"},"yoast_head":"<!-- This site is optimized with the Yoast SEO plugin v25.1 - https:\/\/yoast.com\/wordpress\/plugins\/seo\/ -->\n<title>ANDADERA ROLL NITRO 10266WT ALU BLA C\/E - Tu mejor opci\u00f3n Equipo M\u00e9dico M\u00e9xico<\/title>\n<meta name=\"robots\" content=\"index, follow, max-snippet:-1, max-image-preview:large, max-video-preview:-1\" \/>\n<link rel=\"canonical\" href=\"https:\/\/buscoequipomedico.com\/?product=andadera-roll-nitro-10266wt-alu-bla-c-e\" \/>\n<meta property=\"og:locale\" content=\"es_ES\" \/>\n<meta property=\"og:type\" content=\"article\" \/>\n<meta property=\"og:title\" content=\"ANDADERA ROLL NITRO 10266WT ALU BLA C\/E - Tu mejor opci\u00f3n Equipo M\u00e9dico M\u00e9xico\" \/>\n<meta property=\"og:description\" content=\"Atractivo dise\u00f1o de estilo europeo. Cable de freno dentro del marco para una mayor seguridad. La altura del mango se ajusta f\u00e1cilmente con el bot\u00f3n \u00fanico de empuje.\u00a0 Altura del respaldo de apoyo se ajusta f\u00e1cilmente con tornillo de mariposa sin herramientas. Ruedas delanteras 10 &quot; permiten direcci\u00f3n \u00f3ptima y confort de rodadura. Se pliega f\u00e1cilmente con una mano con el tama\u00f1o ultra-compacto para el almacenaje. Mango se encuentra en el asiento. Clip de pl\u00e1stico tiene el Nitro cerrado cuando est\u00e1 plegado marco.\u00a0 Dise\u00f1o de abrazadera transversal permite el plegado de lado a lado y estabilidad. El asiento es resistente y c\u00f3modo.\" \/>\n<meta property=\"og:url\" content=\"https:\/\/buscoequipomedico.com\/?product=andadera-roll-nitro-10266wt-alu-bla-c-e\" \/>\n<meta property=\"og:site_name\" content=\"Tu mejor opci\u00f3n Equipo M\u00e9dico M\u00e9xico\" \/>\n<meta property=\"article:modified_time\" content=\"2020-02-18T07:31:48+00:00\" \/>\n<meta property=\"og:image\" content=\"https:\/\/buscoequipomedico.com\/wp-content\/uploads\/2020\/02\/andadera-roll-nitro-10266wt-alu-bla-c-e-atractivo-diseno-de-estilo-europeo-cable-de-freno-dentro-del-marco-para-una-mayor-seguri.jpg\" \/>\n\t<meta property=\"og:image:width\" content=\"800\" \/>\n\t<meta property=\"og:image:height\" content=\"800\" \/>\n\t<meta property=\"og:image:type\" content=\"image\/png\" \/>\n<meta name=\"twitter:card\" content=\"summary_large_image\" \/>\n<script type=\"application\/ld+json\" class=\"yoast-schema-graph\">{\"@context\":\"https:\/\/schema.org\",\"@graph\":[{\"@type\":\"WebPage\",\"@id\":\"https:\/\/buscoequipomedico.com\/?product=andadera-roll-nitro-10266wt-alu-bla-c-e\",\"url\":\"https:\/\/buscoequipomedico.com\/?product=andadera-roll-nitro-10266wt-alu-bla-c-e\",\"name\":\"ANDADERA ROLL NITRO 10266WT ALU BLA C\/E - Tu mejor opci\u00f3n Equipo M\u00e9dico M\u00e9xico\",\"isPartOf\":{\"@id\":\"https:\/\/buscoequipomedico.com\/#website\"},\"primaryImageOfPage\":{\"@id\":\"https:\/\/buscoequipomedico.com\/?product=andadera-roll-nitro-10266wt-alu-bla-c-e#primaryimage\"},\"image\":{\"@id\":\"https:\/\/buscoequipomedico.com\/?product=andadera-roll-nitro-10266wt-alu-bla-c-e#primaryimage\"},\"thumbnailUrl\":\"https:\/\/buscoequipomedico.com\/wp-content\/uploads\/2020\/02\/andadera-roll-nitro-10266wt-alu-bla-c-e-atractivo-diseno-de-estilo-europeo-cable-de-freno-dentro-del-marco-para-una-mayor-seguri.jpg\",\"datePublished\":\"2020-02-18T07:31:46+00:00\",\"dateModified\":\"2020-02-18T07:31:48+00:00\",\"breadcrumb\":{\"@id\":\"https:\/\/buscoequipomedico.com\/?product=andadera-roll-nitro-10266wt-alu-bla-c-e#breadcrumb\"},\"inLanguage\":\"es\",\"potentialAction\":[{\"@type\":\"ReadAction\",\"target\":[\"https:\/\/buscoequipomedico.com\/?product=andadera-roll-nitro-10266wt-alu-bla-c-e\"]}]},{\"@type\":\"ImageObject\",\"inLanguage\":\"es\",\"@id\":\"https:\/\/buscoequipomedico.com\/?product=andadera-roll-nitro-10266wt-alu-bla-c-e#primaryimage\",\"url\":\"https:\/\/buscoequipomedico.com\/wp-content\/uploads\/2020\/02\/andadera-roll-nitro-10266wt-alu-bla-c-e-atractivo-diseno-de-estilo-europeo-cable-de-freno-dentro-del-marco-para-una-mayor-seguri.jpg\",\"contentUrl\":\"https:\/\/buscoequipomedico.com\/wp-content\/uploads\/2020\/02\/andadera-roll-nitro-10266wt-alu-bla-c-e-atractivo-diseno-de-estilo-europeo-cable-de-freno-dentro-del-marco-para-una-mayor-seguri.jpg\",\"width\":800,\"height\":800},{\"@type\":\"BreadcrumbList\",\"@id\":\"https:\/\/buscoequipomedico.com\/?product=andadera-roll-nitro-10266wt-alu-bla-c-e#breadcrumb\",\"itemListElement\":[{\"@type\":\"ListItem\",\"position\":1,\"name\":\"Productos\",\"item\":\"https:\/\/buscoequipomedico.com\/shop\/\"},{\"@type\":\"ListItem\",\"position\":2,\"name\":\"ANDADERA ROLL NITRO 10266WT ALU BLA C\/E\"}]},{\"@type\":\"WebSite\",\"@id\":\"https:\/\/buscoequipomedico.com\/#website\",\"url\":\"https:\/\/buscoequipomedico.com\/\",\"name\":\"Tu mejor opci\u00f3n Equipo M\u00e9dico M\u00e9xico\",\"description\":\"Tienda de equipo m\u00e9dico\",\"publisher\":{\"@id\":\"https:\/\/buscoequipomedico.com\/#organization\"},\"potentialAction\":[{\"@type\":\"SearchAction\",\"target\":{\"@type\":\"EntryPoint\",\"urlTemplate\":\"https:\/\/buscoequipomedico.com\/?s={search_term_string}\"},\"query-input\":{\"@type\":\"PropertyValueSpecification\",\"valueRequired\":true,\"valueName\":\"search_term_string\"}}],\"inLanguage\":\"es\"},{\"@type\":\"Organization\",\"@id\":\"https:\/\/buscoequipomedico.com\/#organization\",\"name\":\"Tu mejor opci\u00f3n Equipo M\u00e9dico M\u00e9xico\",\"url\":\"https:\/\/buscoequipomedico.com\/\",\"logo\":{\"@type\":\"ImageObject\",\"inLanguage\":\"es\",\"@id\":\"https:\/\/buscoequipomedico.com\/#\/schema\/logo\/image\/\",\"url\":\"https:\/\/buscoequipomedico.com\/wp-content\/uploads\/2021\/07\/EMM-VPrincipal-scaled.jpg\",\"contentUrl\":\"https:\/\/buscoequipomedico.com\/wp-content\/uploads\/2021\/07\/EMM-VPrincipal-scaled.jpg\",\"width\":2560,\"height\":1058,\"caption\":\"Tu mejor opci\u00f3n Equipo M\u00e9dico M\u00e9xico\"},\"image\":{\"@id\":\"https:\/\/buscoequipomedico.com\/#\/schema\/logo\/image\/\"}}]}<\/script>\n<!-- \/ Yoast SEO plugin. -->","yoast_head_json":{"title":"ANDADERA ROLL NITRO 10266WT ALU BLA C\/E - Tu mejor opci\u00f3n Equipo M\u00e9dico M\u00e9xico","robots":{"index":"index","follow":"follow","max-snippet":"max-snippet:-1","max-image-preview":"max-image-preview:large","max-video-preview":"max-video-preview:-1"},"canonical":"https:\/\/buscoequipomedico.com\/?product=andadera-roll-nitro-10266wt-alu-bla-c-e","og_locale":"es_ES","og_type":"article","og_title":"ANDADERA ROLL NITRO 10266WT ALU BLA C\/E - Tu mejor opci\u00f3n Equipo M\u00e9dico M\u00e9xico","og_description":"Atractivo dise\u00f1o de estilo europeo. Cable de freno dentro del marco para una mayor seguridad. La altura del mango se ajusta f\u00e1cilmente con el bot\u00f3n \u00fanico de empuje.\u00a0 Altura del respaldo de apoyo se ajusta f\u00e1cilmente con tornillo de mariposa sin herramientas. Ruedas delanteras 10 \" permiten direcci\u00f3n \u00f3ptima y confort de rodadura. Se pliega f\u00e1cilmente con una mano con el tama\u00f1o ultra-compacto para el almacenaje. Mango se encuentra en el asiento. Clip de pl\u00e1stico tiene el Nitro cerrado cuando est\u00e1 plegado marco.\u00a0 Dise\u00f1o de abrazadera transversal permite el plegado de lado a lado y estabilidad. El asiento es resistente y c\u00f3modo.","og_url":"https:\/\/buscoequipomedico.com\/?product=andadera-roll-nitro-10266wt-alu-bla-c-e","og_site_name":"Tu mejor opci\u00f3n Equipo M\u00e9dico M\u00e9xico","article_modified_time":"2020-02-18T07:31:48+00:00","og_image":[{"width":800,"height":800,"url":"https:\/\/buscoequipomedico.com\/wp-content\/uploads\/2020\/02\/andadera-roll-nitro-10266wt-alu-bla-c-e-atractivo-diseno-de-estilo-europeo-cable-de-freno-dentro-del-marco-para-una-mayor-seguri.jpg","type":"image\/png"}],"twitter_card":"summary_large_image","schema":{"@context":"https:\/\/schema.org","@graph":[{"@type":"WebPage","@id":"https:\/\/buscoequipomedico.com\/?product=andadera-roll-nitro-10266wt-alu-bla-c-e","url":"https:\/\/buscoequipomedico.com\/?product=andadera-roll-nitro-10266wt-alu-bla-c-e","name":"ANDADERA ROLL NITRO 10266WT ALU BLA C\/E - Tu mejor opci\u00f3n Equipo M\u00e9dico M\u00e9xico","isPartOf":{"@id":"https:\/\/buscoequipomedico.com\/#website"},"primaryImageOfPage":{"@id":"https:\/\/buscoequipomedico.com\/?product=andadera-roll-nitro-10266wt-alu-bla-c-e#primaryimage"},"image":{"@id":"https:\/\/buscoequipomedico.com\/?product=andadera-roll-nitro-10266wt-alu-bla-c-e#primaryimage"},"thumbnailUrl":"https:\/\/buscoequipomedico.com\/wp-content\/uploads\/2020\/02\/andadera-roll-nitro-10266wt-alu-bla-c-e-atractivo-diseno-de-estilo-europeo-cable-de-freno-dentro-del-marco-para-una-mayor-seguri.jpg","datePublished":"2020-02-18T07:31:46+00:00","dateModified":"2020-02-18T07:31:48+00:00","breadcrumb":{"@id":"https:\/\/buscoequipomedico.com\/?product=andadera-roll-nitro-10266wt-alu-bla-c-e#breadcrumb"},"inLanguage":"es","potentialAction":[{"@type":"ReadAction","target":["https:\/\/buscoequipomedico.com\/?product=andadera-roll-nitro-10266wt-alu-bla-c-e"]}]},{"@type":"ImageObject","inLanguage":"es","@id":"https:\/\/buscoequipomedico.com\/?product=andadera-roll-nitro-10266wt-alu-bla-c-e#primaryimage","url":"https:\/\/buscoequipomedico.com\/wp-content\/uploads\/2020\/02\/andadera-roll-nitro-10266wt-alu-bla-c-e-atractivo-diseno-de-estilo-europeo-cable-de-freno-dentro-del-marco-para-una-mayor-seguri.jpg","contentUrl":"https:\/\/buscoequipomedico.com\/wp-content\/uploads\/2020\/02\/andadera-roll-nitro-10266wt-alu-bla-c-e-atractivo-diseno-de-estilo-europeo-cable-de-freno-dentro-del-marco-para-una-mayor-seguri.jpg","width":800,"height":800},{"@type":"BreadcrumbList","@id":"https:\/\/buscoequipomedico.com\/?product=andadera-roll-nitro-10266wt-alu-bla-c-e#breadcrumb","itemListElement":[{"@type":"ListItem","position":1,"name":"Productos","item":"https:\/\/buscoequipomedico.com\/shop\/"},{"@type":"ListItem","position":2,"name":"ANDADERA ROLL NITRO 10266WT ALU BLA C\/E"}]},{"@type":"WebSite","@id":"https:\/\/buscoequipomedico.com\/#website","url":"https:\/\/buscoequipomedico.com\/","name":"Tu mejor opci\u00f3n Equipo M\u00e9dico M\u00e9xico","description":"Tienda de equipo m\u00e9dico","publisher":{"@id":"https:\/\/buscoequipomedico.com\/#organization"},"potentialAction":[{"@type":"SearchAction","target":{"@type":"EntryPoint","urlTemplate":"https:\/\/buscoequipomedico.com\/?s={search_term_string}"},"query-input":{"@type":"PropertyValueSpecification","valueRequired":true,"valueName":"search_term_string"}}],"inLanguage":"es"},{"@type":"Organization","@id":"https:\/\/buscoequipomedico.com\/#organization","name":"Tu mejor opci\u00f3n Equipo M\u00e9dico M\u00e9xico","url":"https:\/\/buscoequipomedico.com\/","logo":{"@type":"ImageObject","inLanguage":"es","@id":"https:\/\/buscoequipomedico.com\/#\/schema\/logo\/image\/","url":"https:\/\/buscoequipomedico.com\/wp-content\/uploads\/2021\/07\/EMM-VPrincipal-scaled.jpg","contentUrl":"https:\/\/buscoequipomedico.com\/wp-content\/uploads\/2021\/07\/EMM-VPrincipal-scaled.jpg","width":2560,"height":1058,"caption":"Tu mejor opci\u00f3n Equipo M\u00e9dico M\u00e9xico"},"image":{"@id":"https:\/\/buscoequipomedico.com\/#\/schema\/logo\/image\/"}}]}},"_links":{"self":[{"href":"https:\/\/buscoequipomedico.com\/index.php?rest_route=\/wp\/v2\/product\/11076","targetHints":{"allow":["GET"]}}],"collection":[{"href":"https:\/\/buscoequipomedico.com\/index.php?rest_route=\/wp\/v2\/product"}],"about":[{"href":"https:\/\/buscoequipomedico.com\/index.php?rest_route=\/wp\/v2\/types\/product"}],"wp:featuredmedia":[{"embeddable":true,"href":"https:\/\/buscoequipomedico.com\/index.php?rest_route=\/wp\/v2\/media\/11077"}],"wp:attachment":[{"href":"https:\/\/buscoequipomedico.com\/index.php?rest_route=%2Fwp%2Fv2%2Fmedia&parent=11076"}],"wp:term":[{"taxonomy":"product_brand","embeddable":true,"href":"https:\/\/buscoequipomedico.com\/index.php?rest_route=%2Fwp%2Fv2%2Fproduct_brand&post=11076"},{"taxonomy":"product_cat","embeddable":true,"href":"https:\/\/buscoequipomedico.com\/index.php?rest_route=%2Fwp%2Fv2%2Fproduct_cat&post=11076"},{"taxonomy":"product_tag","embeddable":true,"href":"https:\/\/buscoequipomedico.com\/index.php?rest_route=%2Fwp%2Fv2%2Fproduct_tag&post=11076"}],"curies":[{"name":"wp","href":"https:\/\/api.w.org\/{rel}","templated":true}]}}