{"id":11138,"date":"2020-02-18T07:31:53","date_gmt":"2020-02-18T07:31:53","guid":{"rendered":"https:\/\/equipomedicomexico-com.preview-domain.com\/product\/autoclave-electronica-semi-automatica-digital-de-12-litros\/"},"modified":"2020-02-18T07:31:58","modified_gmt":"2020-02-18T07:31:58","slug":"autoclave-electronica-semi-automatica-digital-de-12-litros","status":"publish","type":"product","link":"https:\/\/buscoequipomedico.com\/?product=autoclave-electronica-semi-automatica-digital-de-12-litros","title":{"rendered":"AUTOCLAVE ELECTR\u00d2NICA SEMI-AUTOM\u00c0TICA DIGITAL DE 12 LITROS"},"content":{"rendered":"<p>Esterilizaci\u00f3n a vapor<\/p>\n<p>Control de ciclos de esterilizaci\u00f3n por microcontrolador<\/p>\n<p>C\u00e1mara horizontal de acero inoxidable<\/p>\n<p>Tres charolas de acero inoxidable<\/p>\n<p>Cinco programas de esterilizaci\u00f3n<\/p>\n<p>Programa de secado<\/p>\n<p>Rango de temperatura m\u00e1xima 145 grados C<\/p>\n<p>Lectura de todas las variables en pantalla LCD<\/p>\n<p>Programa de Secado<\/p>\n<p>Voltaje de alimentaci\u00f3n 127 Vac\/60Hz (polarizado)<\/p>\n<p>Potencia M\u00e1xima 1000 W<\/p>\n<p>Rango de temperatura m\u00e1xima 145C<\/p>\n<p>3 bandejas<\/p>\n<p>Medidas: 35.5 cm de altura, 33 cm de ancho, 53 cm de fondo<\/p>\n<\/p>\n<p>Las charolas son de diferentes medidas para adaptarse a la forma de la c\u00e1mara.<\/p>\n<p>a. Charola superior 18.5 x 32 cm<\/p>\n<p>b. Charola del medio 20.5 x 32 cm<\/p>\n<p>c. Charola inferior 17 x 32 cm<\/p>\n<\/p>\n<p>Fabricado y dise\u00f1ado con un microcontrolador, dando control absoluto en el sistema de operaci\u00f3n<\/p>\n<p>\u00a0y ciclos de esterilizaci\u00f3n sin ning\u00fan error. Aunado a lo anterior y en conjunto con el led indicador<\/p>\n<p>de trabajo forman parte de un mejor manejo, seguridad y confianza para la esterilizaci\u00f3n de su material.<\/p>\n","protected":false},"excerpt":{"rendered":"<p>GRUPO LORMA pone a su alcance lo \u00faltimo en equipo de<\/p>\n<p>esterilizaci\u00f3n a vapor, el modelo AV07 permite una completa y<\/p>\n<p>f\u00e1cil esterilizaci\u00f3n. Dise\u00f1ado y programado de acuerdo a las<\/p>\n<p>recomendaciones de: UNITED STATES PHARMACOPEIA<\/p>\n<p>(USP), AMERICAN DENTAL ASSOCIATION (ADA) Y NORMA<\/p>\n<p>OFICIAL MEXICANA (NOM)<\/p>\n<p>Pantalla de Cristal L\u00edquido o LCD para<\/p>\n<p>un mayor control en el monitoreo de los<\/p>\n<p>ciclos de esterilizaci\u00f3n<\/p>\n","protected":false},"featured_media":11139,"template":"","meta":{"_joinchat":[]},"product_brand":[],"product_cat":[186],"product_tag":[],"class_list":{"0":"post-11138","1":"product","2":"type-product","3":"status-publish","4":"has-post-thumbnail","6":"product_cat-autoclaves","7":"pa_marca-hrd","9":"first","10":"instock","11":"purchasable","12":"product-type-simple"},"yoast_head":"<!-- This site is optimized with the Yoast SEO plugin v25.1 - https:\/\/yoast.com\/wordpress\/plugins\/seo\/ -->\n<title>AUTOCLAVE ELECTR\u00d2NICA SEMI-AUTOM\u00c0TICA DIGITAL DE 12 LITROS - Tu mejor opci\u00f3n Equipo M\u00e9dico M\u00e9xico<\/title>\n<meta name=\"robots\" content=\"index, follow, max-snippet:-1, max-image-preview:large, max-video-preview:-1\" \/>\n<link rel=\"canonical\" href=\"https:\/\/buscoequipomedico.com\/?product=autoclave-electronica-semi-automatica-digital-de-12-litros\" \/>\n<meta property=\"og:locale\" content=\"es_ES\" \/>\n<meta property=\"og:type\" content=\"article\" \/>\n<meta property=\"og:title\" content=\"AUTOCLAVE ELECTR\u00d2NICA SEMI-AUTOM\u00c0TICA DIGITAL DE 12 LITROS - Tu mejor opci\u00f3n Equipo M\u00e9dico M\u00e9xico\" \/>\n<meta property=\"og:description\" content=\"GRUPO LORMA pone a su alcance lo \u00faltimo en equipo de esterilizaci\u00f3n a vapor, el modelo AV07 permite una completa y f\u00e1cil esterilizaci\u00f3n. Dise\u00f1ado y programado de acuerdo a las recomendaciones de: UNITED STATES PHARMACOPEIA (USP), AMERICAN DENTAL ASSOCIATION (ADA) Y NORMA OFICIAL MEXICANA (NOM) Pantalla de Cristal L\u00edquido o LCD para un mayor control en el monitoreo de los ciclos de esterilizaci\u00f3n\" \/>\n<meta property=\"og:url\" content=\"https:\/\/buscoequipomedico.com\/?product=autoclave-electronica-semi-automatica-digital-de-12-litros\" \/>\n<meta property=\"og:site_name\" content=\"Tu mejor opci\u00f3n Equipo M\u00e9dico M\u00e9xico\" \/>\n<meta property=\"article:modified_time\" content=\"2020-02-18T07:31:58+00:00\" \/>\n<meta property=\"og:image\" content=\"https:\/\/buscoequipomedico.com\/wp-content\/uploads\/2020\/02\/autoclave-electronica-semi-automatica-digital-de-12-litros-grupo-lorma-pone-a-su-alcance-lo-ultimo-en-equipo-de-esterilizacion-a.jpg\" \/>\n\t<meta property=\"og:image:width\" content=\"800\" \/>\n\t<meta property=\"og:image:height\" content=\"800\" \/>\n\t<meta property=\"og:image:type\" content=\"image\/png\" \/>\n<meta name=\"twitter:card\" content=\"summary_large_image\" \/>\n<meta name=\"twitter:label1\" content=\"Tiempo de lectura\" \/>\n\t<meta name=\"twitter:data1\" content=\"1 minuto\" \/>\n<script type=\"application\/ld+json\" class=\"yoast-schema-graph\">{\"@context\":\"https:\/\/schema.org\",\"@graph\":[{\"@type\":\"WebPage\",\"@id\":\"https:\/\/buscoequipomedico.com\/?product=autoclave-electronica-semi-automatica-digital-de-12-litros\",\"url\":\"https:\/\/buscoequipomedico.com\/?product=autoclave-electronica-semi-automatica-digital-de-12-litros\",\"name\":\"AUTOCLAVE ELECTR\u00d2NICA SEMI-AUTOM\u00c0TICA DIGITAL DE 12 LITROS - Tu mejor opci\u00f3n Equipo M\u00e9dico M\u00e9xico\",\"isPartOf\":{\"@id\":\"https:\/\/buscoequipomedico.com\/#website\"},\"primaryImageOfPage\":{\"@id\":\"https:\/\/buscoequipomedico.com\/?product=autoclave-electronica-semi-automatica-digital-de-12-litros#primaryimage\"},\"image\":{\"@id\":\"https:\/\/buscoequipomedico.com\/?product=autoclave-electronica-semi-automatica-digital-de-12-litros#primaryimage\"},\"thumbnailUrl\":\"https:\/\/buscoequipomedico.com\/wp-content\/uploads\/2020\/02\/autoclave-electronica-semi-automatica-digital-de-12-litros-grupo-lorma-pone-a-su-alcance-lo-ultimo-en-equipo-de-esterilizacion-a.jpg\",\"datePublished\":\"2020-02-18T07:31:53+00:00\",\"dateModified\":\"2020-02-18T07:31:58+00:00\",\"breadcrumb\":{\"@id\":\"https:\/\/buscoequipomedico.com\/?product=autoclave-electronica-semi-automatica-digital-de-12-litros#breadcrumb\"},\"inLanguage\":\"es\",\"potentialAction\":[{\"@type\":\"ReadAction\",\"target\":[\"https:\/\/buscoequipomedico.com\/?product=autoclave-electronica-semi-automatica-digital-de-12-litros\"]}]},{\"@type\":\"ImageObject\",\"inLanguage\":\"es\",\"@id\":\"https:\/\/buscoequipomedico.com\/?product=autoclave-electronica-semi-automatica-digital-de-12-litros#primaryimage\",\"url\":\"https:\/\/buscoequipomedico.com\/wp-content\/uploads\/2020\/02\/autoclave-electronica-semi-automatica-digital-de-12-litros-grupo-lorma-pone-a-su-alcance-lo-ultimo-en-equipo-de-esterilizacion-a.jpg\",\"contentUrl\":\"https:\/\/buscoequipomedico.com\/wp-content\/uploads\/2020\/02\/autoclave-electronica-semi-automatica-digital-de-12-litros-grupo-lorma-pone-a-su-alcance-lo-ultimo-en-equipo-de-esterilizacion-a.jpg\",\"width\":800,\"height\":800},{\"@type\":\"BreadcrumbList\",\"@id\":\"https:\/\/buscoequipomedico.com\/?product=autoclave-electronica-semi-automatica-digital-de-12-litros#breadcrumb\",\"itemListElement\":[{\"@type\":\"ListItem\",\"position\":1,\"name\":\"Productos\",\"item\":\"https:\/\/buscoequipomedico.com\/shop\/\"},{\"@type\":\"ListItem\",\"position\":2,\"name\":\"AUTOCLAVE ELECTR\u00d2NICA SEMI-AUTOM\u00c0TICA DIGITAL DE 12 LITROS\"}]},{\"@type\":\"WebSite\",\"@id\":\"https:\/\/buscoequipomedico.com\/#website\",\"url\":\"https:\/\/buscoequipomedico.com\/\",\"name\":\"Tu mejor opci\u00f3n Equipo M\u00e9dico M\u00e9xico\",\"description\":\"Tienda de equipo m\u00e9dico\",\"publisher\":{\"@id\":\"https:\/\/buscoequipomedico.com\/#organization\"},\"potentialAction\":[{\"@type\":\"SearchAction\",\"target\":{\"@type\":\"EntryPoint\",\"urlTemplate\":\"https:\/\/buscoequipomedico.com\/?s={search_term_string}\"},\"query-input\":{\"@type\":\"PropertyValueSpecification\",\"valueRequired\":true,\"valueName\":\"search_term_string\"}}],\"inLanguage\":\"es\"},{\"@type\":\"Organization\",\"@id\":\"https:\/\/buscoequipomedico.com\/#organization\",\"name\":\"Tu mejor opci\u00f3n Equipo M\u00e9dico M\u00e9xico\",\"url\":\"https:\/\/buscoequipomedico.com\/\",\"logo\":{\"@type\":\"ImageObject\",\"inLanguage\":\"es\",\"@id\":\"https:\/\/buscoequipomedico.com\/#\/schema\/logo\/image\/\",\"url\":\"https:\/\/buscoequipomedico.com\/wp-content\/uploads\/2021\/07\/EMM-VPrincipal-scaled.jpg\",\"contentUrl\":\"https:\/\/buscoequipomedico.com\/wp-content\/uploads\/2021\/07\/EMM-VPrincipal-scaled.jpg\",\"width\":2560,\"height\":1058,\"caption\":\"Tu mejor opci\u00f3n Equipo M\u00e9dico M\u00e9xico\"},\"image\":{\"@id\":\"https:\/\/buscoequipomedico.com\/#\/schema\/logo\/image\/\"}}]}<\/script>\n<!-- \/ Yoast SEO plugin. -->","yoast_head_json":{"title":"AUTOCLAVE ELECTR\u00d2NICA SEMI-AUTOM\u00c0TICA DIGITAL DE 12 LITROS - Tu mejor opci\u00f3n Equipo M\u00e9dico M\u00e9xico","robots":{"index":"index","follow":"follow","max-snippet":"max-snippet:-1","max-image-preview":"max-image-preview:large","max-video-preview":"max-video-preview:-1"},"canonical":"https:\/\/buscoequipomedico.com\/?product=autoclave-electronica-semi-automatica-digital-de-12-litros","og_locale":"es_ES","og_type":"article","og_title":"AUTOCLAVE ELECTR\u00d2NICA SEMI-AUTOM\u00c0TICA DIGITAL DE 12 LITROS - Tu mejor opci\u00f3n Equipo M\u00e9dico M\u00e9xico","og_description":"GRUPO LORMA pone a su alcance lo \u00faltimo en equipo de esterilizaci\u00f3n a vapor, el modelo AV07 permite una completa y f\u00e1cil esterilizaci\u00f3n. Dise\u00f1ado y programado de acuerdo a las recomendaciones de: UNITED STATES PHARMACOPEIA (USP), AMERICAN DENTAL ASSOCIATION (ADA) Y NORMA OFICIAL MEXICANA (NOM) Pantalla de Cristal L\u00edquido o LCD para un mayor control en el monitoreo de los ciclos de esterilizaci\u00f3n","og_url":"https:\/\/buscoequipomedico.com\/?product=autoclave-electronica-semi-automatica-digital-de-12-litros","og_site_name":"Tu mejor opci\u00f3n Equipo M\u00e9dico M\u00e9xico","article_modified_time":"2020-02-18T07:31:58+00:00","og_image":[{"width":800,"height":800,"url":"https:\/\/buscoequipomedico.com\/wp-content\/uploads\/2020\/02\/autoclave-electronica-semi-automatica-digital-de-12-litros-grupo-lorma-pone-a-su-alcance-lo-ultimo-en-equipo-de-esterilizacion-a.jpg","type":"image\/png"}],"twitter_card":"summary_large_image","twitter_misc":{"Tiempo de lectura":"1 minuto"},"schema":{"@context":"https:\/\/schema.org","@graph":[{"@type":"WebPage","@id":"https:\/\/buscoequipomedico.com\/?product=autoclave-electronica-semi-automatica-digital-de-12-litros","url":"https:\/\/buscoequipomedico.com\/?product=autoclave-electronica-semi-automatica-digital-de-12-litros","name":"AUTOCLAVE ELECTR\u00d2NICA SEMI-AUTOM\u00c0TICA DIGITAL DE 12 LITROS - Tu mejor opci\u00f3n Equipo M\u00e9dico M\u00e9xico","isPartOf":{"@id":"https:\/\/buscoequipomedico.com\/#website"},"primaryImageOfPage":{"@id":"https:\/\/buscoequipomedico.com\/?product=autoclave-electronica-semi-automatica-digital-de-12-litros#primaryimage"},"image":{"@id":"https:\/\/buscoequipomedico.com\/?product=autoclave-electronica-semi-automatica-digital-de-12-litros#primaryimage"},"thumbnailUrl":"https:\/\/buscoequipomedico.com\/wp-content\/uploads\/2020\/02\/autoclave-electronica-semi-automatica-digital-de-12-litros-grupo-lorma-pone-a-su-alcance-lo-ultimo-en-equipo-de-esterilizacion-a.jpg","datePublished":"2020-02-18T07:31:53+00:00","dateModified":"2020-02-18T07:31:58+00:00","breadcrumb":{"@id":"https:\/\/buscoequipomedico.com\/?product=autoclave-electronica-semi-automatica-digital-de-12-litros#breadcrumb"},"inLanguage":"es","potentialAction":[{"@type":"ReadAction","target":["https:\/\/buscoequipomedico.com\/?product=autoclave-electronica-semi-automatica-digital-de-12-litros"]}]},{"@type":"ImageObject","inLanguage":"es","@id":"https:\/\/buscoequipomedico.com\/?product=autoclave-electronica-semi-automatica-digital-de-12-litros#primaryimage","url":"https:\/\/buscoequipomedico.com\/wp-content\/uploads\/2020\/02\/autoclave-electronica-semi-automatica-digital-de-12-litros-grupo-lorma-pone-a-su-alcance-lo-ultimo-en-equipo-de-esterilizacion-a.jpg","contentUrl":"https:\/\/buscoequipomedico.com\/wp-content\/uploads\/2020\/02\/autoclave-electronica-semi-automatica-digital-de-12-litros-grupo-lorma-pone-a-su-alcance-lo-ultimo-en-equipo-de-esterilizacion-a.jpg","width":800,"height":800},{"@type":"BreadcrumbList","@id":"https:\/\/buscoequipomedico.com\/?product=autoclave-electronica-semi-automatica-digital-de-12-litros#breadcrumb","itemListElement":[{"@type":"ListItem","position":1,"name":"Productos","item":"https:\/\/buscoequipomedico.com\/shop\/"},{"@type":"ListItem","position":2,"name":"AUTOCLAVE ELECTR\u00d2NICA SEMI-AUTOM\u00c0TICA DIGITAL DE 12 LITROS"}]},{"@type":"WebSite","@id":"https:\/\/buscoequipomedico.com\/#website","url":"https:\/\/buscoequipomedico.com\/","name":"Tu mejor opci\u00f3n Equipo M\u00e9dico M\u00e9xico","description":"Tienda de equipo m\u00e9dico","publisher":{"@id":"https:\/\/buscoequipomedico.com\/#organization"},"potentialAction":[{"@type":"SearchAction","target":{"@type":"EntryPoint","urlTemplate":"https:\/\/buscoequipomedico.com\/?s={search_term_string}"},"query-input":{"@type":"PropertyValueSpecification","valueRequired":true,"valueName":"search_term_string"}}],"inLanguage":"es"},{"@type":"Organization","@id":"https:\/\/buscoequipomedico.com\/#organization","name":"Tu mejor opci\u00f3n Equipo M\u00e9dico M\u00e9xico","url":"https:\/\/buscoequipomedico.com\/","logo":{"@type":"ImageObject","inLanguage":"es","@id":"https:\/\/buscoequipomedico.com\/#\/schema\/logo\/image\/","url":"https:\/\/buscoequipomedico.com\/wp-content\/uploads\/2021\/07\/EMM-VPrincipal-scaled.jpg","contentUrl":"https:\/\/buscoequipomedico.com\/wp-content\/uploads\/2021\/07\/EMM-VPrincipal-scaled.jpg","width":2560,"height":1058,"caption":"Tu mejor opci\u00f3n Equipo M\u00e9dico M\u00e9xico"},"image":{"@id":"https:\/\/buscoequipomedico.com\/#\/schema\/logo\/image\/"}}]}},"_links":{"self":[{"href":"https:\/\/buscoequipomedico.com\/index.php?rest_route=\/wp\/v2\/product\/11138","targetHints":{"allow":["GET"]}}],"collection":[{"href":"https:\/\/buscoequipomedico.com\/index.php?rest_route=\/wp\/v2\/product"}],"about":[{"href":"https:\/\/buscoequipomedico.com\/index.php?rest_route=\/wp\/v2\/types\/product"}],"wp:featuredmedia":[{"embeddable":true,"href":"https:\/\/buscoequipomedico.com\/index.php?rest_route=\/wp\/v2\/media\/11139"}],"wp:attachment":[{"href":"https:\/\/buscoequipomedico.com\/index.php?rest_route=%2Fwp%2Fv2%2Fmedia&parent=11138"}],"wp:term":[{"taxonomy":"product_brand","embeddable":true,"href":"https:\/\/buscoequipomedico.com\/index.php?rest_route=%2Fwp%2Fv2%2Fproduct_brand&post=11138"},{"taxonomy":"product_cat","embeddable":true,"href":"https:\/\/buscoequipomedico.com\/index.php?rest_route=%2Fwp%2Fv2%2Fproduct_cat&post=11138"},{"taxonomy":"product_tag","embeddable":true,"href":"https:\/\/buscoequipomedico.com\/index.php?rest_route=%2Fwp%2Fv2%2Fproduct_tag&post=11138"}],"curies":[{"name":"wp","href":"https:\/\/api.w.org\/{rel}","templated":true}]}}