{"id":11231,"date":"2020-02-18T07:32:13","date_gmt":"2020-02-18T07:32:13","guid":{"rendered":"https:\/\/equipomedicomexico-com.preview-domain.com\/product\/bascula-digital-porcionadora-y-dietetica-3kg-div-1g-tara\/"},"modified":"2020-02-18T07:32:14","modified_gmt":"2020-02-18T07:32:14","slug":"bascula-digital-porcionadora-y-dietetica-3kg-div-1g-tara","status":"publish","type":"product","link":"https:\/\/buscoequipomedico.com\/?product=bascula-digital-porcionadora-y-dietetica-3kg-div-1g-tara","title":{"rendered":"BASCULA DIGITAL PORCIONADORA Y DIETETICA 3KG DIV 1G TARA"},"content":{"rendered":"<table>\n<tbody>\n<tr>\n<th>Capacidad:<\/th>\n<td>3 kg, 7 lbs<\/td>\n<\/tr>\n<tr>\n<th>Divisi\u00f3n (g):<\/th>\n<td>1 g \/ 0,05 oz<\/td>\n<\/tr>\n<tr>\n<th>Alimentaci\u00f3n:<\/th>\n<td>Bater\u00eda<\/td>\n<\/tr>\n<tr>\n<th>Dimensiones ( AxAxP):<\/th>\n<td>210 x 140 x 210 mm , 8,3 x 5,5 x 8,3 inch<\/td>\n<\/tr>\n<tr>\n<th>Peso neto:<\/th>\n<td>710 g , 1,6 lbs<\/td>\n<\/tr>\n<tr>\n<th>Funciones:<\/th>\n<td>desconexi\u00f3n autom\u00e1tica, TARA, conmutaci\u00f3n kg\/lbs<\/td>\n<\/tr>\n<tr>\n<th>CE:<\/th>\n<td>CE<\/td>\n<\/tr>\n<\/tbody>\n<\/table>\n","protected":false},"excerpt":{"rendered":"<p>B\u00e1scula electr\u00f3nica porcionadora y diet\u00e9tica, con exacta divisi\u00f3n por gramos.<\/p>\n<\/p>\n<p>El manejo de esta b\u00e1scula con funci\u00f3n TARA es maravillosa- mente f\u00e1cil, puesto que permite volver la tara de la b\u00e1scula al punto cero una y otra vez, independientemente de las cantidades ya acumuladas en la fuente. Adem\u00e1s, la b\u00e1scula y la fuente conforman una combinaci\u00f3n ideal: la fuente se calza con absoluta precisi\u00f3n en la b\u00e1scula, que as\u00ed se aloja perfectamente en ella para ser guardada.<\/p><\/p>\n","protected":false},"featured_media":11232,"template":"","meta":{"_joinchat":[]},"product_brand":[],"product_cat":[189],"product_tag":[],"class_list":{"0":"post-11231","1":"product","2":"type-product","3":"status-publish","4":"has-post-thumbnail","6":"product_cat-basculas","7":"pa_marca-seca","9":"first","10":"instock","11":"purchasable","12":"product-type-simple"},"yoast_head":"<!-- This site is optimized with the Yoast SEO plugin v25.1 - https:\/\/yoast.com\/wordpress\/plugins\/seo\/ -->\n<title>BASCULA DIGITAL PORCIONADORA Y DIETETICA 3KG DIV 1G TARA - Tu mejor opci\u00f3n Equipo M\u00e9dico M\u00e9xico<\/title>\n<meta name=\"robots\" content=\"index, follow, max-snippet:-1, max-image-preview:large, max-video-preview:-1\" \/>\n<link rel=\"canonical\" href=\"https:\/\/buscoequipomedico.com\/?product=bascula-digital-porcionadora-y-dietetica-3kg-div-1g-tara\" \/>\n<meta property=\"og:locale\" content=\"es_ES\" \/>\n<meta property=\"og:type\" content=\"article\" \/>\n<meta property=\"og:title\" content=\"BASCULA DIGITAL PORCIONADORA Y DIETETICA 3KG DIV 1G TARA - Tu mejor opci\u00f3n Equipo M\u00e9dico M\u00e9xico\" \/>\n<meta property=\"og:description\" content=\"B\u00e1scula electr\u00f3nica porcionadora y diet\u00e9tica, con exacta divisi\u00f3n por gramos. El manejo de esta b\u00e1scula con funci\u00f3n TARA es maravillosa- mente f\u00e1cil, puesto que permite volver la tara de la b\u00e1scula al punto cero una y otra vez, independientemente de las cantidades ya acumuladas en la fuente. Adem\u00e1s, la b\u00e1scula y la fuente conforman una combinaci\u00f3n ideal: la fuente se calza con absoluta precisi\u00f3n en la b\u00e1scula, que as\u00ed se aloja perfectamente en ella para ser guardada.\" \/>\n<meta property=\"og:url\" content=\"https:\/\/buscoequipomedico.com\/?product=bascula-digital-porcionadora-y-dietetica-3kg-div-1g-tara\" \/>\n<meta property=\"og:site_name\" content=\"Tu mejor opci\u00f3n Equipo M\u00e9dico M\u00e9xico\" \/>\n<meta property=\"article:modified_time\" content=\"2020-02-18T07:32:14+00:00\" \/>\n<meta property=\"og:image\" content=\"https:\/\/buscoequipomedico.com\/wp-content\/uploads\/2020\/02\/bascula-digital-porcionadora-y-dietetica-3kg-div-1g-tara-bascula-electronica-porcionadora-y-dietetica-con-exacta-division-por-gr.jpg\" \/>\n\t<meta property=\"og:image:width\" content=\"800\" \/>\n\t<meta property=\"og:image:height\" content=\"800\" \/>\n\t<meta property=\"og:image:type\" content=\"image\/png\" \/>\n<meta name=\"twitter:card\" content=\"summary_large_image\" \/>\n<script type=\"application\/ld+json\" class=\"yoast-schema-graph\">{\"@context\":\"https:\/\/schema.org\",\"@graph\":[{\"@type\":\"WebPage\",\"@id\":\"https:\/\/buscoequipomedico.com\/?product=bascula-digital-porcionadora-y-dietetica-3kg-div-1g-tara\",\"url\":\"https:\/\/buscoequipomedico.com\/?product=bascula-digital-porcionadora-y-dietetica-3kg-div-1g-tara\",\"name\":\"BASCULA DIGITAL PORCIONADORA Y DIETETICA 3KG DIV 1G TARA - Tu mejor opci\u00f3n Equipo M\u00e9dico M\u00e9xico\",\"isPartOf\":{\"@id\":\"https:\/\/buscoequipomedico.com\/#website\"},\"primaryImageOfPage\":{\"@id\":\"https:\/\/buscoequipomedico.com\/?product=bascula-digital-porcionadora-y-dietetica-3kg-div-1g-tara#primaryimage\"},\"image\":{\"@id\":\"https:\/\/buscoequipomedico.com\/?product=bascula-digital-porcionadora-y-dietetica-3kg-div-1g-tara#primaryimage\"},\"thumbnailUrl\":\"https:\/\/buscoequipomedico.com\/wp-content\/uploads\/2020\/02\/bascula-digital-porcionadora-y-dietetica-3kg-div-1g-tara-bascula-electronica-porcionadora-y-dietetica-con-exacta-division-por-gr.jpg\",\"datePublished\":\"2020-02-18T07:32:13+00:00\",\"dateModified\":\"2020-02-18T07:32:14+00:00\",\"breadcrumb\":{\"@id\":\"https:\/\/buscoequipomedico.com\/?product=bascula-digital-porcionadora-y-dietetica-3kg-div-1g-tara#breadcrumb\"},\"inLanguage\":\"es\",\"potentialAction\":[{\"@type\":\"ReadAction\",\"target\":[\"https:\/\/buscoequipomedico.com\/?product=bascula-digital-porcionadora-y-dietetica-3kg-div-1g-tara\"]}]},{\"@type\":\"ImageObject\",\"inLanguage\":\"es\",\"@id\":\"https:\/\/buscoequipomedico.com\/?product=bascula-digital-porcionadora-y-dietetica-3kg-div-1g-tara#primaryimage\",\"url\":\"https:\/\/buscoequipomedico.com\/wp-content\/uploads\/2020\/02\/bascula-digital-porcionadora-y-dietetica-3kg-div-1g-tara-bascula-electronica-porcionadora-y-dietetica-con-exacta-division-por-gr.jpg\",\"contentUrl\":\"https:\/\/buscoequipomedico.com\/wp-content\/uploads\/2020\/02\/bascula-digital-porcionadora-y-dietetica-3kg-div-1g-tara-bascula-electronica-porcionadora-y-dietetica-con-exacta-division-por-gr.jpg\",\"width\":800,\"height\":800},{\"@type\":\"BreadcrumbList\",\"@id\":\"https:\/\/buscoequipomedico.com\/?product=bascula-digital-porcionadora-y-dietetica-3kg-div-1g-tara#breadcrumb\",\"itemListElement\":[{\"@type\":\"ListItem\",\"position\":1,\"name\":\"Productos\",\"item\":\"https:\/\/buscoequipomedico.com\/shop\/\"},{\"@type\":\"ListItem\",\"position\":2,\"name\":\"BASCULA DIGITAL PORCIONADORA Y DIETETICA 3KG DIV 1G TARA\"}]},{\"@type\":\"WebSite\",\"@id\":\"https:\/\/buscoequipomedico.com\/#website\",\"url\":\"https:\/\/buscoequipomedico.com\/\",\"name\":\"Tu mejor opci\u00f3n Equipo M\u00e9dico M\u00e9xico\",\"description\":\"Tienda de equipo m\u00e9dico\",\"publisher\":{\"@id\":\"https:\/\/buscoequipomedico.com\/#organization\"},\"potentialAction\":[{\"@type\":\"SearchAction\",\"target\":{\"@type\":\"EntryPoint\",\"urlTemplate\":\"https:\/\/buscoequipomedico.com\/?s={search_term_string}\"},\"query-input\":{\"@type\":\"PropertyValueSpecification\",\"valueRequired\":true,\"valueName\":\"search_term_string\"}}],\"inLanguage\":\"es\"},{\"@type\":\"Organization\",\"@id\":\"https:\/\/buscoequipomedico.com\/#organization\",\"name\":\"Tu mejor opci\u00f3n Equipo M\u00e9dico M\u00e9xico\",\"url\":\"https:\/\/buscoequipomedico.com\/\",\"logo\":{\"@type\":\"ImageObject\",\"inLanguage\":\"es\",\"@id\":\"https:\/\/buscoequipomedico.com\/#\/schema\/logo\/image\/\",\"url\":\"https:\/\/buscoequipomedico.com\/wp-content\/uploads\/2021\/07\/EMM-VPrincipal-scaled.jpg\",\"contentUrl\":\"https:\/\/buscoequipomedico.com\/wp-content\/uploads\/2021\/07\/EMM-VPrincipal-scaled.jpg\",\"width\":2560,\"height\":1058,\"caption\":\"Tu mejor opci\u00f3n Equipo M\u00e9dico M\u00e9xico\"},\"image\":{\"@id\":\"https:\/\/buscoequipomedico.com\/#\/schema\/logo\/image\/\"}}]}<\/script>\n<!-- \/ Yoast SEO plugin. -->","yoast_head_json":{"title":"BASCULA DIGITAL PORCIONADORA Y DIETETICA 3KG DIV 1G TARA - Tu mejor opci\u00f3n Equipo M\u00e9dico M\u00e9xico","robots":{"index":"index","follow":"follow","max-snippet":"max-snippet:-1","max-image-preview":"max-image-preview:large","max-video-preview":"max-video-preview:-1"},"canonical":"https:\/\/buscoequipomedico.com\/?product=bascula-digital-porcionadora-y-dietetica-3kg-div-1g-tara","og_locale":"es_ES","og_type":"article","og_title":"BASCULA DIGITAL PORCIONADORA Y DIETETICA 3KG DIV 1G TARA - Tu mejor opci\u00f3n Equipo M\u00e9dico M\u00e9xico","og_description":"B\u00e1scula electr\u00f3nica porcionadora y diet\u00e9tica, con exacta divisi\u00f3n por gramos. El manejo de esta b\u00e1scula con funci\u00f3n TARA es maravillosa- mente f\u00e1cil, puesto que permite volver la tara de la b\u00e1scula al punto cero una y otra vez, independientemente de las cantidades ya acumuladas en la fuente. Adem\u00e1s, la b\u00e1scula y la fuente conforman una combinaci\u00f3n ideal: la fuente se calza con absoluta precisi\u00f3n en la b\u00e1scula, que as\u00ed se aloja perfectamente en ella para ser guardada.","og_url":"https:\/\/buscoequipomedico.com\/?product=bascula-digital-porcionadora-y-dietetica-3kg-div-1g-tara","og_site_name":"Tu mejor opci\u00f3n Equipo M\u00e9dico M\u00e9xico","article_modified_time":"2020-02-18T07:32:14+00:00","og_image":[{"width":800,"height":800,"url":"https:\/\/buscoequipomedico.com\/wp-content\/uploads\/2020\/02\/bascula-digital-porcionadora-y-dietetica-3kg-div-1g-tara-bascula-electronica-porcionadora-y-dietetica-con-exacta-division-por-gr.jpg","type":"image\/png"}],"twitter_card":"summary_large_image","schema":{"@context":"https:\/\/schema.org","@graph":[{"@type":"WebPage","@id":"https:\/\/buscoequipomedico.com\/?product=bascula-digital-porcionadora-y-dietetica-3kg-div-1g-tara","url":"https:\/\/buscoequipomedico.com\/?product=bascula-digital-porcionadora-y-dietetica-3kg-div-1g-tara","name":"BASCULA DIGITAL PORCIONADORA Y DIETETICA 3KG DIV 1G TARA - Tu mejor opci\u00f3n Equipo M\u00e9dico M\u00e9xico","isPartOf":{"@id":"https:\/\/buscoequipomedico.com\/#website"},"primaryImageOfPage":{"@id":"https:\/\/buscoequipomedico.com\/?product=bascula-digital-porcionadora-y-dietetica-3kg-div-1g-tara#primaryimage"},"image":{"@id":"https:\/\/buscoequipomedico.com\/?product=bascula-digital-porcionadora-y-dietetica-3kg-div-1g-tara#primaryimage"},"thumbnailUrl":"https:\/\/buscoequipomedico.com\/wp-content\/uploads\/2020\/02\/bascula-digital-porcionadora-y-dietetica-3kg-div-1g-tara-bascula-electronica-porcionadora-y-dietetica-con-exacta-division-por-gr.jpg","datePublished":"2020-02-18T07:32:13+00:00","dateModified":"2020-02-18T07:32:14+00:00","breadcrumb":{"@id":"https:\/\/buscoequipomedico.com\/?product=bascula-digital-porcionadora-y-dietetica-3kg-div-1g-tara#breadcrumb"},"inLanguage":"es","potentialAction":[{"@type":"ReadAction","target":["https:\/\/buscoequipomedico.com\/?product=bascula-digital-porcionadora-y-dietetica-3kg-div-1g-tara"]}]},{"@type":"ImageObject","inLanguage":"es","@id":"https:\/\/buscoequipomedico.com\/?product=bascula-digital-porcionadora-y-dietetica-3kg-div-1g-tara#primaryimage","url":"https:\/\/buscoequipomedico.com\/wp-content\/uploads\/2020\/02\/bascula-digital-porcionadora-y-dietetica-3kg-div-1g-tara-bascula-electronica-porcionadora-y-dietetica-con-exacta-division-por-gr.jpg","contentUrl":"https:\/\/buscoequipomedico.com\/wp-content\/uploads\/2020\/02\/bascula-digital-porcionadora-y-dietetica-3kg-div-1g-tara-bascula-electronica-porcionadora-y-dietetica-con-exacta-division-por-gr.jpg","width":800,"height":800},{"@type":"BreadcrumbList","@id":"https:\/\/buscoequipomedico.com\/?product=bascula-digital-porcionadora-y-dietetica-3kg-div-1g-tara#breadcrumb","itemListElement":[{"@type":"ListItem","position":1,"name":"Productos","item":"https:\/\/buscoequipomedico.com\/shop\/"},{"@type":"ListItem","position":2,"name":"BASCULA DIGITAL PORCIONADORA Y DIETETICA 3KG DIV 1G TARA"}]},{"@type":"WebSite","@id":"https:\/\/buscoequipomedico.com\/#website","url":"https:\/\/buscoequipomedico.com\/","name":"Tu mejor opci\u00f3n Equipo M\u00e9dico M\u00e9xico","description":"Tienda de equipo m\u00e9dico","publisher":{"@id":"https:\/\/buscoequipomedico.com\/#organization"},"potentialAction":[{"@type":"SearchAction","target":{"@type":"EntryPoint","urlTemplate":"https:\/\/buscoequipomedico.com\/?s={search_term_string}"},"query-input":{"@type":"PropertyValueSpecification","valueRequired":true,"valueName":"search_term_string"}}],"inLanguage":"es"},{"@type":"Organization","@id":"https:\/\/buscoequipomedico.com\/#organization","name":"Tu mejor opci\u00f3n Equipo M\u00e9dico M\u00e9xico","url":"https:\/\/buscoequipomedico.com\/","logo":{"@type":"ImageObject","inLanguage":"es","@id":"https:\/\/buscoequipomedico.com\/#\/schema\/logo\/image\/","url":"https:\/\/buscoequipomedico.com\/wp-content\/uploads\/2021\/07\/EMM-VPrincipal-scaled.jpg","contentUrl":"https:\/\/buscoequipomedico.com\/wp-content\/uploads\/2021\/07\/EMM-VPrincipal-scaled.jpg","width":2560,"height":1058,"caption":"Tu mejor opci\u00f3n Equipo M\u00e9dico M\u00e9xico"},"image":{"@id":"https:\/\/buscoequipomedico.com\/#\/schema\/logo\/image\/"}}]}},"_links":{"self":[{"href":"https:\/\/buscoequipomedico.com\/index.php?rest_route=\/wp\/v2\/product\/11231","targetHints":{"allow":["GET"]}}],"collection":[{"href":"https:\/\/buscoequipomedico.com\/index.php?rest_route=\/wp\/v2\/product"}],"about":[{"href":"https:\/\/buscoequipomedico.com\/index.php?rest_route=\/wp\/v2\/types\/product"}],"wp:featuredmedia":[{"embeddable":true,"href":"https:\/\/buscoequipomedico.com\/index.php?rest_route=\/wp\/v2\/media\/11232"}],"wp:attachment":[{"href":"https:\/\/buscoequipomedico.com\/index.php?rest_route=%2Fwp%2Fv2%2Fmedia&parent=11231"}],"wp:term":[{"taxonomy":"product_brand","embeddable":true,"href":"https:\/\/buscoequipomedico.com\/index.php?rest_route=%2Fwp%2Fv2%2Fproduct_brand&post=11231"},{"taxonomy":"product_cat","embeddable":true,"href":"https:\/\/buscoequipomedico.com\/index.php?rest_route=%2Fwp%2Fv2%2Fproduct_cat&post=11231"},{"taxonomy":"product_tag","embeddable":true,"href":"https:\/\/buscoequipomedico.com\/index.php?rest_route=%2Fwp%2Fv2%2Fproduct_tag&post=11231"}],"curies":[{"name":"wp","href":"https:\/\/api.w.org\/{rel}","templated":true}]}}