{"id":11281,"date":"2020-02-18T07:32:19","date_gmt":"2020-02-18T07:32:19","guid":{"rendered":"https:\/\/equipomedicomexico-com.preview-domain.com\/product\/bascula-portatil-de-piso-cap-300kg-electronica\/"},"modified":"2020-02-18T07:32:22","modified_gmt":"2020-02-18T07:32:22","slug":"bascula-portatil-de-piso-cap-300kg-electronica","status":"publish","type":"product","link":"https:\/\/buscoequipomedico.com\/?product=bascula-portatil-de-piso-cap-300kg-electronica","title":{"rendered":"B\u00c1SCULA PORT\u00c1TIL DE PISO CAP 300KG ELECTR\u00d3NICA"},"content":{"rendered":"<ul>\n<li>Funci\u00f3n de HOLD y TARA.<\/li>\n<li>Control y despliegue digital del peso en pantalla LCD.<\/li>\n<li>Lectura en kilogramos o libras.<\/li>\n<li>Funci\u00f3n de Auto-hold.<\/li>\n<li>Conmutaci\u00f3n Kg\/Lbs.<\/li>\n<li>Pantalla LCD de 5 digitos electro luminiscente.<\/li>\n<li>Ajuste autom\u00e1tico a cero.<\/li>\n<li>Tara m\u00ednima.<\/li>\n<li>Funci\u00f3n BMI (Indice de masa corporal).<\/li>\n<li>Indicador de bater\u00eda baja.<\/li>\n<li>Des conexi\u00f3n autom\u00e1tica.<\/li>\n<li>Sistema de pesado uniforme gracias al diseno innovador.<\/li>\n<li>Divisi\u00f3n de 100 grs.<\/li>\n<li>Asa para transporte.<\/li>\n<li>Mochila para transporte<\/li>\n<\/ul>\n","protected":false},"excerpt":{"rendered":"<p><span><span>Bascula port\u00e1til de piso electr\u00f3nica con capacidad de 300 kg<\/span><\/span><\/p>\n<p>Equipo port\u00e1til digital para determinar el peso corporal del paciente adulto\/pedi\u00e1trico<\/p>\n","protected":false},"featured_media":11282,"template":"","meta":{"_joinchat":[]},"product_brand":[],"product_cat":[189],"product_tag":[],"class_list":{"0":"post-11281","1":"product","2":"type-product","3":"status-publish","4":"has-post-thumbnail","6":"product_cat-basculas","7":"pa_marca-bame","9":"first","10":"instock","11":"purchasable","12":"product-type-simple"},"yoast_head":"<!-- This site is optimized with the Yoast SEO plugin v25.1 - https:\/\/yoast.com\/wordpress\/plugins\/seo\/ -->\n<title>B\u00c1SCULA PORT\u00c1TIL DE PISO CAP 300KG ELECTR\u00d3NICA - Tu mejor opci\u00f3n Equipo M\u00e9dico M\u00e9xico<\/title>\n<meta name=\"robots\" content=\"index, follow, max-snippet:-1, max-image-preview:large, max-video-preview:-1\" \/>\n<link rel=\"canonical\" href=\"https:\/\/buscoequipomedico.com\/?product=bascula-portatil-de-piso-cap-300kg-electronica\" \/>\n<meta property=\"og:locale\" content=\"es_ES\" \/>\n<meta property=\"og:type\" content=\"article\" \/>\n<meta property=\"og:title\" content=\"B\u00c1SCULA PORT\u00c1TIL DE PISO CAP 300KG ELECTR\u00d3NICA - Tu mejor opci\u00f3n Equipo M\u00e9dico M\u00e9xico\" \/>\n<meta property=\"og:description\" content=\"Bascula port\u00e1til de piso electr\u00f3nica con capacidad de 300 kg Equipo port\u00e1til digital para determinar el peso corporal del paciente adulto\/pedi\u00e1trico\" \/>\n<meta property=\"og:url\" content=\"https:\/\/buscoequipomedico.com\/?product=bascula-portatil-de-piso-cap-300kg-electronica\" \/>\n<meta property=\"og:site_name\" content=\"Tu mejor opci\u00f3n Equipo M\u00e9dico M\u00e9xico\" \/>\n<meta property=\"article:modified_time\" content=\"2020-02-18T07:32:22+00:00\" \/>\n<meta property=\"og:image\" content=\"https:\/\/buscoequipomedico.com\/wp-content\/uploads\/2020\/02\/bascula-portatil-de-piso-cap-300kg-electronica-bascula-portatil-de-piso-electronica-con-capacidad-de-300-kg-equipo-portatil-digi.jpg\" \/>\n\t<meta property=\"og:image:width\" content=\"800\" \/>\n\t<meta property=\"og:image:height\" content=\"800\" \/>\n\t<meta property=\"og:image:type\" content=\"image\/png\" \/>\n<meta name=\"twitter:card\" content=\"summary_large_image\" \/>\n<script type=\"application\/ld+json\" class=\"yoast-schema-graph\">{\"@context\":\"https:\/\/schema.org\",\"@graph\":[{\"@type\":\"WebPage\",\"@id\":\"https:\/\/buscoequipomedico.com\/?product=bascula-portatil-de-piso-cap-300kg-electronica\",\"url\":\"https:\/\/buscoequipomedico.com\/?product=bascula-portatil-de-piso-cap-300kg-electronica\",\"name\":\"B\u00c1SCULA PORT\u00c1TIL DE PISO CAP 300KG ELECTR\u00d3NICA - Tu mejor opci\u00f3n Equipo M\u00e9dico M\u00e9xico\",\"isPartOf\":{\"@id\":\"https:\/\/buscoequipomedico.com\/#website\"},\"primaryImageOfPage\":{\"@id\":\"https:\/\/buscoequipomedico.com\/?product=bascula-portatil-de-piso-cap-300kg-electronica#primaryimage\"},\"image\":{\"@id\":\"https:\/\/buscoequipomedico.com\/?product=bascula-portatil-de-piso-cap-300kg-electronica#primaryimage\"},\"thumbnailUrl\":\"https:\/\/buscoequipomedico.com\/wp-content\/uploads\/2020\/02\/bascula-portatil-de-piso-cap-300kg-electronica-bascula-portatil-de-piso-electronica-con-capacidad-de-300-kg-equipo-portatil-digi.jpg\",\"datePublished\":\"2020-02-18T07:32:19+00:00\",\"dateModified\":\"2020-02-18T07:32:22+00:00\",\"breadcrumb\":{\"@id\":\"https:\/\/buscoequipomedico.com\/?product=bascula-portatil-de-piso-cap-300kg-electronica#breadcrumb\"},\"inLanguage\":\"es\",\"potentialAction\":[{\"@type\":\"ReadAction\",\"target\":[\"https:\/\/buscoequipomedico.com\/?product=bascula-portatil-de-piso-cap-300kg-electronica\"]}]},{\"@type\":\"ImageObject\",\"inLanguage\":\"es\",\"@id\":\"https:\/\/buscoequipomedico.com\/?product=bascula-portatil-de-piso-cap-300kg-electronica#primaryimage\",\"url\":\"https:\/\/buscoequipomedico.com\/wp-content\/uploads\/2020\/02\/bascula-portatil-de-piso-cap-300kg-electronica-bascula-portatil-de-piso-electronica-con-capacidad-de-300-kg-equipo-portatil-digi.jpg\",\"contentUrl\":\"https:\/\/buscoequipomedico.com\/wp-content\/uploads\/2020\/02\/bascula-portatil-de-piso-cap-300kg-electronica-bascula-portatil-de-piso-electronica-con-capacidad-de-300-kg-equipo-portatil-digi.jpg\",\"width\":800,\"height\":800},{\"@type\":\"BreadcrumbList\",\"@id\":\"https:\/\/buscoequipomedico.com\/?product=bascula-portatil-de-piso-cap-300kg-electronica#breadcrumb\",\"itemListElement\":[{\"@type\":\"ListItem\",\"position\":1,\"name\":\"Productos\",\"item\":\"https:\/\/buscoequipomedico.com\/shop\/\"},{\"@type\":\"ListItem\",\"position\":2,\"name\":\"B\u00c1SCULA PORT\u00c1TIL DE PISO CAP 300KG ELECTR\u00d3NICA\"}]},{\"@type\":\"WebSite\",\"@id\":\"https:\/\/buscoequipomedico.com\/#website\",\"url\":\"https:\/\/buscoequipomedico.com\/\",\"name\":\"Tu mejor opci\u00f3n Equipo M\u00e9dico M\u00e9xico\",\"description\":\"Tienda de equipo m\u00e9dico\",\"publisher\":{\"@id\":\"https:\/\/buscoequipomedico.com\/#organization\"},\"potentialAction\":[{\"@type\":\"SearchAction\",\"target\":{\"@type\":\"EntryPoint\",\"urlTemplate\":\"https:\/\/buscoequipomedico.com\/?s={search_term_string}\"},\"query-input\":{\"@type\":\"PropertyValueSpecification\",\"valueRequired\":true,\"valueName\":\"search_term_string\"}}],\"inLanguage\":\"es\"},{\"@type\":\"Organization\",\"@id\":\"https:\/\/buscoequipomedico.com\/#organization\",\"name\":\"Tu mejor opci\u00f3n Equipo M\u00e9dico M\u00e9xico\",\"url\":\"https:\/\/buscoequipomedico.com\/\",\"logo\":{\"@type\":\"ImageObject\",\"inLanguage\":\"es\",\"@id\":\"https:\/\/buscoequipomedico.com\/#\/schema\/logo\/image\/\",\"url\":\"https:\/\/buscoequipomedico.com\/wp-content\/uploads\/2021\/07\/EMM-VPrincipal-scaled.jpg\",\"contentUrl\":\"https:\/\/buscoequipomedico.com\/wp-content\/uploads\/2021\/07\/EMM-VPrincipal-scaled.jpg\",\"width\":2560,\"height\":1058,\"caption\":\"Tu mejor opci\u00f3n Equipo M\u00e9dico M\u00e9xico\"},\"image\":{\"@id\":\"https:\/\/buscoequipomedico.com\/#\/schema\/logo\/image\/\"}}]}<\/script>\n<!-- \/ Yoast SEO plugin. -->","yoast_head_json":{"title":"B\u00c1SCULA PORT\u00c1TIL DE PISO CAP 300KG ELECTR\u00d3NICA - Tu mejor opci\u00f3n Equipo M\u00e9dico M\u00e9xico","robots":{"index":"index","follow":"follow","max-snippet":"max-snippet:-1","max-image-preview":"max-image-preview:large","max-video-preview":"max-video-preview:-1"},"canonical":"https:\/\/buscoequipomedico.com\/?product=bascula-portatil-de-piso-cap-300kg-electronica","og_locale":"es_ES","og_type":"article","og_title":"B\u00c1SCULA PORT\u00c1TIL DE PISO CAP 300KG ELECTR\u00d3NICA - Tu mejor opci\u00f3n Equipo M\u00e9dico M\u00e9xico","og_description":"Bascula port\u00e1til de piso electr\u00f3nica con capacidad de 300 kg Equipo port\u00e1til digital para determinar el peso corporal del paciente adulto\/pedi\u00e1trico","og_url":"https:\/\/buscoequipomedico.com\/?product=bascula-portatil-de-piso-cap-300kg-electronica","og_site_name":"Tu mejor opci\u00f3n Equipo M\u00e9dico M\u00e9xico","article_modified_time":"2020-02-18T07:32:22+00:00","og_image":[{"width":800,"height":800,"url":"https:\/\/buscoequipomedico.com\/wp-content\/uploads\/2020\/02\/bascula-portatil-de-piso-cap-300kg-electronica-bascula-portatil-de-piso-electronica-con-capacidad-de-300-kg-equipo-portatil-digi.jpg","type":"image\/png"}],"twitter_card":"summary_large_image","schema":{"@context":"https:\/\/schema.org","@graph":[{"@type":"WebPage","@id":"https:\/\/buscoequipomedico.com\/?product=bascula-portatil-de-piso-cap-300kg-electronica","url":"https:\/\/buscoequipomedico.com\/?product=bascula-portatil-de-piso-cap-300kg-electronica","name":"B\u00c1SCULA PORT\u00c1TIL DE PISO CAP 300KG ELECTR\u00d3NICA - Tu mejor opci\u00f3n Equipo M\u00e9dico M\u00e9xico","isPartOf":{"@id":"https:\/\/buscoequipomedico.com\/#website"},"primaryImageOfPage":{"@id":"https:\/\/buscoequipomedico.com\/?product=bascula-portatil-de-piso-cap-300kg-electronica#primaryimage"},"image":{"@id":"https:\/\/buscoequipomedico.com\/?product=bascula-portatil-de-piso-cap-300kg-electronica#primaryimage"},"thumbnailUrl":"https:\/\/buscoequipomedico.com\/wp-content\/uploads\/2020\/02\/bascula-portatil-de-piso-cap-300kg-electronica-bascula-portatil-de-piso-electronica-con-capacidad-de-300-kg-equipo-portatil-digi.jpg","datePublished":"2020-02-18T07:32:19+00:00","dateModified":"2020-02-18T07:32:22+00:00","breadcrumb":{"@id":"https:\/\/buscoequipomedico.com\/?product=bascula-portatil-de-piso-cap-300kg-electronica#breadcrumb"},"inLanguage":"es","potentialAction":[{"@type":"ReadAction","target":["https:\/\/buscoequipomedico.com\/?product=bascula-portatil-de-piso-cap-300kg-electronica"]}]},{"@type":"ImageObject","inLanguage":"es","@id":"https:\/\/buscoequipomedico.com\/?product=bascula-portatil-de-piso-cap-300kg-electronica#primaryimage","url":"https:\/\/buscoequipomedico.com\/wp-content\/uploads\/2020\/02\/bascula-portatil-de-piso-cap-300kg-electronica-bascula-portatil-de-piso-electronica-con-capacidad-de-300-kg-equipo-portatil-digi.jpg","contentUrl":"https:\/\/buscoequipomedico.com\/wp-content\/uploads\/2020\/02\/bascula-portatil-de-piso-cap-300kg-electronica-bascula-portatil-de-piso-electronica-con-capacidad-de-300-kg-equipo-portatil-digi.jpg","width":800,"height":800},{"@type":"BreadcrumbList","@id":"https:\/\/buscoequipomedico.com\/?product=bascula-portatil-de-piso-cap-300kg-electronica#breadcrumb","itemListElement":[{"@type":"ListItem","position":1,"name":"Productos","item":"https:\/\/buscoequipomedico.com\/shop\/"},{"@type":"ListItem","position":2,"name":"B\u00c1SCULA PORT\u00c1TIL DE PISO CAP 300KG ELECTR\u00d3NICA"}]},{"@type":"WebSite","@id":"https:\/\/buscoequipomedico.com\/#website","url":"https:\/\/buscoequipomedico.com\/","name":"Tu mejor opci\u00f3n Equipo M\u00e9dico M\u00e9xico","description":"Tienda de equipo m\u00e9dico","publisher":{"@id":"https:\/\/buscoequipomedico.com\/#organization"},"potentialAction":[{"@type":"SearchAction","target":{"@type":"EntryPoint","urlTemplate":"https:\/\/buscoequipomedico.com\/?s={search_term_string}"},"query-input":{"@type":"PropertyValueSpecification","valueRequired":true,"valueName":"search_term_string"}}],"inLanguage":"es"},{"@type":"Organization","@id":"https:\/\/buscoequipomedico.com\/#organization","name":"Tu mejor opci\u00f3n Equipo M\u00e9dico M\u00e9xico","url":"https:\/\/buscoequipomedico.com\/","logo":{"@type":"ImageObject","inLanguage":"es","@id":"https:\/\/buscoequipomedico.com\/#\/schema\/logo\/image\/","url":"https:\/\/buscoequipomedico.com\/wp-content\/uploads\/2021\/07\/EMM-VPrincipal-scaled.jpg","contentUrl":"https:\/\/buscoequipomedico.com\/wp-content\/uploads\/2021\/07\/EMM-VPrincipal-scaled.jpg","width":2560,"height":1058,"caption":"Tu mejor opci\u00f3n Equipo M\u00e9dico M\u00e9xico"},"image":{"@id":"https:\/\/buscoequipomedico.com\/#\/schema\/logo\/image\/"}}]}},"_links":{"self":[{"href":"https:\/\/buscoequipomedico.com\/index.php?rest_route=\/wp\/v2\/product\/11281","targetHints":{"allow":["GET"]}}],"collection":[{"href":"https:\/\/buscoequipomedico.com\/index.php?rest_route=\/wp\/v2\/product"}],"about":[{"href":"https:\/\/buscoequipomedico.com\/index.php?rest_route=\/wp\/v2\/types\/product"}],"wp:featuredmedia":[{"embeddable":true,"href":"https:\/\/buscoequipomedico.com\/index.php?rest_route=\/wp\/v2\/media\/11282"}],"wp:attachment":[{"href":"https:\/\/buscoequipomedico.com\/index.php?rest_route=%2Fwp%2Fv2%2Fmedia&parent=11281"}],"wp:term":[{"taxonomy":"product_brand","embeddable":true,"href":"https:\/\/buscoequipomedico.com\/index.php?rest_route=%2Fwp%2Fv2%2Fproduct_brand&post=11281"},{"taxonomy":"product_cat","embeddable":true,"href":"https:\/\/buscoequipomedico.com\/index.php?rest_route=%2Fwp%2Fv2%2Fproduct_cat&post=11281"},{"taxonomy":"product_tag","embeddable":true,"href":"https:\/\/buscoequipomedico.com\/index.php?rest_route=%2Fwp%2Fv2%2Fproduct_tag&post=11281"}],"curies":[{"name":"wp","href":"https:\/\/api.w.org\/{rel}","templated":true}]}}