{"id":11307,"date":"2020-02-18T07:32:26","date_gmt":"2020-02-18T07:32:26","guid":{"rendered":"https:\/\/equipomedicomexico-com.preview-domain.com\/product\/esfigmo-aneroide-durashock-clasico-integrado-platino\/"},"modified":"2020-02-18T07:32:27","modified_gmt":"2020-02-18T07:32:27","slug":"esfigmo-aneroide-durashock-clasico-integrado-platino","status":"publish","type":"product","link":"https:\/\/buscoequipomedico.com\/?product=esfigmo-aneroide-durashock-clasico-integrado-platino","title":{"rendered":"ESFIGMO ANEROIDE DURASHOCK CLASICO INTEGRADO PLATINO"},"content":{"rendered":"<ul>\n<li>Resistente a golpes: puede resistir una ca\u00edda de hasta 152 cm (dos veces el est\u00e1ndar de la norma AAMI\u00ae) y mantenerse calibrado.<\/li>\n<li>Movimiento de joyas sint\u00e9ticas para una mayor durabilidad.<\/li>\n<li>Car\u00e1tula grabada con l\u00e1ser para mayor precisi\u00f3n.<\/li>\n<li>Sistema de insuflaci\u00f3n superior para mayor comodidad.<\/li>\n<li>Garant\u00eda de calibraci\u00f3n de por vida.<\/li>\n<li>M\u00e1s liviano que los modelos tradicionales.<\/li>\n<li>Libre de l\u00e1tex.<\/li>\n<\/ul>\n","protected":false},"excerpt":{"rendered":"<p><span>Mantenga la precisi\u00f3n de las lecturas de la presi\u00f3n arterial, con un menor costo a largo plazo gracias a la tecnolog\u00eda DuraShock sin engranajes, la primera gran innovaci\u00f3n en tecnolog\u00eda aneroide en 100 a\u00f1os. Como parte de nuestra serie Platino, este man\u00f3metro de tipo integrado con adaptador de tubo, se conecta directamente al puerto integrado del brazalete FlexiPort\u00ae. Cuando se utiliza, el tensi\u00f3metro se apoya en la parte externa del brazo del paciente.<\/span><\/p>\n","protected":false},"featured_media":11308,"template":"","meta":{"_joinchat":[]},"product_brand":[],"product_cat":[194],"product_tag":[],"class_list":{"0":"post-11307","1":"product","2":"type-product","3":"status-publish","4":"has-post-thumbnail","6":"product_cat-baumanometros","8":"first","9":"instock","10":"purchasable","11":"product-type-simple"},"yoast_head":"<!-- This site is optimized with the Yoast SEO plugin v25.1 - https:\/\/yoast.com\/wordpress\/plugins\/seo\/ -->\n<title>ESFIGMO ANEROIDE DURASHOCK CLASICO INTEGRADO PLATINO - Tu mejor opci\u00f3n Equipo M\u00e9dico M\u00e9xico<\/title>\n<meta name=\"robots\" content=\"index, follow, max-snippet:-1, max-image-preview:large, max-video-preview:-1\" \/>\n<link rel=\"canonical\" href=\"https:\/\/buscoequipomedico.com\/?product=esfigmo-aneroide-durashock-clasico-integrado-platino\" \/>\n<meta property=\"og:locale\" content=\"es_ES\" \/>\n<meta property=\"og:type\" content=\"article\" \/>\n<meta property=\"og:title\" content=\"ESFIGMO ANEROIDE DURASHOCK CLASICO INTEGRADO PLATINO - Tu mejor opci\u00f3n Equipo M\u00e9dico M\u00e9xico\" \/>\n<meta property=\"og:description\" content=\"Mantenga la precisi\u00f3n de las lecturas de la presi\u00f3n arterial, con un menor costo a largo plazo gracias a la tecnolog\u00eda DuraShock sin engranajes, la primera gran innovaci\u00f3n en tecnolog\u00eda aneroide en 100 a\u00f1os. Como parte de nuestra serie Platino, este man\u00f3metro de tipo integrado con adaptador de tubo, se conecta directamente al puerto integrado del brazalete FlexiPort\u00ae. Cuando se utiliza, el tensi\u00f3metro se apoya en la parte externa del brazo del paciente.\" \/>\n<meta property=\"og:url\" content=\"https:\/\/buscoequipomedico.com\/?product=esfigmo-aneroide-durashock-clasico-integrado-platino\" \/>\n<meta property=\"og:site_name\" content=\"Tu mejor opci\u00f3n Equipo M\u00e9dico M\u00e9xico\" \/>\n<meta property=\"article:modified_time\" content=\"2020-02-18T07:32:27+00:00\" \/>\n<meta property=\"og:image\" content=\"https:\/\/buscoequipomedico.com\/wp-content\/uploads\/2020\/02\/esfigmo-aneroide-durashock-clasico-integrado-platino-mantenga-la-precision-de-las-lecturas-de-la-presion-arterial-con-un-menor-c.jpg\" \/>\n\t<meta property=\"og:image:width\" content=\"800\" \/>\n\t<meta property=\"og:image:height\" content=\"800\" \/>\n\t<meta property=\"og:image:type\" content=\"image\/jpeg\" \/>\n<meta name=\"twitter:card\" content=\"summary_large_image\" \/>\n<script type=\"application\/ld+json\" class=\"yoast-schema-graph\">{\"@context\":\"https:\/\/schema.org\",\"@graph\":[{\"@type\":\"WebPage\",\"@id\":\"https:\/\/buscoequipomedico.com\/?product=esfigmo-aneroide-durashock-clasico-integrado-platino\",\"url\":\"https:\/\/buscoequipomedico.com\/?product=esfigmo-aneroide-durashock-clasico-integrado-platino\",\"name\":\"ESFIGMO ANEROIDE DURASHOCK CLASICO INTEGRADO PLATINO - Tu mejor opci\u00f3n Equipo M\u00e9dico M\u00e9xico\",\"isPartOf\":{\"@id\":\"https:\/\/buscoequipomedico.com\/#website\"},\"primaryImageOfPage\":{\"@id\":\"https:\/\/buscoequipomedico.com\/?product=esfigmo-aneroide-durashock-clasico-integrado-platino#primaryimage\"},\"image\":{\"@id\":\"https:\/\/buscoequipomedico.com\/?product=esfigmo-aneroide-durashock-clasico-integrado-platino#primaryimage\"},\"thumbnailUrl\":\"https:\/\/buscoequipomedico.com\/wp-content\/uploads\/2020\/02\/esfigmo-aneroide-durashock-clasico-integrado-platino-mantenga-la-precision-de-las-lecturas-de-la-presion-arterial-con-un-menor-c.jpg\",\"datePublished\":\"2020-02-18T07:32:26+00:00\",\"dateModified\":\"2020-02-18T07:32:27+00:00\",\"breadcrumb\":{\"@id\":\"https:\/\/buscoequipomedico.com\/?product=esfigmo-aneroide-durashock-clasico-integrado-platino#breadcrumb\"},\"inLanguage\":\"es\",\"potentialAction\":[{\"@type\":\"ReadAction\",\"target\":[\"https:\/\/buscoequipomedico.com\/?product=esfigmo-aneroide-durashock-clasico-integrado-platino\"]}]},{\"@type\":\"ImageObject\",\"inLanguage\":\"es\",\"@id\":\"https:\/\/buscoequipomedico.com\/?product=esfigmo-aneroide-durashock-clasico-integrado-platino#primaryimage\",\"url\":\"https:\/\/buscoequipomedico.com\/wp-content\/uploads\/2020\/02\/esfigmo-aneroide-durashock-clasico-integrado-platino-mantenga-la-precision-de-las-lecturas-de-la-presion-arterial-con-un-menor-c.jpg\",\"contentUrl\":\"https:\/\/buscoequipomedico.com\/wp-content\/uploads\/2020\/02\/esfigmo-aneroide-durashock-clasico-integrado-platino-mantenga-la-precision-de-las-lecturas-de-la-presion-arterial-con-un-menor-c.jpg\",\"width\":800,\"height\":800},{\"@type\":\"BreadcrumbList\",\"@id\":\"https:\/\/buscoequipomedico.com\/?product=esfigmo-aneroide-durashock-clasico-integrado-platino#breadcrumb\",\"itemListElement\":[{\"@type\":\"ListItem\",\"position\":1,\"name\":\"Productos\",\"item\":\"https:\/\/buscoequipomedico.com\/shop\/\"},{\"@type\":\"ListItem\",\"position\":2,\"name\":\"ESFIGMO ANEROIDE DURASHOCK CLASICO INTEGRADO PLATINO\"}]},{\"@type\":\"WebSite\",\"@id\":\"https:\/\/buscoequipomedico.com\/#website\",\"url\":\"https:\/\/buscoequipomedico.com\/\",\"name\":\"Tu mejor opci\u00f3n Equipo M\u00e9dico M\u00e9xico\",\"description\":\"Tienda de equipo m\u00e9dico\",\"publisher\":{\"@id\":\"https:\/\/buscoequipomedico.com\/#organization\"},\"potentialAction\":[{\"@type\":\"SearchAction\",\"target\":{\"@type\":\"EntryPoint\",\"urlTemplate\":\"https:\/\/buscoequipomedico.com\/?s={search_term_string}\"},\"query-input\":{\"@type\":\"PropertyValueSpecification\",\"valueRequired\":true,\"valueName\":\"search_term_string\"}}],\"inLanguage\":\"es\"},{\"@type\":\"Organization\",\"@id\":\"https:\/\/buscoequipomedico.com\/#organization\",\"name\":\"Tu mejor opci\u00f3n Equipo M\u00e9dico M\u00e9xico\",\"url\":\"https:\/\/buscoequipomedico.com\/\",\"logo\":{\"@type\":\"ImageObject\",\"inLanguage\":\"es\",\"@id\":\"https:\/\/buscoequipomedico.com\/#\/schema\/logo\/image\/\",\"url\":\"https:\/\/buscoequipomedico.com\/wp-content\/uploads\/2021\/07\/EMM-VPrincipal-scaled.jpg\",\"contentUrl\":\"https:\/\/buscoequipomedico.com\/wp-content\/uploads\/2021\/07\/EMM-VPrincipal-scaled.jpg\",\"width\":2560,\"height\":1058,\"caption\":\"Tu mejor opci\u00f3n Equipo M\u00e9dico M\u00e9xico\"},\"image\":{\"@id\":\"https:\/\/buscoequipomedico.com\/#\/schema\/logo\/image\/\"}}]}<\/script>\n<!-- \/ Yoast SEO plugin. -->","yoast_head_json":{"title":"ESFIGMO ANEROIDE DURASHOCK CLASICO INTEGRADO PLATINO - Tu mejor opci\u00f3n Equipo M\u00e9dico M\u00e9xico","robots":{"index":"index","follow":"follow","max-snippet":"max-snippet:-1","max-image-preview":"max-image-preview:large","max-video-preview":"max-video-preview:-1"},"canonical":"https:\/\/buscoequipomedico.com\/?product=esfigmo-aneroide-durashock-clasico-integrado-platino","og_locale":"es_ES","og_type":"article","og_title":"ESFIGMO ANEROIDE DURASHOCK CLASICO INTEGRADO PLATINO - Tu mejor opci\u00f3n Equipo M\u00e9dico M\u00e9xico","og_description":"Mantenga la precisi\u00f3n de las lecturas de la presi\u00f3n arterial, con un menor costo a largo plazo gracias a la tecnolog\u00eda DuraShock sin engranajes, la primera gran innovaci\u00f3n en tecnolog\u00eda aneroide en 100 a\u00f1os. Como parte de nuestra serie Platino, este man\u00f3metro de tipo integrado con adaptador de tubo, se conecta directamente al puerto integrado del brazalete FlexiPort\u00ae. Cuando se utiliza, el tensi\u00f3metro se apoya en la parte externa del brazo del paciente.","og_url":"https:\/\/buscoequipomedico.com\/?product=esfigmo-aneroide-durashock-clasico-integrado-platino","og_site_name":"Tu mejor opci\u00f3n Equipo M\u00e9dico M\u00e9xico","article_modified_time":"2020-02-18T07:32:27+00:00","og_image":[{"width":800,"height":800,"url":"https:\/\/buscoequipomedico.com\/wp-content\/uploads\/2020\/02\/esfigmo-aneroide-durashock-clasico-integrado-platino-mantenga-la-precision-de-las-lecturas-de-la-presion-arterial-con-un-menor-c.jpg","type":"image\/jpeg"}],"twitter_card":"summary_large_image","schema":{"@context":"https:\/\/schema.org","@graph":[{"@type":"WebPage","@id":"https:\/\/buscoequipomedico.com\/?product=esfigmo-aneroide-durashock-clasico-integrado-platino","url":"https:\/\/buscoequipomedico.com\/?product=esfigmo-aneroide-durashock-clasico-integrado-platino","name":"ESFIGMO ANEROIDE DURASHOCK CLASICO INTEGRADO PLATINO - Tu mejor opci\u00f3n Equipo M\u00e9dico M\u00e9xico","isPartOf":{"@id":"https:\/\/buscoequipomedico.com\/#website"},"primaryImageOfPage":{"@id":"https:\/\/buscoequipomedico.com\/?product=esfigmo-aneroide-durashock-clasico-integrado-platino#primaryimage"},"image":{"@id":"https:\/\/buscoequipomedico.com\/?product=esfigmo-aneroide-durashock-clasico-integrado-platino#primaryimage"},"thumbnailUrl":"https:\/\/buscoequipomedico.com\/wp-content\/uploads\/2020\/02\/esfigmo-aneroide-durashock-clasico-integrado-platino-mantenga-la-precision-de-las-lecturas-de-la-presion-arterial-con-un-menor-c.jpg","datePublished":"2020-02-18T07:32:26+00:00","dateModified":"2020-02-18T07:32:27+00:00","breadcrumb":{"@id":"https:\/\/buscoequipomedico.com\/?product=esfigmo-aneroide-durashock-clasico-integrado-platino#breadcrumb"},"inLanguage":"es","potentialAction":[{"@type":"ReadAction","target":["https:\/\/buscoequipomedico.com\/?product=esfigmo-aneroide-durashock-clasico-integrado-platino"]}]},{"@type":"ImageObject","inLanguage":"es","@id":"https:\/\/buscoequipomedico.com\/?product=esfigmo-aneroide-durashock-clasico-integrado-platino#primaryimage","url":"https:\/\/buscoequipomedico.com\/wp-content\/uploads\/2020\/02\/esfigmo-aneroide-durashock-clasico-integrado-platino-mantenga-la-precision-de-las-lecturas-de-la-presion-arterial-con-un-menor-c.jpg","contentUrl":"https:\/\/buscoequipomedico.com\/wp-content\/uploads\/2020\/02\/esfigmo-aneroide-durashock-clasico-integrado-platino-mantenga-la-precision-de-las-lecturas-de-la-presion-arterial-con-un-menor-c.jpg","width":800,"height":800},{"@type":"BreadcrumbList","@id":"https:\/\/buscoequipomedico.com\/?product=esfigmo-aneroide-durashock-clasico-integrado-platino#breadcrumb","itemListElement":[{"@type":"ListItem","position":1,"name":"Productos","item":"https:\/\/buscoequipomedico.com\/shop\/"},{"@type":"ListItem","position":2,"name":"ESFIGMO ANEROIDE DURASHOCK CLASICO INTEGRADO PLATINO"}]},{"@type":"WebSite","@id":"https:\/\/buscoequipomedico.com\/#website","url":"https:\/\/buscoequipomedico.com\/","name":"Tu mejor opci\u00f3n Equipo M\u00e9dico M\u00e9xico","description":"Tienda de equipo m\u00e9dico","publisher":{"@id":"https:\/\/buscoequipomedico.com\/#organization"},"potentialAction":[{"@type":"SearchAction","target":{"@type":"EntryPoint","urlTemplate":"https:\/\/buscoequipomedico.com\/?s={search_term_string}"},"query-input":{"@type":"PropertyValueSpecification","valueRequired":true,"valueName":"search_term_string"}}],"inLanguage":"es"},{"@type":"Organization","@id":"https:\/\/buscoequipomedico.com\/#organization","name":"Tu mejor opci\u00f3n Equipo M\u00e9dico M\u00e9xico","url":"https:\/\/buscoequipomedico.com\/","logo":{"@type":"ImageObject","inLanguage":"es","@id":"https:\/\/buscoequipomedico.com\/#\/schema\/logo\/image\/","url":"https:\/\/buscoequipomedico.com\/wp-content\/uploads\/2021\/07\/EMM-VPrincipal-scaled.jpg","contentUrl":"https:\/\/buscoequipomedico.com\/wp-content\/uploads\/2021\/07\/EMM-VPrincipal-scaled.jpg","width":2560,"height":1058,"caption":"Tu mejor opci\u00f3n Equipo M\u00e9dico M\u00e9xico"},"image":{"@id":"https:\/\/buscoequipomedico.com\/#\/schema\/logo\/image\/"}}]}},"_links":{"self":[{"href":"https:\/\/buscoequipomedico.com\/index.php?rest_route=\/wp\/v2\/product\/11307","targetHints":{"allow":["GET"]}}],"collection":[{"href":"https:\/\/buscoequipomedico.com\/index.php?rest_route=\/wp\/v2\/product"}],"about":[{"href":"https:\/\/buscoequipomedico.com\/index.php?rest_route=\/wp\/v2\/types\/product"}],"wp:featuredmedia":[{"embeddable":true,"href":"https:\/\/buscoequipomedico.com\/index.php?rest_route=\/wp\/v2\/media\/11308"}],"wp:attachment":[{"href":"https:\/\/buscoequipomedico.com\/index.php?rest_route=%2Fwp%2Fv2%2Fmedia&parent=11307"}],"wp:term":[{"taxonomy":"product_brand","embeddable":true,"href":"https:\/\/buscoequipomedico.com\/index.php?rest_route=%2Fwp%2Fv2%2Fproduct_brand&post=11307"},{"taxonomy":"product_cat","embeddable":true,"href":"https:\/\/buscoequipomedico.com\/index.php?rest_route=%2Fwp%2Fv2%2Fproduct_cat&post=11307"},{"taxonomy":"product_tag","embeddable":true,"href":"https:\/\/buscoequipomedico.com\/index.php?rest_route=%2Fwp%2Fv2%2Fproduct_tag&post=11307"}],"curies":[{"name":"wp","href":"https:\/\/api.w.org\/{rel}","templated":true}]}}