{"id":11309,"date":"2020-02-18T07:32:26","date_gmt":"2020-02-18T07:32:26","guid":{"rendered":"https:\/\/equipomedicomexico-com.preview-domain.com\/product\/esfigmo-aneroide-durashock-clasico-mano-platino\/"},"modified":"2020-02-18T07:32:27","modified_gmt":"2020-02-18T07:32:27","slug":"esfigmo-aneroide-durashock-clasico-mano-platino","status":"publish","type":"product","link":"https:\/\/buscoequipomedico.com\/?product=esfigmo-aneroide-durashock-clasico-mano-platino","title":{"rendered":"ESFIGMO ANEROIDE DURASHOCK CLASICO MANO PLATINO"},"content":{"rendered":"<p>Con la tecnolog\u00eda DuraShock&#x2122; sin engranajes puede confiar en que el bauman\u00f3metro\u00a0aneroide DS58 permanecer\u00e1 calibrado por m\u00e1s tiempo que los aneroides tradicionales, proporcionando lecturas m\u00e1s precisas en el tiempo y un costo de por vida inferior, ayudando a mejorar la eficiencia de la pr\u00e1ctica y a ser m\u00e1s rentable en su consultorio.<\/p>\n<p>\u00a0<\/p>\n<p><span>CARACTER\u00cdSTICAS:<\/span><\/p>\n<ul>\n<li>Tecnolog\u00eda DuraShock&#x2122;<\/li>\n<li>Car\u00e1tula grabada con l\u00e1ser para mayor precisi\u00f3n.<\/li>\n<li>Libre de l\u00e1tex.<\/li>\n<li>Exactitud certificada a +\/- 3 mmHg.<\/li>\n<li>Mecanismo de joyas sint\u00e9ticas para mayor durabilidad.<\/li>\n<li>Resistente a golpes: puede resistir una ca\u00edda de hasta 152 cm (dos veces el est\u00e1ndar de la norma AAMI).<\/li>\n<li>Pera de inflado ergon\u00f3mica.<\/li>\n<li>Garant\u00eda de calibraci\u00f3n de por vida.<\/li>\n<li>Incluye estuche.<\/li>\n<\/ul>\n","protected":false},"excerpt":{"rendered":"<p><span>Con la tecnolog\u00eda DuraShock&#x2122; sin engranajes puede confiar en que el bauman\u00f3metro aneroide DS58 de Welch Allyn permanecer\u00e1 calibrado por m\u00e1s tiempo que los aneroides tradicionales.<\/span><\/p>\n","protected":false},"featured_media":11310,"template":"","meta":{"_joinchat":[]},"product_brand":[],"product_cat":[194],"product_tag":[],"class_list":{"0":"post-11309","1":"product","2":"type-product","3":"status-publish","4":"has-post-thumbnail","6":"product_cat-baumanometros","8":"first","9":"instock","10":"purchasable","11":"product-type-simple"},"yoast_head":"<!-- This site is optimized with the Yoast SEO plugin v25.1 - https:\/\/yoast.com\/wordpress\/plugins\/seo\/ -->\n<title>ESFIGMO ANEROIDE DURASHOCK CLASICO MANO PLATINO - Tu mejor opci\u00f3n Equipo M\u00e9dico M\u00e9xico<\/title>\n<meta name=\"robots\" content=\"index, follow, max-snippet:-1, max-image-preview:large, max-video-preview:-1\" \/>\n<link rel=\"canonical\" href=\"https:\/\/buscoequipomedico.com\/?product=esfigmo-aneroide-durashock-clasico-mano-platino\" \/>\n<meta property=\"og:locale\" content=\"es_ES\" \/>\n<meta property=\"og:type\" content=\"article\" \/>\n<meta property=\"og:title\" content=\"ESFIGMO ANEROIDE DURASHOCK CLASICO MANO PLATINO - Tu mejor opci\u00f3n Equipo M\u00e9dico M\u00e9xico\" \/>\n<meta property=\"og:description\" content=\"Con la tecnolog\u00eda DuraShock&#x2122; sin engranajes puede confiar en que el bauman\u00f3metro aneroide DS58 de Welch Allyn permanecer\u00e1 calibrado por m\u00e1s tiempo que los aneroides tradicionales.\" \/>\n<meta property=\"og:url\" content=\"https:\/\/buscoequipomedico.com\/?product=esfigmo-aneroide-durashock-clasico-mano-platino\" \/>\n<meta property=\"og:site_name\" content=\"Tu mejor opci\u00f3n Equipo M\u00e9dico M\u00e9xico\" \/>\n<meta property=\"article:modified_time\" content=\"2020-02-18T07:32:27+00:00\" \/>\n<meta property=\"og:image\" content=\"https:\/\/buscoequipomedico.com\/wp-content\/uploads\/2020\/02\/esfigmo-aneroide-durashock-clasico-mano-platino-con-la-tecnologia-durashocktm-sin-engranajes-puede-confiar-en-que-el-baumanometr.jpg\" \/>\n\t<meta property=\"og:image:width\" content=\"800\" \/>\n\t<meta property=\"og:image:height\" content=\"800\" \/>\n\t<meta property=\"og:image:type\" content=\"image\/png\" \/>\n<meta name=\"twitter:card\" content=\"summary_large_image\" \/>\n<meta name=\"twitter:label1\" content=\"Tiempo de lectura\" \/>\n\t<meta name=\"twitter:data1\" content=\"1 minuto\" \/>\n<script type=\"application\/ld+json\" class=\"yoast-schema-graph\">{\"@context\":\"https:\/\/schema.org\",\"@graph\":[{\"@type\":\"WebPage\",\"@id\":\"https:\/\/buscoequipomedico.com\/?product=esfigmo-aneroide-durashock-clasico-mano-platino\",\"url\":\"https:\/\/buscoequipomedico.com\/?product=esfigmo-aneroide-durashock-clasico-mano-platino\",\"name\":\"ESFIGMO ANEROIDE DURASHOCK CLASICO MANO PLATINO - Tu mejor opci\u00f3n Equipo M\u00e9dico M\u00e9xico\",\"isPartOf\":{\"@id\":\"https:\/\/buscoequipomedico.com\/#website\"},\"primaryImageOfPage\":{\"@id\":\"https:\/\/buscoequipomedico.com\/?product=esfigmo-aneroide-durashock-clasico-mano-platino#primaryimage\"},\"image\":{\"@id\":\"https:\/\/buscoequipomedico.com\/?product=esfigmo-aneroide-durashock-clasico-mano-platino#primaryimage\"},\"thumbnailUrl\":\"https:\/\/buscoequipomedico.com\/wp-content\/uploads\/2020\/02\/esfigmo-aneroide-durashock-clasico-mano-platino-con-la-tecnologia-durashocktm-sin-engranajes-puede-confiar-en-que-el-baumanometr.jpg\",\"datePublished\":\"2020-02-18T07:32:26+00:00\",\"dateModified\":\"2020-02-18T07:32:27+00:00\",\"breadcrumb\":{\"@id\":\"https:\/\/buscoequipomedico.com\/?product=esfigmo-aneroide-durashock-clasico-mano-platino#breadcrumb\"},\"inLanguage\":\"es\",\"potentialAction\":[{\"@type\":\"ReadAction\",\"target\":[\"https:\/\/buscoequipomedico.com\/?product=esfigmo-aneroide-durashock-clasico-mano-platino\"]}]},{\"@type\":\"ImageObject\",\"inLanguage\":\"es\",\"@id\":\"https:\/\/buscoequipomedico.com\/?product=esfigmo-aneroide-durashock-clasico-mano-platino#primaryimage\",\"url\":\"https:\/\/buscoequipomedico.com\/wp-content\/uploads\/2020\/02\/esfigmo-aneroide-durashock-clasico-mano-platino-con-la-tecnologia-durashocktm-sin-engranajes-puede-confiar-en-que-el-baumanometr.jpg\",\"contentUrl\":\"https:\/\/buscoequipomedico.com\/wp-content\/uploads\/2020\/02\/esfigmo-aneroide-durashock-clasico-mano-platino-con-la-tecnologia-durashocktm-sin-engranajes-puede-confiar-en-que-el-baumanometr.jpg\",\"width\":800,\"height\":800},{\"@type\":\"BreadcrumbList\",\"@id\":\"https:\/\/buscoequipomedico.com\/?product=esfigmo-aneroide-durashock-clasico-mano-platino#breadcrumb\",\"itemListElement\":[{\"@type\":\"ListItem\",\"position\":1,\"name\":\"Productos\",\"item\":\"https:\/\/buscoequipomedico.com\/shop\/\"},{\"@type\":\"ListItem\",\"position\":2,\"name\":\"ESFIGMO ANEROIDE DURASHOCK CLASICO MANO PLATINO\"}]},{\"@type\":\"WebSite\",\"@id\":\"https:\/\/buscoequipomedico.com\/#website\",\"url\":\"https:\/\/buscoequipomedico.com\/\",\"name\":\"Tu mejor opci\u00f3n Equipo M\u00e9dico M\u00e9xico\",\"description\":\"Tienda de equipo m\u00e9dico\",\"publisher\":{\"@id\":\"https:\/\/buscoequipomedico.com\/#organization\"},\"potentialAction\":[{\"@type\":\"SearchAction\",\"target\":{\"@type\":\"EntryPoint\",\"urlTemplate\":\"https:\/\/buscoequipomedico.com\/?s={search_term_string}\"},\"query-input\":{\"@type\":\"PropertyValueSpecification\",\"valueRequired\":true,\"valueName\":\"search_term_string\"}}],\"inLanguage\":\"es\"},{\"@type\":\"Organization\",\"@id\":\"https:\/\/buscoequipomedico.com\/#organization\",\"name\":\"Tu mejor opci\u00f3n Equipo M\u00e9dico M\u00e9xico\",\"url\":\"https:\/\/buscoequipomedico.com\/\",\"logo\":{\"@type\":\"ImageObject\",\"inLanguage\":\"es\",\"@id\":\"https:\/\/buscoequipomedico.com\/#\/schema\/logo\/image\/\",\"url\":\"https:\/\/buscoequipomedico.com\/wp-content\/uploads\/2021\/07\/EMM-VPrincipal-scaled.jpg\",\"contentUrl\":\"https:\/\/buscoequipomedico.com\/wp-content\/uploads\/2021\/07\/EMM-VPrincipal-scaled.jpg\",\"width\":2560,\"height\":1058,\"caption\":\"Tu mejor opci\u00f3n Equipo M\u00e9dico M\u00e9xico\"},\"image\":{\"@id\":\"https:\/\/buscoequipomedico.com\/#\/schema\/logo\/image\/\"}}]}<\/script>\n<!-- \/ Yoast SEO plugin. -->","yoast_head_json":{"title":"ESFIGMO ANEROIDE DURASHOCK CLASICO MANO PLATINO - Tu mejor opci\u00f3n Equipo M\u00e9dico M\u00e9xico","robots":{"index":"index","follow":"follow","max-snippet":"max-snippet:-1","max-image-preview":"max-image-preview:large","max-video-preview":"max-video-preview:-1"},"canonical":"https:\/\/buscoequipomedico.com\/?product=esfigmo-aneroide-durashock-clasico-mano-platino","og_locale":"es_ES","og_type":"article","og_title":"ESFIGMO ANEROIDE DURASHOCK CLASICO MANO PLATINO - Tu mejor opci\u00f3n Equipo M\u00e9dico M\u00e9xico","og_description":"Con la tecnolog\u00eda DuraShock&#x2122; sin engranajes puede confiar en que el bauman\u00f3metro aneroide DS58 de Welch Allyn permanecer\u00e1 calibrado por m\u00e1s tiempo que los aneroides tradicionales.","og_url":"https:\/\/buscoequipomedico.com\/?product=esfigmo-aneroide-durashock-clasico-mano-platino","og_site_name":"Tu mejor opci\u00f3n Equipo M\u00e9dico M\u00e9xico","article_modified_time":"2020-02-18T07:32:27+00:00","og_image":[{"width":800,"height":800,"url":"https:\/\/buscoequipomedico.com\/wp-content\/uploads\/2020\/02\/esfigmo-aneroide-durashock-clasico-mano-platino-con-la-tecnologia-durashocktm-sin-engranajes-puede-confiar-en-que-el-baumanometr.jpg","type":"image\/png"}],"twitter_card":"summary_large_image","twitter_misc":{"Tiempo de lectura":"1 minuto"},"schema":{"@context":"https:\/\/schema.org","@graph":[{"@type":"WebPage","@id":"https:\/\/buscoequipomedico.com\/?product=esfigmo-aneroide-durashock-clasico-mano-platino","url":"https:\/\/buscoequipomedico.com\/?product=esfigmo-aneroide-durashock-clasico-mano-platino","name":"ESFIGMO ANEROIDE DURASHOCK CLASICO MANO PLATINO - Tu mejor opci\u00f3n Equipo M\u00e9dico M\u00e9xico","isPartOf":{"@id":"https:\/\/buscoequipomedico.com\/#website"},"primaryImageOfPage":{"@id":"https:\/\/buscoequipomedico.com\/?product=esfigmo-aneroide-durashock-clasico-mano-platino#primaryimage"},"image":{"@id":"https:\/\/buscoequipomedico.com\/?product=esfigmo-aneroide-durashock-clasico-mano-platino#primaryimage"},"thumbnailUrl":"https:\/\/buscoequipomedico.com\/wp-content\/uploads\/2020\/02\/esfigmo-aneroide-durashock-clasico-mano-platino-con-la-tecnologia-durashocktm-sin-engranajes-puede-confiar-en-que-el-baumanometr.jpg","datePublished":"2020-02-18T07:32:26+00:00","dateModified":"2020-02-18T07:32:27+00:00","breadcrumb":{"@id":"https:\/\/buscoequipomedico.com\/?product=esfigmo-aneroide-durashock-clasico-mano-platino#breadcrumb"},"inLanguage":"es","potentialAction":[{"@type":"ReadAction","target":["https:\/\/buscoequipomedico.com\/?product=esfigmo-aneroide-durashock-clasico-mano-platino"]}]},{"@type":"ImageObject","inLanguage":"es","@id":"https:\/\/buscoequipomedico.com\/?product=esfigmo-aneroide-durashock-clasico-mano-platino#primaryimage","url":"https:\/\/buscoequipomedico.com\/wp-content\/uploads\/2020\/02\/esfigmo-aneroide-durashock-clasico-mano-platino-con-la-tecnologia-durashocktm-sin-engranajes-puede-confiar-en-que-el-baumanometr.jpg","contentUrl":"https:\/\/buscoequipomedico.com\/wp-content\/uploads\/2020\/02\/esfigmo-aneroide-durashock-clasico-mano-platino-con-la-tecnologia-durashocktm-sin-engranajes-puede-confiar-en-que-el-baumanometr.jpg","width":800,"height":800},{"@type":"BreadcrumbList","@id":"https:\/\/buscoequipomedico.com\/?product=esfigmo-aneroide-durashock-clasico-mano-platino#breadcrumb","itemListElement":[{"@type":"ListItem","position":1,"name":"Productos","item":"https:\/\/buscoequipomedico.com\/shop\/"},{"@type":"ListItem","position":2,"name":"ESFIGMO ANEROIDE DURASHOCK CLASICO MANO PLATINO"}]},{"@type":"WebSite","@id":"https:\/\/buscoequipomedico.com\/#website","url":"https:\/\/buscoequipomedico.com\/","name":"Tu mejor opci\u00f3n Equipo M\u00e9dico M\u00e9xico","description":"Tienda de equipo m\u00e9dico","publisher":{"@id":"https:\/\/buscoequipomedico.com\/#organization"},"potentialAction":[{"@type":"SearchAction","target":{"@type":"EntryPoint","urlTemplate":"https:\/\/buscoequipomedico.com\/?s={search_term_string}"},"query-input":{"@type":"PropertyValueSpecification","valueRequired":true,"valueName":"search_term_string"}}],"inLanguage":"es"},{"@type":"Organization","@id":"https:\/\/buscoequipomedico.com\/#organization","name":"Tu mejor opci\u00f3n Equipo M\u00e9dico M\u00e9xico","url":"https:\/\/buscoequipomedico.com\/","logo":{"@type":"ImageObject","inLanguage":"es","@id":"https:\/\/buscoequipomedico.com\/#\/schema\/logo\/image\/","url":"https:\/\/buscoequipomedico.com\/wp-content\/uploads\/2021\/07\/EMM-VPrincipal-scaled.jpg","contentUrl":"https:\/\/buscoequipomedico.com\/wp-content\/uploads\/2021\/07\/EMM-VPrincipal-scaled.jpg","width":2560,"height":1058,"caption":"Tu mejor opci\u00f3n Equipo M\u00e9dico M\u00e9xico"},"image":{"@id":"https:\/\/buscoequipomedico.com\/#\/schema\/logo\/image\/"}}]}},"_links":{"self":[{"href":"https:\/\/buscoequipomedico.com\/index.php?rest_route=\/wp\/v2\/product\/11309","targetHints":{"allow":["GET"]}}],"collection":[{"href":"https:\/\/buscoequipomedico.com\/index.php?rest_route=\/wp\/v2\/product"}],"about":[{"href":"https:\/\/buscoequipomedico.com\/index.php?rest_route=\/wp\/v2\/types\/product"}],"wp:featuredmedia":[{"embeddable":true,"href":"https:\/\/buscoequipomedico.com\/index.php?rest_route=\/wp\/v2\/media\/11310"}],"wp:attachment":[{"href":"https:\/\/buscoequipomedico.com\/index.php?rest_route=%2Fwp%2Fv2%2Fmedia&parent=11309"}],"wp:term":[{"taxonomy":"product_brand","embeddable":true,"href":"https:\/\/buscoequipomedico.com\/index.php?rest_route=%2Fwp%2Fv2%2Fproduct_brand&post=11309"},{"taxonomy":"product_cat","embeddable":true,"href":"https:\/\/buscoequipomedico.com\/index.php?rest_route=%2Fwp%2Fv2%2Fproduct_cat&post=11309"},{"taxonomy":"product_tag","embeddable":true,"href":"https:\/\/buscoequipomedico.com\/index.php?rest_route=%2Fwp%2Fv2%2Fproduct_tag&post=11309"}],"curies":[{"name":"wp","href":"https:\/\/api.w.org\/{rel}","templated":true}]}}