{"id":11359,"date":"2020-02-18T07:32:32","date_gmt":"2020-02-18T07:32:32","guid":{"rendered":"https:\/\/equipomedicomexico-com.preview-domain.com\/product\/camilla-hidraulica-de-transferencia-con-superficie-radiotransparente\/"},"modified":"2020-02-18T07:32:34","modified_gmt":"2020-02-18T07:32:34","slug":"camilla-hidraulica-de-transferencia-con-superficie-radiotransparente","status":"publish","type":"product","link":"https:\/\/buscoequipomedico.com\/?product=camilla-hidraulica-de-transferencia-con-superficie-radiotransparente","title":{"rendered":"CAMILLA HIDRAULICA DE TRANSFERENCIA CON SUPERFICIE RADIOTRANSPARENTE"},"content":{"rendered":"<h4>Descripci\u00f3n<\/h4>\n<p><strong>CAMILLA HIDR\u00c1ULICA DE TRANSFERENCIA CON SUPERFICIE RADIOTRANSPARENTE \u2013 JOS-JE350<\/strong><\/p>\n<ul>\n<li>Altura ajustable.<\/li>\n<li>Los barandales son deslizables para dar una mayor protecci\u00f3n al paciente.<\/li>\n<li>El sistema de frenado se encuentra en la parte de la cabecera y en los pies de la camilla.<\/li>\n<\/ul>\n<p>Incluye dos porta suero, uno en la cabecera y el segundo en los pies de la camilla, adem\u00e1s de un colch\u00f3n de espuma de 3\u2033 de alta densidad de poliuretano con recubierta de piel sint\u00e9tica<\/p>\n<h3>ESPECIFICACIONES:<\/h3>\n<p>Dimensiones:<\/p>\n<ul>\n<li>212 x 79 cm. Dimensiones de la superficie: 193x 63. 5 ruedas de 20.4 cm con sistema de frenado centralizado.<\/li>\n<li>Altura ajustable: 63 \u2013 98 cm. \u00c1ngulo de inclinaci\u00f3n de la espalda: 0-90\u00b0.<\/li>\n<li>Rango de Tredelenburg es de +\/-18\u00b0.<\/li>\n<li>Soporta 250 kg de peso din\u00e1mico<\/li>\n<\/ul>\n","protected":false},"excerpt":{"rendered":"<p>El marco de la cama es de acero con revestimiento.<\/p>\n<p>Toda la superficie de la cama est\u00e1 fabricada para que se pueda hacer la toma de Rayos X.<\/p>\n<p>La base de la cama est\u00e1 fabricada a base de pl\u00e1stico ABS.<\/p>\n<p>Cuenta con cuatro parachoques, cada una en las esquinas de la camilla. Cobertura inferior de la cama est\u00e1n hechas de ABS para la carga de tanques de ox\u00edgeno y art\u00edculos de emergencia.<\/p>\n","protected":false},"featured_media":11360,"template":"","meta":{"_joinchat":[]},"product_brand":[],"product_cat":[196],"product_tag":[],"class_list":{"0":"post-11359","1":"product","2":"type-product","3":"status-publish","4":"has-post-thumbnail","6":"product_cat-camas","7":"pa_marca-joson-care","9":"first","10":"instock","11":"purchasable","12":"product-type-simple"},"yoast_head":"<!-- This site is optimized with the Yoast SEO plugin v25.1 - https:\/\/yoast.com\/wordpress\/plugins\/seo\/ -->\n<title>CAMILLA HIDRAULICA DE TRANSFERENCIA CON SUPERFICIE RADIOTRANSPARENTE - Tu mejor opci\u00f3n Equipo M\u00e9dico M\u00e9xico<\/title>\n<meta name=\"robots\" content=\"index, follow, max-snippet:-1, max-image-preview:large, max-video-preview:-1\" \/>\n<link rel=\"canonical\" href=\"https:\/\/buscoequipomedico.com\/?product=camilla-hidraulica-de-transferencia-con-superficie-radiotransparente\" \/>\n<meta property=\"og:locale\" content=\"es_ES\" \/>\n<meta property=\"og:type\" content=\"article\" \/>\n<meta property=\"og:title\" content=\"CAMILLA HIDRAULICA DE TRANSFERENCIA CON SUPERFICIE RADIOTRANSPARENTE - Tu mejor opci\u00f3n Equipo M\u00e9dico M\u00e9xico\" \/>\n<meta property=\"og:description\" content=\"El marco de la cama es de acero con revestimiento. Toda la superficie de la cama est\u00e1 fabricada para que se pueda hacer la toma de Rayos X. La base de la cama est\u00e1 fabricada a base de pl\u00e1stico ABS. Cuenta con cuatro parachoques, cada una en las esquinas de la camilla. Cobertura inferior de la cama est\u00e1n hechas de ABS para la carga de tanques de ox\u00edgeno y art\u00edculos de emergencia.\" \/>\n<meta property=\"og:url\" content=\"https:\/\/buscoequipomedico.com\/?product=camilla-hidraulica-de-transferencia-con-superficie-radiotransparente\" \/>\n<meta property=\"og:site_name\" content=\"Tu mejor opci\u00f3n Equipo M\u00e9dico M\u00e9xico\" \/>\n<meta property=\"article:modified_time\" content=\"2020-02-18T07:32:34+00:00\" \/>\n<meta property=\"og:image\" content=\"https:\/\/buscoequipomedico.com\/wp-content\/uploads\/2020\/02\/camilla-hidraulica-de-transferencia-con-superficie-radiotransparente-el-marco-de-la-cama-es-de-acero-con-revestimiento-toda-la-s.jpg\" \/>\n\t<meta property=\"og:image:width\" content=\"800\" \/>\n\t<meta property=\"og:image:height\" content=\"800\" \/>\n\t<meta property=\"og:image:type\" content=\"image\/png\" \/>\n<meta name=\"twitter:card\" content=\"summary_large_image\" \/>\n<meta name=\"twitter:label1\" content=\"Tiempo de lectura\" \/>\n\t<meta name=\"twitter:data1\" content=\"1 minuto\" \/>\n<script type=\"application\/ld+json\" class=\"yoast-schema-graph\">{\"@context\":\"https:\/\/schema.org\",\"@graph\":[{\"@type\":\"WebPage\",\"@id\":\"https:\/\/buscoequipomedico.com\/?product=camilla-hidraulica-de-transferencia-con-superficie-radiotransparente\",\"url\":\"https:\/\/buscoequipomedico.com\/?product=camilla-hidraulica-de-transferencia-con-superficie-radiotransparente\",\"name\":\"CAMILLA HIDRAULICA DE TRANSFERENCIA CON SUPERFICIE RADIOTRANSPARENTE - Tu mejor opci\u00f3n Equipo M\u00e9dico M\u00e9xico\",\"isPartOf\":{\"@id\":\"https:\/\/buscoequipomedico.com\/#website\"},\"primaryImageOfPage\":{\"@id\":\"https:\/\/buscoequipomedico.com\/?product=camilla-hidraulica-de-transferencia-con-superficie-radiotransparente#primaryimage\"},\"image\":{\"@id\":\"https:\/\/buscoequipomedico.com\/?product=camilla-hidraulica-de-transferencia-con-superficie-radiotransparente#primaryimage\"},\"thumbnailUrl\":\"https:\/\/buscoequipomedico.com\/wp-content\/uploads\/2020\/02\/camilla-hidraulica-de-transferencia-con-superficie-radiotransparente-el-marco-de-la-cama-es-de-acero-con-revestimiento-toda-la-s.jpg\",\"datePublished\":\"2020-02-18T07:32:32+00:00\",\"dateModified\":\"2020-02-18T07:32:34+00:00\",\"breadcrumb\":{\"@id\":\"https:\/\/buscoequipomedico.com\/?product=camilla-hidraulica-de-transferencia-con-superficie-radiotransparente#breadcrumb\"},\"inLanguage\":\"es\",\"potentialAction\":[{\"@type\":\"ReadAction\",\"target\":[\"https:\/\/buscoequipomedico.com\/?product=camilla-hidraulica-de-transferencia-con-superficie-radiotransparente\"]}]},{\"@type\":\"ImageObject\",\"inLanguage\":\"es\",\"@id\":\"https:\/\/buscoequipomedico.com\/?product=camilla-hidraulica-de-transferencia-con-superficie-radiotransparente#primaryimage\",\"url\":\"https:\/\/buscoequipomedico.com\/wp-content\/uploads\/2020\/02\/camilla-hidraulica-de-transferencia-con-superficie-radiotransparente-el-marco-de-la-cama-es-de-acero-con-revestimiento-toda-la-s.jpg\",\"contentUrl\":\"https:\/\/buscoequipomedico.com\/wp-content\/uploads\/2020\/02\/camilla-hidraulica-de-transferencia-con-superficie-radiotransparente-el-marco-de-la-cama-es-de-acero-con-revestimiento-toda-la-s.jpg\",\"width\":800,\"height\":800},{\"@type\":\"BreadcrumbList\",\"@id\":\"https:\/\/buscoequipomedico.com\/?product=camilla-hidraulica-de-transferencia-con-superficie-radiotransparente#breadcrumb\",\"itemListElement\":[{\"@type\":\"ListItem\",\"position\":1,\"name\":\"Productos\",\"item\":\"https:\/\/buscoequipomedico.com\/shop\/\"},{\"@type\":\"ListItem\",\"position\":2,\"name\":\"CAMILLA HIDRAULICA DE TRANSFERENCIA CON SUPERFICIE RADIOTRANSPARENTE\"}]},{\"@type\":\"WebSite\",\"@id\":\"https:\/\/buscoequipomedico.com\/#website\",\"url\":\"https:\/\/buscoequipomedico.com\/\",\"name\":\"Tu mejor opci\u00f3n Equipo M\u00e9dico M\u00e9xico\",\"description\":\"Tienda de equipo m\u00e9dico\",\"publisher\":{\"@id\":\"https:\/\/buscoequipomedico.com\/#organization\"},\"potentialAction\":[{\"@type\":\"SearchAction\",\"target\":{\"@type\":\"EntryPoint\",\"urlTemplate\":\"https:\/\/buscoequipomedico.com\/?s={search_term_string}\"},\"query-input\":{\"@type\":\"PropertyValueSpecification\",\"valueRequired\":true,\"valueName\":\"search_term_string\"}}],\"inLanguage\":\"es\"},{\"@type\":\"Organization\",\"@id\":\"https:\/\/buscoequipomedico.com\/#organization\",\"name\":\"Tu mejor opci\u00f3n Equipo M\u00e9dico M\u00e9xico\",\"url\":\"https:\/\/buscoequipomedico.com\/\",\"logo\":{\"@type\":\"ImageObject\",\"inLanguage\":\"es\",\"@id\":\"https:\/\/buscoequipomedico.com\/#\/schema\/logo\/image\/\",\"url\":\"https:\/\/buscoequipomedico.com\/wp-content\/uploads\/2021\/07\/EMM-VPrincipal-scaled.jpg\",\"contentUrl\":\"https:\/\/buscoequipomedico.com\/wp-content\/uploads\/2021\/07\/EMM-VPrincipal-scaled.jpg\",\"width\":2560,\"height\":1058,\"caption\":\"Tu mejor opci\u00f3n Equipo M\u00e9dico M\u00e9xico\"},\"image\":{\"@id\":\"https:\/\/buscoequipomedico.com\/#\/schema\/logo\/image\/\"}}]}<\/script>\n<!-- \/ Yoast SEO plugin. -->","yoast_head_json":{"title":"CAMILLA HIDRAULICA DE TRANSFERENCIA CON SUPERFICIE RADIOTRANSPARENTE - Tu mejor opci\u00f3n Equipo M\u00e9dico M\u00e9xico","robots":{"index":"index","follow":"follow","max-snippet":"max-snippet:-1","max-image-preview":"max-image-preview:large","max-video-preview":"max-video-preview:-1"},"canonical":"https:\/\/buscoequipomedico.com\/?product=camilla-hidraulica-de-transferencia-con-superficie-radiotransparente","og_locale":"es_ES","og_type":"article","og_title":"CAMILLA HIDRAULICA DE TRANSFERENCIA CON SUPERFICIE RADIOTRANSPARENTE - Tu mejor opci\u00f3n Equipo M\u00e9dico M\u00e9xico","og_description":"El marco de la cama es de acero con revestimiento. Toda la superficie de la cama est\u00e1 fabricada para que se pueda hacer la toma de Rayos X. La base de la cama est\u00e1 fabricada a base de pl\u00e1stico ABS. Cuenta con cuatro parachoques, cada una en las esquinas de la camilla. Cobertura inferior de la cama est\u00e1n hechas de ABS para la carga de tanques de ox\u00edgeno y art\u00edculos de emergencia.","og_url":"https:\/\/buscoequipomedico.com\/?product=camilla-hidraulica-de-transferencia-con-superficie-radiotransparente","og_site_name":"Tu mejor opci\u00f3n Equipo M\u00e9dico M\u00e9xico","article_modified_time":"2020-02-18T07:32:34+00:00","og_image":[{"width":800,"height":800,"url":"https:\/\/buscoequipomedico.com\/wp-content\/uploads\/2020\/02\/camilla-hidraulica-de-transferencia-con-superficie-radiotransparente-el-marco-de-la-cama-es-de-acero-con-revestimiento-toda-la-s.jpg","type":"image\/png"}],"twitter_card":"summary_large_image","twitter_misc":{"Tiempo de lectura":"1 minuto"},"schema":{"@context":"https:\/\/schema.org","@graph":[{"@type":"WebPage","@id":"https:\/\/buscoequipomedico.com\/?product=camilla-hidraulica-de-transferencia-con-superficie-radiotransparente","url":"https:\/\/buscoequipomedico.com\/?product=camilla-hidraulica-de-transferencia-con-superficie-radiotransparente","name":"CAMILLA HIDRAULICA DE TRANSFERENCIA CON SUPERFICIE RADIOTRANSPARENTE - Tu mejor opci\u00f3n Equipo M\u00e9dico M\u00e9xico","isPartOf":{"@id":"https:\/\/buscoequipomedico.com\/#website"},"primaryImageOfPage":{"@id":"https:\/\/buscoequipomedico.com\/?product=camilla-hidraulica-de-transferencia-con-superficie-radiotransparente#primaryimage"},"image":{"@id":"https:\/\/buscoequipomedico.com\/?product=camilla-hidraulica-de-transferencia-con-superficie-radiotransparente#primaryimage"},"thumbnailUrl":"https:\/\/buscoequipomedico.com\/wp-content\/uploads\/2020\/02\/camilla-hidraulica-de-transferencia-con-superficie-radiotransparente-el-marco-de-la-cama-es-de-acero-con-revestimiento-toda-la-s.jpg","datePublished":"2020-02-18T07:32:32+00:00","dateModified":"2020-02-18T07:32:34+00:00","breadcrumb":{"@id":"https:\/\/buscoequipomedico.com\/?product=camilla-hidraulica-de-transferencia-con-superficie-radiotransparente#breadcrumb"},"inLanguage":"es","potentialAction":[{"@type":"ReadAction","target":["https:\/\/buscoequipomedico.com\/?product=camilla-hidraulica-de-transferencia-con-superficie-radiotransparente"]}]},{"@type":"ImageObject","inLanguage":"es","@id":"https:\/\/buscoequipomedico.com\/?product=camilla-hidraulica-de-transferencia-con-superficie-radiotransparente#primaryimage","url":"https:\/\/buscoequipomedico.com\/wp-content\/uploads\/2020\/02\/camilla-hidraulica-de-transferencia-con-superficie-radiotransparente-el-marco-de-la-cama-es-de-acero-con-revestimiento-toda-la-s.jpg","contentUrl":"https:\/\/buscoequipomedico.com\/wp-content\/uploads\/2020\/02\/camilla-hidraulica-de-transferencia-con-superficie-radiotransparente-el-marco-de-la-cama-es-de-acero-con-revestimiento-toda-la-s.jpg","width":800,"height":800},{"@type":"BreadcrumbList","@id":"https:\/\/buscoequipomedico.com\/?product=camilla-hidraulica-de-transferencia-con-superficie-radiotransparente#breadcrumb","itemListElement":[{"@type":"ListItem","position":1,"name":"Productos","item":"https:\/\/buscoequipomedico.com\/shop\/"},{"@type":"ListItem","position":2,"name":"CAMILLA HIDRAULICA DE TRANSFERENCIA CON SUPERFICIE RADIOTRANSPARENTE"}]},{"@type":"WebSite","@id":"https:\/\/buscoequipomedico.com\/#website","url":"https:\/\/buscoequipomedico.com\/","name":"Tu mejor opci\u00f3n Equipo M\u00e9dico M\u00e9xico","description":"Tienda de equipo m\u00e9dico","publisher":{"@id":"https:\/\/buscoequipomedico.com\/#organization"},"potentialAction":[{"@type":"SearchAction","target":{"@type":"EntryPoint","urlTemplate":"https:\/\/buscoequipomedico.com\/?s={search_term_string}"},"query-input":{"@type":"PropertyValueSpecification","valueRequired":true,"valueName":"search_term_string"}}],"inLanguage":"es"},{"@type":"Organization","@id":"https:\/\/buscoequipomedico.com\/#organization","name":"Tu mejor opci\u00f3n Equipo M\u00e9dico M\u00e9xico","url":"https:\/\/buscoequipomedico.com\/","logo":{"@type":"ImageObject","inLanguage":"es","@id":"https:\/\/buscoequipomedico.com\/#\/schema\/logo\/image\/","url":"https:\/\/buscoequipomedico.com\/wp-content\/uploads\/2021\/07\/EMM-VPrincipal-scaled.jpg","contentUrl":"https:\/\/buscoequipomedico.com\/wp-content\/uploads\/2021\/07\/EMM-VPrincipal-scaled.jpg","width":2560,"height":1058,"caption":"Tu mejor opci\u00f3n Equipo M\u00e9dico M\u00e9xico"},"image":{"@id":"https:\/\/buscoequipomedico.com\/#\/schema\/logo\/image\/"}}]}},"_links":{"self":[{"href":"https:\/\/buscoequipomedico.com\/index.php?rest_route=\/wp\/v2\/product\/11359","targetHints":{"allow":["GET"]}}],"collection":[{"href":"https:\/\/buscoequipomedico.com\/index.php?rest_route=\/wp\/v2\/product"}],"about":[{"href":"https:\/\/buscoequipomedico.com\/index.php?rest_route=\/wp\/v2\/types\/product"}],"wp:featuredmedia":[{"embeddable":true,"href":"https:\/\/buscoequipomedico.com\/index.php?rest_route=\/wp\/v2\/media\/11360"}],"wp:attachment":[{"href":"https:\/\/buscoequipomedico.com\/index.php?rest_route=%2Fwp%2Fv2%2Fmedia&parent=11359"}],"wp:term":[{"taxonomy":"product_brand","embeddable":true,"href":"https:\/\/buscoequipomedico.com\/index.php?rest_route=%2Fwp%2Fv2%2Fproduct_brand&post=11359"},{"taxonomy":"product_cat","embeddable":true,"href":"https:\/\/buscoequipomedico.com\/index.php?rest_route=%2Fwp%2Fv2%2Fproduct_cat&post=11359"},{"taxonomy":"product_tag","embeddable":true,"href":"https:\/\/buscoequipomedico.com\/index.php?rest_route=%2Fwp%2Fv2%2Fproduct_tag&post=11359"}],"curies":[{"name":"wp","href":"https:\/\/api.w.org\/{rel}","templated":true}]}}