{"id":11361,"date":"2020-02-18T07:32:32","date_gmt":"2020-02-18T07:32:32","guid":{"rendered":"https:\/\/equipomedicomexico-com.preview-domain.com\/product\/camilla-hidraulica-de-transferencia-con-superficie-radiotransparente-2\/"},"modified":"2020-02-18T07:32:34","modified_gmt":"2020-02-18T07:32:34","slug":"camilla-hidraulica-de-transferencia-con-superficie-radiotransparente-2","status":"publish","type":"product","link":"https:\/\/buscoequipomedico.com\/?product=camilla-hidraulica-de-transferencia-con-superficie-radiotransparente-2","title":{"rendered":"CAMILLA HIDRAULICA DE TRANSFERENCIA CON SUPERFICIE RADIOTRANSPARENTE"},"content":{"rendered":"<p>Cama El\u00e9ctrica de 3 posiciones con Controles en el Barandal.<\/p>\n<\/p>\n<p>\u00bb Fabricado a base polvo de acero.<\/p>\n<p>\u00bb La superficie de la cama as\u00ed como los barandales est\u00e1n fabricados a base pl\u00e1stico ABS.<\/p>\n<p>\u00bb Los controles de la cama se encuentran en los barandales.<\/p>\n<p>\u00bb Cama de m\u00faltiples funciones que permite brindar un nivel m\u00e1s alto de cuidados m\u00e9dicos y hospitalarios.<\/p>\n<p>\u00bb Los barandales brindan protecci\u00f3n ante movimientos bruscos e inesperados.<\/p>\n<p>\u00bb Sus ruedas permiten la movilidad de la cama, lo que facilita la limpieza y da cierta al paciente.<\/p>\n<p>\u00bb Al colocar el freno, se impide cualquier tipo de movimiento.<\/p>\n<p>\u00bb Cuenta con la certificaci\u00f3n CE, LVD, EMC, GMP y la<\/p>\n<p>\u00bb Dise\u00f1ada para la c\u00f3moda estancia del paciente en el hospital u hogar.<\/p>\n<p>\u00bb Su sistema de ajuste el\u00e9ctrico permite que el paciente se acomode a su gusto sin requerir de la ayuda de terceros.<\/p>\n<p>\u00bb Dimensiones de la cama: 211.5 cm de largo x 110 de ancho.<\/p>\n<p>\u00bb Base de la cama: 194 cm de largo x 92.5 cm de ancho.<\/p>\n<p>\u00bb Altura de la base de la cama: 45-75 cm.<\/p>\n<p>\u00bb Altura ajustable: 30 cm.<\/p>\n<p>\u00bb \u00c1ngulo de elevaci\u00f3n de la cabeza: 0-80\u00c2\u00b0.<\/p>\n<p>\u00bb \u00c1ngulo de elevaci\u00f3n de las rodillas: 0-35\u00c2\u00b0.<\/p>\n","protected":false},"excerpt":{"rendered":"<h4>Cama El\u00e9ctrica Hospitalaria Joson Care 3 Posiciones Rango de Altura 45-75 cm<\/h4>\n<h4>Cama El\u00e9ctrica de 3 posiciones con Controles en el Barandal.<\/h4>\n<h4>\u00a0Fabricado a base polvo de acero.<\/h4>\n<h4>La superficie de la cama as\u00ed como los barandales est\u00e1n fabricados a base pl\u00e1stico ABS.<\/h4>\n<h4>Los controles de la cama se encuentran en los barandales.<\/h4>\n","protected":false},"featured_media":11362,"template":"","meta":{"_joinchat":[]},"product_brand":[],"product_cat":[196],"product_tag":[],"class_list":{"0":"post-11361","1":"product","2":"type-product","3":"status-publish","4":"has-post-thumbnail","6":"product_cat-camas","7":"pa_marca-joson-care","9":"first","10":"instock","11":"purchasable","12":"product-type-simple"},"yoast_head":"<!-- This site is optimized with the Yoast SEO plugin v25.1 - https:\/\/yoast.com\/wordpress\/plugins\/seo\/ -->\n<title>CAMILLA HIDRAULICA DE TRANSFERENCIA CON SUPERFICIE RADIOTRANSPARENTE - Tu mejor opci\u00f3n Equipo M\u00e9dico M\u00e9xico<\/title>\n<meta name=\"robots\" content=\"index, follow, max-snippet:-1, max-image-preview:large, max-video-preview:-1\" \/>\n<link rel=\"canonical\" href=\"https:\/\/buscoequipomedico.com\/?product=camilla-hidraulica-de-transferencia-con-superficie-radiotransparente-2\" \/>\n<meta property=\"og:locale\" content=\"es_ES\" \/>\n<meta property=\"og:type\" content=\"article\" \/>\n<meta property=\"og:title\" content=\"CAMILLA HIDRAULICA DE TRANSFERENCIA CON SUPERFICIE RADIOTRANSPARENTE - Tu mejor opci\u00f3n Equipo M\u00e9dico M\u00e9xico\" \/>\n<meta property=\"og:description\" content=\"Cama El\u00e9ctrica Hospitalaria Joson Care 3 Posiciones Rango de Altura 45-75 cm Cama El\u00e9ctrica de 3 posiciones con Controles en el Barandal. \u00a0Fabricado a base polvo de acero. La superficie de la cama as\u00ed como los barandales est\u00e1n fabricados a base pl\u00e1stico ABS. Los controles de la cama se encuentran en los barandales.\" \/>\n<meta property=\"og:url\" content=\"https:\/\/buscoequipomedico.com\/?product=camilla-hidraulica-de-transferencia-con-superficie-radiotransparente-2\" \/>\n<meta property=\"og:site_name\" content=\"Tu mejor opci\u00f3n Equipo M\u00e9dico M\u00e9xico\" \/>\n<meta property=\"article:modified_time\" content=\"2020-02-18T07:32:34+00:00\" \/>\n<meta property=\"og:image\" content=\"https:\/\/buscoequipomedico.com\/wp-content\/uploads\/2020\/02\/camilla-hidraulica-de-transferencia-con-superficie-radiotransparente-cama-electrica-hospitalaria-joson-care-3-posiciones-rango-d.jpg\" \/>\n\t<meta property=\"og:image:width\" content=\"800\" \/>\n\t<meta property=\"og:image:height\" content=\"800\" \/>\n\t<meta property=\"og:image:type\" content=\"image\/png\" \/>\n<meta name=\"twitter:card\" content=\"summary_large_image\" \/>\n<meta name=\"twitter:label1\" content=\"Tiempo de lectura\" \/>\n\t<meta name=\"twitter:data1\" content=\"1 minuto\" \/>\n<script type=\"application\/ld+json\" class=\"yoast-schema-graph\">{\"@context\":\"https:\/\/schema.org\",\"@graph\":[{\"@type\":\"WebPage\",\"@id\":\"https:\/\/buscoequipomedico.com\/?product=camilla-hidraulica-de-transferencia-con-superficie-radiotransparente-2\",\"url\":\"https:\/\/buscoequipomedico.com\/?product=camilla-hidraulica-de-transferencia-con-superficie-radiotransparente-2\",\"name\":\"CAMILLA HIDRAULICA DE TRANSFERENCIA CON SUPERFICIE RADIOTRANSPARENTE - Tu mejor opci\u00f3n Equipo M\u00e9dico M\u00e9xico\",\"isPartOf\":{\"@id\":\"https:\/\/buscoequipomedico.com\/#website\"},\"primaryImageOfPage\":{\"@id\":\"https:\/\/buscoequipomedico.com\/?product=camilla-hidraulica-de-transferencia-con-superficie-radiotransparente-2#primaryimage\"},\"image\":{\"@id\":\"https:\/\/buscoequipomedico.com\/?product=camilla-hidraulica-de-transferencia-con-superficie-radiotransparente-2#primaryimage\"},\"thumbnailUrl\":\"https:\/\/buscoequipomedico.com\/wp-content\/uploads\/2020\/02\/camilla-hidraulica-de-transferencia-con-superficie-radiotransparente-cama-electrica-hospitalaria-joson-care-3-posiciones-rango-d.jpg\",\"datePublished\":\"2020-02-18T07:32:32+00:00\",\"dateModified\":\"2020-02-18T07:32:34+00:00\",\"breadcrumb\":{\"@id\":\"https:\/\/buscoequipomedico.com\/?product=camilla-hidraulica-de-transferencia-con-superficie-radiotransparente-2#breadcrumb\"},\"inLanguage\":\"es\",\"potentialAction\":[{\"@type\":\"ReadAction\",\"target\":[\"https:\/\/buscoequipomedico.com\/?product=camilla-hidraulica-de-transferencia-con-superficie-radiotransparente-2\"]}]},{\"@type\":\"ImageObject\",\"inLanguage\":\"es\",\"@id\":\"https:\/\/buscoequipomedico.com\/?product=camilla-hidraulica-de-transferencia-con-superficie-radiotransparente-2#primaryimage\",\"url\":\"https:\/\/buscoequipomedico.com\/wp-content\/uploads\/2020\/02\/camilla-hidraulica-de-transferencia-con-superficie-radiotransparente-cama-electrica-hospitalaria-joson-care-3-posiciones-rango-d.jpg\",\"contentUrl\":\"https:\/\/buscoequipomedico.com\/wp-content\/uploads\/2020\/02\/camilla-hidraulica-de-transferencia-con-superficie-radiotransparente-cama-electrica-hospitalaria-joson-care-3-posiciones-rango-d.jpg\",\"width\":800,\"height\":800},{\"@type\":\"BreadcrumbList\",\"@id\":\"https:\/\/buscoequipomedico.com\/?product=camilla-hidraulica-de-transferencia-con-superficie-radiotransparente-2#breadcrumb\",\"itemListElement\":[{\"@type\":\"ListItem\",\"position\":1,\"name\":\"Productos\",\"item\":\"https:\/\/buscoequipomedico.com\/shop\/\"},{\"@type\":\"ListItem\",\"position\":2,\"name\":\"CAMILLA HIDRAULICA DE TRANSFERENCIA CON SUPERFICIE RADIOTRANSPARENTE\"}]},{\"@type\":\"WebSite\",\"@id\":\"https:\/\/buscoequipomedico.com\/#website\",\"url\":\"https:\/\/buscoequipomedico.com\/\",\"name\":\"Tu mejor opci\u00f3n Equipo M\u00e9dico M\u00e9xico\",\"description\":\"Tienda de equipo m\u00e9dico\",\"publisher\":{\"@id\":\"https:\/\/buscoequipomedico.com\/#organization\"},\"potentialAction\":[{\"@type\":\"SearchAction\",\"target\":{\"@type\":\"EntryPoint\",\"urlTemplate\":\"https:\/\/buscoequipomedico.com\/?s={search_term_string}\"},\"query-input\":{\"@type\":\"PropertyValueSpecification\",\"valueRequired\":true,\"valueName\":\"search_term_string\"}}],\"inLanguage\":\"es\"},{\"@type\":\"Organization\",\"@id\":\"https:\/\/buscoequipomedico.com\/#organization\",\"name\":\"Tu mejor opci\u00f3n Equipo M\u00e9dico M\u00e9xico\",\"url\":\"https:\/\/buscoequipomedico.com\/\",\"logo\":{\"@type\":\"ImageObject\",\"inLanguage\":\"es\",\"@id\":\"https:\/\/buscoequipomedico.com\/#\/schema\/logo\/image\/\",\"url\":\"https:\/\/buscoequipomedico.com\/wp-content\/uploads\/2021\/07\/EMM-VPrincipal-scaled.jpg\",\"contentUrl\":\"https:\/\/buscoequipomedico.com\/wp-content\/uploads\/2021\/07\/EMM-VPrincipal-scaled.jpg\",\"width\":2560,\"height\":1058,\"caption\":\"Tu mejor opci\u00f3n Equipo M\u00e9dico M\u00e9xico\"},\"image\":{\"@id\":\"https:\/\/buscoequipomedico.com\/#\/schema\/logo\/image\/\"}}]}<\/script>\n<!-- \/ Yoast SEO plugin. -->","yoast_head_json":{"title":"CAMILLA HIDRAULICA DE TRANSFERENCIA CON SUPERFICIE RADIOTRANSPARENTE - Tu mejor opci\u00f3n Equipo M\u00e9dico M\u00e9xico","robots":{"index":"index","follow":"follow","max-snippet":"max-snippet:-1","max-image-preview":"max-image-preview:large","max-video-preview":"max-video-preview:-1"},"canonical":"https:\/\/buscoequipomedico.com\/?product=camilla-hidraulica-de-transferencia-con-superficie-radiotransparente-2","og_locale":"es_ES","og_type":"article","og_title":"CAMILLA HIDRAULICA DE TRANSFERENCIA CON SUPERFICIE RADIOTRANSPARENTE - Tu mejor opci\u00f3n Equipo M\u00e9dico M\u00e9xico","og_description":"Cama El\u00e9ctrica Hospitalaria Joson Care 3 Posiciones Rango de Altura 45-75 cm Cama El\u00e9ctrica de 3 posiciones con Controles en el Barandal. \u00a0Fabricado a base polvo de acero. La superficie de la cama as\u00ed como los barandales est\u00e1n fabricados a base pl\u00e1stico ABS. Los controles de la cama se encuentran en los barandales.","og_url":"https:\/\/buscoequipomedico.com\/?product=camilla-hidraulica-de-transferencia-con-superficie-radiotransparente-2","og_site_name":"Tu mejor opci\u00f3n Equipo M\u00e9dico M\u00e9xico","article_modified_time":"2020-02-18T07:32:34+00:00","og_image":[{"width":800,"height":800,"url":"https:\/\/buscoequipomedico.com\/wp-content\/uploads\/2020\/02\/camilla-hidraulica-de-transferencia-con-superficie-radiotransparente-cama-electrica-hospitalaria-joson-care-3-posiciones-rango-d.jpg","type":"image\/png"}],"twitter_card":"summary_large_image","twitter_misc":{"Tiempo de lectura":"1 minuto"},"schema":{"@context":"https:\/\/schema.org","@graph":[{"@type":"WebPage","@id":"https:\/\/buscoequipomedico.com\/?product=camilla-hidraulica-de-transferencia-con-superficie-radiotransparente-2","url":"https:\/\/buscoequipomedico.com\/?product=camilla-hidraulica-de-transferencia-con-superficie-radiotransparente-2","name":"CAMILLA HIDRAULICA DE TRANSFERENCIA CON SUPERFICIE RADIOTRANSPARENTE - Tu mejor opci\u00f3n Equipo M\u00e9dico M\u00e9xico","isPartOf":{"@id":"https:\/\/buscoequipomedico.com\/#website"},"primaryImageOfPage":{"@id":"https:\/\/buscoequipomedico.com\/?product=camilla-hidraulica-de-transferencia-con-superficie-radiotransparente-2#primaryimage"},"image":{"@id":"https:\/\/buscoequipomedico.com\/?product=camilla-hidraulica-de-transferencia-con-superficie-radiotransparente-2#primaryimage"},"thumbnailUrl":"https:\/\/buscoequipomedico.com\/wp-content\/uploads\/2020\/02\/camilla-hidraulica-de-transferencia-con-superficie-radiotransparente-cama-electrica-hospitalaria-joson-care-3-posiciones-rango-d.jpg","datePublished":"2020-02-18T07:32:32+00:00","dateModified":"2020-02-18T07:32:34+00:00","breadcrumb":{"@id":"https:\/\/buscoequipomedico.com\/?product=camilla-hidraulica-de-transferencia-con-superficie-radiotransparente-2#breadcrumb"},"inLanguage":"es","potentialAction":[{"@type":"ReadAction","target":["https:\/\/buscoequipomedico.com\/?product=camilla-hidraulica-de-transferencia-con-superficie-radiotransparente-2"]}]},{"@type":"ImageObject","inLanguage":"es","@id":"https:\/\/buscoequipomedico.com\/?product=camilla-hidraulica-de-transferencia-con-superficie-radiotransparente-2#primaryimage","url":"https:\/\/buscoequipomedico.com\/wp-content\/uploads\/2020\/02\/camilla-hidraulica-de-transferencia-con-superficie-radiotransparente-cama-electrica-hospitalaria-joson-care-3-posiciones-rango-d.jpg","contentUrl":"https:\/\/buscoequipomedico.com\/wp-content\/uploads\/2020\/02\/camilla-hidraulica-de-transferencia-con-superficie-radiotransparente-cama-electrica-hospitalaria-joson-care-3-posiciones-rango-d.jpg","width":800,"height":800},{"@type":"BreadcrumbList","@id":"https:\/\/buscoequipomedico.com\/?product=camilla-hidraulica-de-transferencia-con-superficie-radiotransparente-2#breadcrumb","itemListElement":[{"@type":"ListItem","position":1,"name":"Productos","item":"https:\/\/buscoequipomedico.com\/shop\/"},{"@type":"ListItem","position":2,"name":"CAMILLA HIDRAULICA DE TRANSFERENCIA CON SUPERFICIE RADIOTRANSPARENTE"}]},{"@type":"WebSite","@id":"https:\/\/buscoequipomedico.com\/#website","url":"https:\/\/buscoequipomedico.com\/","name":"Tu mejor opci\u00f3n Equipo M\u00e9dico M\u00e9xico","description":"Tienda de equipo m\u00e9dico","publisher":{"@id":"https:\/\/buscoequipomedico.com\/#organization"},"potentialAction":[{"@type":"SearchAction","target":{"@type":"EntryPoint","urlTemplate":"https:\/\/buscoequipomedico.com\/?s={search_term_string}"},"query-input":{"@type":"PropertyValueSpecification","valueRequired":true,"valueName":"search_term_string"}}],"inLanguage":"es"},{"@type":"Organization","@id":"https:\/\/buscoequipomedico.com\/#organization","name":"Tu mejor opci\u00f3n Equipo M\u00e9dico M\u00e9xico","url":"https:\/\/buscoequipomedico.com\/","logo":{"@type":"ImageObject","inLanguage":"es","@id":"https:\/\/buscoequipomedico.com\/#\/schema\/logo\/image\/","url":"https:\/\/buscoequipomedico.com\/wp-content\/uploads\/2021\/07\/EMM-VPrincipal-scaled.jpg","contentUrl":"https:\/\/buscoequipomedico.com\/wp-content\/uploads\/2021\/07\/EMM-VPrincipal-scaled.jpg","width":2560,"height":1058,"caption":"Tu mejor opci\u00f3n Equipo M\u00e9dico M\u00e9xico"},"image":{"@id":"https:\/\/buscoequipomedico.com\/#\/schema\/logo\/image\/"}}]}},"_links":{"self":[{"href":"https:\/\/buscoequipomedico.com\/index.php?rest_route=\/wp\/v2\/product\/11361","targetHints":{"allow":["GET"]}}],"collection":[{"href":"https:\/\/buscoequipomedico.com\/index.php?rest_route=\/wp\/v2\/product"}],"about":[{"href":"https:\/\/buscoequipomedico.com\/index.php?rest_route=\/wp\/v2\/types\/product"}],"wp:featuredmedia":[{"embeddable":true,"href":"https:\/\/buscoequipomedico.com\/index.php?rest_route=\/wp\/v2\/media\/11362"}],"wp:attachment":[{"href":"https:\/\/buscoequipomedico.com\/index.php?rest_route=%2Fwp%2Fv2%2Fmedia&parent=11361"}],"wp:term":[{"taxonomy":"product_brand","embeddable":true,"href":"https:\/\/buscoequipomedico.com\/index.php?rest_route=%2Fwp%2Fv2%2Fproduct_brand&post=11361"},{"taxonomy":"product_cat","embeddable":true,"href":"https:\/\/buscoequipomedico.com\/index.php?rest_route=%2Fwp%2Fv2%2Fproduct_cat&post=11361"},{"taxonomy":"product_tag","embeddable":true,"href":"https:\/\/buscoequipomedico.com\/index.php?rest_route=%2Fwp%2Fv2%2Fproduct_tag&post=11361"}],"curies":[{"name":"wp","href":"https:\/\/api.w.org\/{rel}","templated":true}]}}