{"id":11371,"date":"2020-02-18T07:32:32","date_gmt":"2020-02-18T07:32:32","guid":{"rendered":"https:\/\/equipomedicomexico-com.preview-domain.com\/product\/cama-super-lujo-linak-motor-icu-funcion-de-trendelemburg\/"},"modified":"2020-02-18T07:32:35","modified_gmt":"2020-02-18T07:32:35","slug":"cama-super-lujo-linak-motor-icu-funcion-de-trendelemburg","status":"publish","type":"product","link":"https:\/\/buscoequipomedico.com\/?product=cama-super-lujo-linak-motor-icu-funcion-de-trendelemburg","title":{"rendered":"CAMA SUPER \u2013 LUJO \u2013 LINAK MOTOR ICU FUNCION DE TRENDELEMBURG"},"content":{"rendered":"<p>\u25ca BATERIA DE RECARGABLE<\/p>\n<p>\u25ca COLCHON (MATT \u2013 3) ESPECIAL DE MEDIO REPULSION Y ALMOHADA AMPLIO<\/p>\n<p>\u25ca MOTOR DE MARCA: LINAK (MADE IN DINAMARCA) MEJOR MARCA DE MOTOR<\/p>\n<p>\u25ca POSICION DE TIPO SEMI \u2013 SILLA<\/p>\n<p>\u25ca CONTROL REMOTO EN BARRANDAL &#8211; 4 LADOS DE LA CAMA<\/p>\n<p>\u25ca BARRANDAL DE ABS &#8211; 4 PCS (DOBLE CADA LADO DE LA CAMA)<\/p>\n<p>MESA DE ALIMENTOS DE ALTURA VARIABLE, PORTA SUERO<\/p>\n<p>FRENO DE PIE ONE TOUCH &#8211; 2 PCS<\/p>\n<p><strong>Caracter\u00edsticas:<\/strong><\/p>\n<p>Un interruptor de mano puede usarse para ajustar el \u00e1ngulo creciente de la espalda (m\u00e1x. 80 grados)<\/p>\n<p>La parte m\u00e1s baja de la cama son 25 cm sobre del suelo. La cama es ajustable a la altura diferente, hasta el punto m\u00e1s alto de 81 cm. sobre el suelo.<\/p>\n<p>Cuando se eleva la parte de la espalda, debe de haber una cierta inclinaci\u00f3n de cerca de 5 grados en la parte de la cintura para evitar que resbale el cuerpo.<\/p>\n<p>Posee un sistema de cuatro ruedas giratorias que son f\u00e1cilmente frenadas o liberadas, usando un pedal de un toque. Esto es muy conveniente para poder mover la cama.<\/p>\n<p>Sistema basado en corriente directa por medio de dispositivos el\u00e9ctricos y una bater\u00eda, el cual proporciona muy bajo ruido, seguridad y larga vida de servicio<\/p>\n<p>Puede solicitar con colch\u00f3n tipo\u00a03<\/p>\n","protected":false},"excerpt":{"rendered":"<p>\u25ca BATERIA DE RECARGABLE<\/p>\n<p>\u25ca COLCHON (MATT \u2013 3) ESPECIAL DE MEDIO REPULSION Y ALMOHADA AMPLIO<\/p>\n<p>\u25ca MOTOR DE MARCA: LINAK (MADE IN DINAMARCA) MEJOR MARCA DE MOTOR<\/p>\n","protected":false},"featured_media":11372,"template":"","meta":{"_joinchat":[]},"product_brand":[],"product_cat":[196,197],"product_tag":[],"class_list":{"0":"post-11371","1":"product","2":"type-product","3":"status-publish","4":"has-post-thumbnail","6":"product_cat-camas","7":"product_cat-camas-electricas","9":"first","10":"instock","11":"purchasable","12":"product-type-simple"},"yoast_head":"<!-- This site is optimized with the Yoast SEO plugin v25.1 - https:\/\/yoast.com\/wordpress\/plugins\/seo\/ -->\n<title>CAMA SUPER \u2013 LUJO \u2013 LINAK MOTOR ICU FUNCION DE TRENDELEMBURG - Tu mejor opci\u00f3n Equipo M\u00e9dico M\u00e9xico<\/title>\n<meta name=\"robots\" content=\"index, follow, max-snippet:-1, max-image-preview:large, max-video-preview:-1\" \/>\n<link rel=\"canonical\" href=\"https:\/\/buscoequipomedico.com\/?product=cama-super-lujo-linak-motor-icu-funcion-de-trendelemburg\" \/>\n<meta property=\"og:locale\" content=\"es_ES\" \/>\n<meta property=\"og:type\" content=\"article\" \/>\n<meta property=\"og:title\" content=\"CAMA SUPER \u2013 LUJO \u2013 LINAK MOTOR ICU FUNCION DE TRENDELEMBURG - Tu mejor opci\u00f3n Equipo M\u00e9dico M\u00e9xico\" \/>\n<meta property=\"og:description\" content=\"\u25ca BATERIA DE RECARGABLE \u25ca COLCHON (MATT \u2013 3) ESPECIAL DE MEDIO REPULSION Y ALMOHADA AMPLIO \u25ca MOTOR DE MARCA: LINAK (MADE IN DINAMARCA) MEJOR MARCA DE MOTOR\" \/>\n<meta property=\"og:url\" content=\"https:\/\/buscoequipomedico.com\/?product=cama-super-lujo-linak-motor-icu-funcion-de-trendelemburg\" \/>\n<meta property=\"og:site_name\" content=\"Tu mejor opci\u00f3n Equipo M\u00e9dico M\u00e9xico\" \/>\n<meta property=\"article:modified_time\" content=\"2020-02-18T07:32:35+00:00\" \/>\n<meta property=\"og:image\" content=\"https:\/\/buscoequipomedico.com\/wp-content\/uploads\/2020\/02\/cama-super-lujo-linak-motor-icu-funcion-de-trendelemburg-bateria-de-recargable-colchon-matt-3-especial-de-medio-repulsion-y-almo.jpg\" \/>\n\t<meta property=\"og:image:width\" content=\"800\" \/>\n\t<meta property=\"og:image:height\" content=\"800\" \/>\n\t<meta property=\"og:image:type\" content=\"image\/png\" \/>\n<meta name=\"twitter:card\" content=\"summary_large_image\" \/>\n<meta name=\"twitter:label1\" content=\"Tiempo de lectura\" \/>\n\t<meta name=\"twitter:data1\" content=\"1 minuto\" \/>\n<script type=\"application\/ld+json\" class=\"yoast-schema-graph\">{\"@context\":\"https:\/\/schema.org\",\"@graph\":[{\"@type\":\"WebPage\",\"@id\":\"https:\/\/buscoequipomedico.com\/?product=cama-super-lujo-linak-motor-icu-funcion-de-trendelemburg\",\"url\":\"https:\/\/buscoequipomedico.com\/?product=cama-super-lujo-linak-motor-icu-funcion-de-trendelemburg\",\"name\":\"CAMA SUPER \u2013 LUJO \u2013 LINAK MOTOR ICU FUNCION DE TRENDELEMBURG - Tu mejor opci\u00f3n Equipo M\u00e9dico M\u00e9xico\",\"isPartOf\":{\"@id\":\"https:\/\/buscoequipomedico.com\/#website\"},\"primaryImageOfPage\":{\"@id\":\"https:\/\/buscoequipomedico.com\/?product=cama-super-lujo-linak-motor-icu-funcion-de-trendelemburg#primaryimage\"},\"image\":{\"@id\":\"https:\/\/buscoequipomedico.com\/?product=cama-super-lujo-linak-motor-icu-funcion-de-trendelemburg#primaryimage\"},\"thumbnailUrl\":\"https:\/\/buscoequipomedico.com\/wp-content\/uploads\/2020\/02\/cama-super-lujo-linak-motor-icu-funcion-de-trendelemburg-bateria-de-recargable-colchon-matt-3-especial-de-medio-repulsion-y-almo.jpg\",\"datePublished\":\"2020-02-18T07:32:32+00:00\",\"dateModified\":\"2020-02-18T07:32:35+00:00\",\"breadcrumb\":{\"@id\":\"https:\/\/buscoequipomedico.com\/?product=cama-super-lujo-linak-motor-icu-funcion-de-trendelemburg#breadcrumb\"},\"inLanguage\":\"es\",\"potentialAction\":[{\"@type\":\"ReadAction\",\"target\":[\"https:\/\/buscoequipomedico.com\/?product=cama-super-lujo-linak-motor-icu-funcion-de-trendelemburg\"]}]},{\"@type\":\"ImageObject\",\"inLanguage\":\"es\",\"@id\":\"https:\/\/buscoequipomedico.com\/?product=cama-super-lujo-linak-motor-icu-funcion-de-trendelemburg#primaryimage\",\"url\":\"https:\/\/buscoequipomedico.com\/wp-content\/uploads\/2020\/02\/cama-super-lujo-linak-motor-icu-funcion-de-trendelemburg-bateria-de-recargable-colchon-matt-3-especial-de-medio-repulsion-y-almo.jpg\",\"contentUrl\":\"https:\/\/buscoequipomedico.com\/wp-content\/uploads\/2020\/02\/cama-super-lujo-linak-motor-icu-funcion-de-trendelemburg-bateria-de-recargable-colchon-matt-3-especial-de-medio-repulsion-y-almo.jpg\",\"width\":800,\"height\":800},{\"@type\":\"BreadcrumbList\",\"@id\":\"https:\/\/buscoequipomedico.com\/?product=cama-super-lujo-linak-motor-icu-funcion-de-trendelemburg#breadcrumb\",\"itemListElement\":[{\"@type\":\"ListItem\",\"position\":1,\"name\":\"Productos\",\"item\":\"https:\/\/buscoequipomedico.com\/shop\/\"},{\"@type\":\"ListItem\",\"position\":2,\"name\":\"CAMA SUPER \u2013 LUJO \u2013 LINAK MOTOR ICU FUNCION DE TRENDELEMBURG\"}]},{\"@type\":\"WebSite\",\"@id\":\"https:\/\/buscoequipomedico.com\/#website\",\"url\":\"https:\/\/buscoequipomedico.com\/\",\"name\":\"Tu mejor opci\u00f3n Equipo M\u00e9dico M\u00e9xico\",\"description\":\"Tienda de equipo m\u00e9dico\",\"publisher\":{\"@id\":\"https:\/\/buscoequipomedico.com\/#organization\"},\"potentialAction\":[{\"@type\":\"SearchAction\",\"target\":{\"@type\":\"EntryPoint\",\"urlTemplate\":\"https:\/\/buscoequipomedico.com\/?s={search_term_string}\"},\"query-input\":{\"@type\":\"PropertyValueSpecification\",\"valueRequired\":true,\"valueName\":\"search_term_string\"}}],\"inLanguage\":\"es\"},{\"@type\":\"Organization\",\"@id\":\"https:\/\/buscoequipomedico.com\/#organization\",\"name\":\"Tu mejor opci\u00f3n Equipo M\u00e9dico M\u00e9xico\",\"url\":\"https:\/\/buscoequipomedico.com\/\",\"logo\":{\"@type\":\"ImageObject\",\"inLanguage\":\"es\",\"@id\":\"https:\/\/buscoequipomedico.com\/#\/schema\/logo\/image\/\",\"url\":\"https:\/\/buscoequipomedico.com\/wp-content\/uploads\/2021\/07\/EMM-VPrincipal-scaled.jpg\",\"contentUrl\":\"https:\/\/buscoequipomedico.com\/wp-content\/uploads\/2021\/07\/EMM-VPrincipal-scaled.jpg\",\"width\":2560,\"height\":1058,\"caption\":\"Tu mejor opci\u00f3n Equipo M\u00e9dico M\u00e9xico\"},\"image\":{\"@id\":\"https:\/\/buscoequipomedico.com\/#\/schema\/logo\/image\/\"}}]}<\/script>\n<!-- \/ Yoast SEO plugin. -->","yoast_head_json":{"title":"CAMA SUPER \u2013 LUJO \u2013 LINAK MOTOR ICU FUNCION DE TRENDELEMBURG - Tu mejor opci\u00f3n Equipo M\u00e9dico M\u00e9xico","robots":{"index":"index","follow":"follow","max-snippet":"max-snippet:-1","max-image-preview":"max-image-preview:large","max-video-preview":"max-video-preview:-1"},"canonical":"https:\/\/buscoequipomedico.com\/?product=cama-super-lujo-linak-motor-icu-funcion-de-trendelemburg","og_locale":"es_ES","og_type":"article","og_title":"CAMA SUPER \u2013 LUJO \u2013 LINAK MOTOR ICU FUNCION DE TRENDELEMBURG - Tu mejor opci\u00f3n Equipo M\u00e9dico M\u00e9xico","og_description":"\u25ca BATERIA DE RECARGABLE \u25ca COLCHON (MATT \u2013 3) ESPECIAL DE MEDIO REPULSION Y ALMOHADA AMPLIO \u25ca MOTOR DE MARCA: LINAK (MADE IN DINAMARCA) MEJOR MARCA DE MOTOR","og_url":"https:\/\/buscoequipomedico.com\/?product=cama-super-lujo-linak-motor-icu-funcion-de-trendelemburg","og_site_name":"Tu mejor opci\u00f3n Equipo M\u00e9dico M\u00e9xico","article_modified_time":"2020-02-18T07:32:35+00:00","og_image":[{"width":800,"height":800,"url":"https:\/\/buscoequipomedico.com\/wp-content\/uploads\/2020\/02\/cama-super-lujo-linak-motor-icu-funcion-de-trendelemburg-bateria-de-recargable-colchon-matt-3-especial-de-medio-repulsion-y-almo.jpg","type":"image\/png"}],"twitter_card":"summary_large_image","twitter_misc":{"Tiempo de lectura":"1 minuto"},"schema":{"@context":"https:\/\/schema.org","@graph":[{"@type":"WebPage","@id":"https:\/\/buscoequipomedico.com\/?product=cama-super-lujo-linak-motor-icu-funcion-de-trendelemburg","url":"https:\/\/buscoequipomedico.com\/?product=cama-super-lujo-linak-motor-icu-funcion-de-trendelemburg","name":"CAMA SUPER \u2013 LUJO \u2013 LINAK MOTOR ICU FUNCION DE TRENDELEMBURG - Tu mejor opci\u00f3n Equipo M\u00e9dico M\u00e9xico","isPartOf":{"@id":"https:\/\/buscoequipomedico.com\/#website"},"primaryImageOfPage":{"@id":"https:\/\/buscoequipomedico.com\/?product=cama-super-lujo-linak-motor-icu-funcion-de-trendelemburg#primaryimage"},"image":{"@id":"https:\/\/buscoequipomedico.com\/?product=cama-super-lujo-linak-motor-icu-funcion-de-trendelemburg#primaryimage"},"thumbnailUrl":"https:\/\/buscoequipomedico.com\/wp-content\/uploads\/2020\/02\/cama-super-lujo-linak-motor-icu-funcion-de-trendelemburg-bateria-de-recargable-colchon-matt-3-especial-de-medio-repulsion-y-almo.jpg","datePublished":"2020-02-18T07:32:32+00:00","dateModified":"2020-02-18T07:32:35+00:00","breadcrumb":{"@id":"https:\/\/buscoequipomedico.com\/?product=cama-super-lujo-linak-motor-icu-funcion-de-trendelemburg#breadcrumb"},"inLanguage":"es","potentialAction":[{"@type":"ReadAction","target":["https:\/\/buscoequipomedico.com\/?product=cama-super-lujo-linak-motor-icu-funcion-de-trendelemburg"]}]},{"@type":"ImageObject","inLanguage":"es","@id":"https:\/\/buscoequipomedico.com\/?product=cama-super-lujo-linak-motor-icu-funcion-de-trendelemburg#primaryimage","url":"https:\/\/buscoequipomedico.com\/wp-content\/uploads\/2020\/02\/cama-super-lujo-linak-motor-icu-funcion-de-trendelemburg-bateria-de-recargable-colchon-matt-3-especial-de-medio-repulsion-y-almo.jpg","contentUrl":"https:\/\/buscoequipomedico.com\/wp-content\/uploads\/2020\/02\/cama-super-lujo-linak-motor-icu-funcion-de-trendelemburg-bateria-de-recargable-colchon-matt-3-especial-de-medio-repulsion-y-almo.jpg","width":800,"height":800},{"@type":"BreadcrumbList","@id":"https:\/\/buscoequipomedico.com\/?product=cama-super-lujo-linak-motor-icu-funcion-de-trendelemburg#breadcrumb","itemListElement":[{"@type":"ListItem","position":1,"name":"Productos","item":"https:\/\/buscoequipomedico.com\/shop\/"},{"@type":"ListItem","position":2,"name":"CAMA SUPER \u2013 LUJO \u2013 LINAK MOTOR ICU FUNCION DE TRENDELEMBURG"}]},{"@type":"WebSite","@id":"https:\/\/buscoequipomedico.com\/#website","url":"https:\/\/buscoequipomedico.com\/","name":"Tu mejor opci\u00f3n Equipo M\u00e9dico M\u00e9xico","description":"Tienda de equipo m\u00e9dico","publisher":{"@id":"https:\/\/buscoequipomedico.com\/#organization"},"potentialAction":[{"@type":"SearchAction","target":{"@type":"EntryPoint","urlTemplate":"https:\/\/buscoequipomedico.com\/?s={search_term_string}"},"query-input":{"@type":"PropertyValueSpecification","valueRequired":true,"valueName":"search_term_string"}}],"inLanguage":"es"},{"@type":"Organization","@id":"https:\/\/buscoequipomedico.com\/#organization","name":"Tu mejor opci\u00f3n Equipo M\u00e9dico M\u00e9xico","url":"https:\/\/buscoequipomedico.com\/","logo":{"@type":"ImageObject","inLanguage":"es","@id":"https:\/\/buscoequipomedico.com\/#\/schema\/logo\/image\/","url":"https:\/\/buscoequipomedico.com\/wp-content\/uploads\/2021\/07\/EMM-VPrincipal-scaled.jpg","contentUrl":"https:\/\/buscoequipomedico.com\/wp-content\/uploads\/2021\/07\/EMM-VPrincipal-scaled.jpg","width":2560,"height":1058,"caption":"Tu mejor opci\u00f3n Equipo M\u00e9dico M\u00e9xico"},"image":{"@id":"https:\/\/buscoequipomedico.com\/#\/schema\/logo\/image\/"}}]}},"_links":{"self":[{"href":"https:\/\/buscoequipomedico.com\/index.php?rest_route=\/wp\/v2\/product\/11371","targetHints":{"allow":["GET"]}}],"collection":[{"href":"https:\/\/buscoequipomedico.com\/index.php?rest_route=\/wp\/v2\/product"}],"about":[{"href":"https:\/\/buscoequipomedico.com\/index.php?rest_route=\/wp\/v2\/types\/product"}],"wp:featuredmedia":[{"embeddable":true,"href":"https:\/\/buscoequipomedico.com\/index.php?rest_route=\/wp\/v2\/media\/11372"}],"wp:attachment":[{"href":"https:\/\/buscoequipomedico.com\/index.php?rest_route=%2Fwp%2Fv2%2Fmedia&parent=11371"}],"wp:term":[{"taxonomy":"product_brand","embeddable":true,"href":"https:\/\/buscoequipomedico.com\/index.php?rest_route=%2Fwp%2Fv2%2Fproduct_brand&post=11371"},{"taxonomy":"product_cat","embeddable":true,"href":"https:\/\/buscoequipomedico.com\/index.php?rest_route=%2Fwp%2Fv2%2Fproduct_cat&post=11371"},{"taxonomy":"product_tag","embeddable":true,"href":"https:\/\/buscoequipomedico.com\/index.php?rest_route=%2Fwp%2Fv2%2Fproduct_tag&post=11371"}],"curies":[{"name":"wp","href":"https:\/\/api.w.org\/{rel}","templated":true}]}}