{"id":11449,"date":"2020-02-18T07:32:43","date_gmt":"2020-02-18T07:32:43","guid":{"rendered":"https:\/\/equipomedicomexico-com.preview-domain.com\/product\/cama-hospitalaria-de-lujo-eko-mobility-ej100101\/"},"modified":"2020-02-18T07:32:49","modified_gmt":"2020-02-18T07:32:49","slug":"cama-hospitalaria-de-lujo-eko-mobility-ej100101","status":"publish","type":"product","link":"https:\/\/buscoequipomedico.com\/?product=cama-hospitalaria-de-lujo-eko-mobility-ej100101","title":{"rendered":"CAMA HOSPITALARIA DE LUJO, EKO-MOBILITY (EJ100101)"},"content":{"rendered":"<p><!-- [if !supportLists]--><span><span>\u00b7<span>\u00a0\u00a0\u00a0\u00a0\u00a0\u00a0\u00a0\u00a0 <\/span><\/span><\/span><!--[endif]-->Material acero esmaltado.<\/p>\n<\/p>\n<p><!-- [if !supportLists]--><span><span>\u00b7<span>\u00a0\u00a0\u00a0\u00a0\u00a0\u00a0\u00a0\u00a0 <\/span><\/span><\/span><!--[endif]-->Color beige<\/p>\n<\/p>\n<p><!-- [if !supportLists]--><span><span>\u00b7<span>\u00a0\u00a0\u00a0\u00a0\u00a0\u00a0\u00a0\u00a0 <\/span><\/span><\/span><!--[endif]-->Altura 50 cm. del piso a la base.<\/p>\n<\/p>\n<p><!-- [if !supportLists]--><span><span>\u00b7<span>\u00a0\u00a0\u00a0\u00a0\u00a0\u00a0\u00a0\u00a0 <\/span><\/span><\/span><!--[endif]-->Manijas cromadas para control de elevaci\u00f3n e inclinaci\u00f3n.<\/p>\n<\/p>\n<p><!-- [if !supportLists]--><span><span>\u00b7<span>\u00a0\u00a0\u00a0\u00a0\u00a0\u00a0\u00a0\u00a0 <\/span><\/span><\/span><!--[endif]-->Cabecera y piecera desmontables y fabricadas en ABS.<\/p>\n<\/p>\n<p><!-- [if !supportLists]--><span><span>\u00b7<span>\u00a0\u00a0\u00a0\u00a0\u00a0\u00a0\u00a0\u00a0 <\/span><\/span><\/span><!--[endif]-->Elevaci\u00f3n en cadera de 0\u00b0 a 45\u00b0<\/p>\n<\/p>\n<p><!-- [if !supportLists]--><span><span>\u00b7<span>\u00a0\u00a0\u00a0\u00a0\u00a0\u00a0\u00a0\u00a0 <\/span><\/span><\/span><!--[endif]-->Elevaci\u00f3n en respaldo 0\u00b0 a 80\u00b0<\/p>\n<\/p>\n<p><!-- [if !supportLists]--><span><span>\u00b7<span>\u00a0\u00a0\u00a0\u00a0\u00a0\u00a0\u00a0\u00a0 <\/span><\/span><\/span><!--[endif]-->Altura en piernas 0\u00b0 a 20\u00b0<\/p>\n<\/p>\n<p><!-- [if !supportLists]--><span><span>\u00b7<span>\u00a0\u00a0\u00a0\u00a0\u00a0\u00a0\u00a0\u00a0 <\/span><\/span><\/span><!--[endif]-->Ruedas s\u00f3lidas de 5 x 1.5&#8243; con recubrimiento de pl\u00e1stico<\/p>\n<\/p>\n<p><!-- [if !supportLists]--><span><span>\u00b7<span>\u00a0\u00a0\u00a0\u00a0\u00a0\u00a0\u00a0\u00a0 <\/span><\/span><\/span><!--[endif]-->Frenos de bloqueo en las cuatro ruedas<\/p>\n<\/p>\n<p><!-- [if !supportLists]--><span><span>\u00b7<span>\u00a0\u00a0\u00a0\u00a0\u00a0\u00a0\u00a0\u00a0 <\/span><\/span><\/span><!--[endif]-->Barandales laterales abatibles y fijos de acero 1.48 x 40 cm.<\/p>\n<\/p>\n<p><!-- [if !supportLists]--><span><span>\u00b7<span>\u00a0\u00a0\u00a0\u00a0\u00a0\u00a0\u00a0\u00a0 <\/span><\/span><\/span><!--[endif]-->Peso bruto 67.5 Kg.<\/p>\n<\/p>\n<p><!-- [if !supportLists]--><span><span>\u00b7<span>\u00a0\u00a0\u00a0\u00a0\u00a0\u00a0\u00a0\u00a0 <\/span><\/span><\/span><!--[endif]-->Peso neto 62.5 Kg.<\/p>\n<\/p>\n<p><!-- [if !supportLists]--><span><span>\u00b7<span>\u00a0\u00a0\u00a0\u00a0\u00a0\u00a0\u00a0\u00a0 <\/span><\/span><\/span><!--[endif]-->Medida de empaque 2.09 x 97 x .15 cm.<\/p><\/p>\n","protected":false},"excerpt":{"rendered":"<ul>\n<li>Acero esmaltado<\/li>\n<li>Sistema de posiciones en 3 secciones<\/li>\n<li>Barandales laterales abatibles de aluminio<\/li>\n<li>Portasuero removible con ajuste de altura<\/li>\n<li>Manijas cromadas de control de elevaci\u00f3n en piernas<\/li>\n<li>Ruedas s\u00f3lidas 5 x 1.5\u2033 con sistema de bloqueo<\/li>\n<\/ul>\n","protected":false},"featured_media":11450,"template":"","meta":{"_joinchat":[]},"product_brand":[],"product_cat":[196,201],"product_tag":[],"class_list":{"0":"post-11449","1":"product","2":"type-product","3":"status-publish","4":"has-post-thumbnail","6":"product_cat-camas","7":"product_cat-camas-manuales","8":"pa_marca-eko","10":"first","11":"instock","12":"purchasable","13":"product-type-simple"},"yoast_head":"<!-- This site is optimized with the Yoast SEO plugin v25.1 - https:\/\/yoast.com\/wordpress\/plugins\/seo\/ -->\n<title>CAMA HOSPITALARIA DE LUJO, EKO-MOBILITY (EJ100101) - Tu mejor opci\u00f3n Equipo M\u00e9dico M\u00e9xico<\/title>\n<meta name=\"robots\" content=\"index, follow, max-snippet:-1, max-image-preview:large, max-video-preview:-1\" \/>\n<link rel=\"canonical\" href=\"https:\/\/buscoequipomedico.com\/?product=cama-hospitalaria-de-lujo-eko-mobility-ej100101\" \/>\n<meta property=\"og:locale\" content=\"es_ES\" \/>\n<meta property=\"og:type\" content=\"article\" \/>\n<meta property=\"og:title\" content=\"CAMA HOSPITALARIA DE LUJO, EKO-MOBILITY (EJ100101) - Tu mejor opci\u00f3n Equipo M\u00e9dico M\u00e9xico\" \/>\n<meta property=\"og:description\" content=\"Acero esmaltado Sistema de posiciones en 3 secciones Barandales laterales abatibles de aluminio Portasuero removible con ajuste de altura Manijas cromadas de control de elevaci\u00f3n en piernas Ruedas s\u00f3lidas 5 x 1.5\u2033 con sistema de bloqueo\" \/>\n<meta property=\"og:url\" content=\"https:\/\/buscoequipomedico.com\/?product=cama-hospitalaria-de-lujo-eko-mobility-ej100101\" \/>\n<meta property=\"og:site_name\" content=\"Tu mejor opci\u00f3n Equipo M\u00e9dico M\u00e9xico\" \/>\n<meta property=\"article:modified_time\" content=\"2020-02-18T07:32:49+00:00\" \/>\n<meta property=\"og:image\" content=\"https:\/\/buscoequipomedico.com\/wp-content\/uploads\/2020\/02\/cama-hospitalaria-de-lujo-eko-mobility-ej100101-acero-esmaltado-sistema-de-posiciones-en-3-secciones-barandales-laterales-abatib.jpg\" \/>\n\t<meta property=\"og:image:width\" content=\"800\" \/>\n\t<meta property=\"og:image:height\" content=\"800\" \/>\n\t<meta property=\"og:image:type\" content=\"image\/png\" \/>\n<meta name=\"twitter:card\" content=\"summary_large_image\" \/>\n<script type=\"application\/ld+json\" class=\"yoast-schema-graph\">{\"@context\":\"https:\/\/schema.org\",\"@graph\":[{\"@type\":\"WebPage\",\"@id\":\"https:\/\/buscoequipomedico.com\/?product=cama-hospitalaria-de-lujo-eko-mobility-ej100101\",\"url\":\"https:\/\/buscoequipomedico.com\/?product=cama-hospitalaria-de-lujo-eko-mobility-ej100101\",\"name\":\"CAMA HOSPITALARIA DE LUJO, EKO-MOBILITY (EJ100101) - Tu mejor opci\u00f3n Equipo M\u00e9dico M\u00e9xico\",\"isPartOf\":{\"@id\":\"https:\/\/buscoequipomedico.com\/#website\"},\"primaryImageOfPage\":{\"@id\":\"https:\/\/buscoequipomedico.com\/?product=cama-hospitalaria-de-lujo-eko-mobility-ej100101#primaryimage\"},\"image\":{\"@id\":\"https:\/\/buscoequipomedico.com\/?product=cama-hospitalaria-de-lujo-eko-mobility-ej100101#primaryimage\"},\"thumbnailUrl\":\"https:\/\/buscoequipomedico.com\/wp-content\/uploads\/2020\/02\/cama-hospitalaria-de-lujo-eko-mobility-ej100101-acero-esmaltado-sistema-de-posiciones-en-3-secciones-barandales-laterales-abatib.jpg\",\"datePublished\":\"2020-02-18T07:32:43+00:00\",\"dateModified\":\"2020-02-18T07:32:49+00:00\",\"breadcrumb\":{\"@id\":\"https:\/\/buscoequipomedico.com\/?product=cama-hospitalaria-de-lujo-eko-mobility-ej100101#breadcrumb\"},\"inLanguage\":\"es\",\"potentialAction\":[{\"@type\":\"ReadAction\",\"target\":[\"https:\/\/buscoequipomedico.com\/?product=cama-hospitalaria-de-lujo-eko-mobility-ej100101\"]}]},{\"@type\":\"ImageObject\",\"inLanguage\":\"es\",\"@id\":\"https:\/\/buscoequipomedico.com\/?product=cama-hospitalaria-de-lujo-eko-mobility-ej100101#primaryimage\",\"url\":\"https:\/\/buscoequipomedico.com\/wp-content\/uploads\/2020\/02\/cama-hospitalaria-de-lujo-eko-mobility-ej100101-acero-esmaltado-sistema-de-posiciones-en-3-secciones-barandales-laterales-abatib.jpg\",\"contentUrl\":\"https:\/\/buscoequipomedico.com\/wp-content\/uploads\/2020\/02\/cama-hospitalaria-de-lujo-eko-mobility-ej100101-acero-esmaltado-sistema-de-posiciones-en-3-secciones-barandales-laterales-abatib.jpg\",\"width\":800,\"height\":800},{\"@type\":\"BreadcrumbList\",\"@id\":\"https:\/\/buscoequipomedico.com\/?product=cama-hospitalaria-de-lujo-eko-mobility-ej100101#breadcrumb\",\"itemListElement\":[{\"@type\":\"ListItem\",\"position\":1,\"name\":\"Productos\",\"item\":\"https:\/\/buscoequipomedico.com\/shop\/\"},{\"@type\":\"ListItem\",\"position\":2,\"name\":\"CAMA HOSPITALARIA DE LUJO, EKO-MOBILITY (EJ100101)\"}]},{\"@type\":\"WebSite\",\"@id\":\"https:\/\/buscoequipomedico.com\/#website\",\"url\":\"https:\/\/buscoequipomedico.com\/\",\"name\":\"Tu mejor opci\u00f3n Equipo M\u00e9dico M\u00e9xico\",\"description\":\"Tienda de equipo m\u00e9dico\",\"publisher\":{\"@id\":\"https:\/\/buscoequipomedico.com\/#organization\"},\"potentialAction\":[{\"@type\":\"SearchAction\",\"target\":{\"@type\":\"EntryPoint\",\"urlTemplate\":\"https:\/\/buscoequipomedico.com\/?s={search_term_string}\"},\"query-input\":{\"@type\":\"PropertyValueSpecification\",\"valueRequired\":true,\"valueName\":\"search_term_string\"}}],\"inLanguage\":\"es\"},{\"@type\":\"Organization\",\"@id\":\"https:\/\/buscoequipomedico.com\/#organization\",\"name\":\"Tu mejor opci\u00f3n Equipo M\u00e9dico M\u00e9xico\",\"url\":\"https:\/\/buscoequipomedico.com\/\",\"logo\":{\"@type\":\"ImageObject\",\"inLanguage\":\"es\",\"@id\":\"https:\/\/buscoequipomedico.com\/#\/schema\/logo\/image\/\",\"url\":\"https:\/\/buscoequipomedico.com\/wp-content\/uploads\/2021\/07\/EMM-VPrincipal-scaled.jpg\",\"contentUrl\":\"https:\/\/buscoequipomedico.com\/wp-content\/uploads\/2021\/07\/EMM-VPrincipal-scaled.jpg\",\"width\":2560,\"height\":1058,\"caption\":\"Tu mejor opci\u00f3n Equipo M\u00e9dico M\u00e9xico\"},\"image\":{\"@id\":\"https:\/\/buscoequipomedico.com\/#\/schema\/logo\/image\/\"}}]}<\/script>\n<!-- \/ Yoast SEO plugin. -->","yoast_head_json":{"title":"CAMA HOSPITALARIA DE LUJO, EKO-MOBILITY (EJ100101) - Tu mejor opci\u00f3n Equipo M\u00e9dico M\u00e9xico","robots":{"index":"index","follow":"follow","max-snippet":"max-snippet:-1","max-image-preview":"max-image-preview:large","max-video-preview":"max-video-preview:-1"},"canonical":"https:\/\/buscoequipomedico.com\/?product=cama-hospitalaria-de-lujo-eko-mobility-ej100101","og_locale":"es_ES","og_type":"article","og_title":"CAMA HOSPITALARIA DE LUJO, EKO-MOBILITY (EJ100101) - Tu mejor opci\u00f3n Equipo M\u00e9dico M\u00e9xico","og_description":"Acero esmaltado Sistema de posiciones en 3 secciones Barandales laterales abatibles de aluminio Portasuero removible con ajuste de altura Manijas cromadas de control de elevaci\u00f3n en piernas Ruedas s\u00f3lidas 5 x 1.5\u2033 con sistema de bloqueo","og_url":"https:\/\/buscoequipomedico.com\/?product=cama-hospitalaria-de-lujo-eko-mobility-ej100101","og_site_name":"Tu mejor opci\u00f3n Equipo M\u00e9dico M\u00e9xico","article_modified_time":"2020-02-18T07:32:49+00:00","og_image":[{"width":800,"height":800,"url":"https:\/\/buscoequipomedico.com\/wp-content\/uploads\/2020\/02\/cama-hospitalaria-de-lujo-eko-mobility-ej100101-acero-esmaltado-sistema-de-posiciones-en-3-secciones-barandales-laterales-abatib.jpg","type":"image\/png"}],"twitter_card":"summary_large_image","schema":{"@context":"https:\/\/schema.org","@graph":[{"@type":"WebPage","@id":"https:\/\/buscoequipomedico.com\/?product=cama-hospitalaria-de-lujo-eko-mobility-ej100101","url":"https:\/\/buscoequipomedico.com\/?product=cama-hospitalaria-de-lujo-eko-mobility-ej100101","name":"CAMA HOSPITALARIA DE LUJO, EKO-MOBILITY (EJ100101) - Tu mejor opci\u00f3n Equipo M\u00e9dico M\u00e9xico","isPartOf":{"@id":"https:\/\/buscoequipomedico.com\/#website"},"primaryImageOfPage":{"@id":"https:\/\/buscoequipomedico.com\/?product=cama-hospitalaria-de-lujo-eko-mobility-ej100101#primaryimage"},"image":{"@id":"https:\/\/buscoequipomedico.com\/?product=cama-hospitalaria-de-lujo-eko-mobility-ej100101#primaryimage"},"thumbnailUrl":"https:\/\/buscoequipomedico.com\/wp-content\/uploads\/2020\/02\/cama-hospitalaria-de-lujo-eko-mobility-ej100101-acero-esmaltado-sistema-de-posiciones-en-3-secciones-barandales-laterales-abatib.jpg","datePublished":"2020-02-18T07:32:43+00:00","dateModified":"2020-02-18T07:32:49+00:00","breadcrumb":{"@id":"https:\/\/buscoequipomedico.com\/?product=cama-hospitalaria-de-lujo-eko-mobility-ej100101#breadcrumb"},"inLanguage":"es","potentialAction":[{"@type":"ReadAction","target":["https:\/\/buscoequipomedico.com\/?product=cama-hospitalaria-de-lujo-eko-mobility-ej100101"]}]},{"@type":"ImageObject","inLanguage":"es","@id":"https:\/\/buscoequipomedico.com\/?product=cama-hospitalaria-de-lujo-eko-mobility-ej100101#primaryimage","url":"https:\/\/buscoequipomedico.com\/wp-content\/uploads\/2020\/02\/cama-hospitalaria-de-lujo-eko-mobility-ej100101-acero-esmaltado-sistema-de-posiciones-en-3-secciones-barandales-laterales-abatib.jpg","contentUrl":"https:\/\/buscoequipomedico.com\/wp-content\/uploads\/2020\/02\/cama-hospitalaria-de-lujo-eko-mobility-ej100101-acero-esmaltado-sistema-de-posiciones-en-3-secciones-barandales-laterales-abatib.jpg","width":800,"height":800},{"@type":"BreadcrumbList","@id":"https:\/\/buscoequipomedico.com\/?product=cama-hospitalaria-de-lujo-eko-mobility-ej100101#breadcrumb","itemListElement":[{"@type":"ListItem","position":1,"name":"Productos","item":"https:\/\/buscoequipomedico.com\/shop\/"},{"@type":"ListItem","position":2,"name":"CAMA HOSPITALARIA DE LUJO, EKO-MOBILITY (EJ100101)"}]},{"@type":"WebSite","@id":"https:\/\/buscoequipomedico.com\/#website","url":"https:\/\/buscoequipomedico.com\/","name":"Tu mejor opci\u00f3n Equipo M\u00e9dico M\u00e9xico","description":"Tienda de equipo m\u00e9dico","publisher":{"@id":"https:\/\/buscoequipomedico.com\/#organization"},"potentialAction":[{"@type":"SearchAction","target":{"@type":"EntryPoint","urlTemplate":"https:\/\/buscoequipomedico.com\/?s={search_term_string}"},"query-input":{"@type":"PropertyValueSpecification","valueRequired":true,"valueName":"search_term_string"}}],"inLanguage":"es"},{"@type":"Organization","@id":"https:\/\/buscoequipomedico.com\/#organization","name":"Tu mejor opci\u00f3n Equipo M\u00e9dico M\u00e9xico","url":"https:\/\/buscoequipomedico.com\/","logo":{"@type":"ImageObject","inLanguage":"es","@id":"https:\/\/buscoequipomedico.com\/#\/schema\/logo\/image\/","url":"https:\/\/buscoequipomedico.com\/wp-content\/uploads\/2021\/07\/EMM-VPrincipal-scaled.jpg","contentUrl":"https:\/\/buscoequipomedico.com\/wp-content\/uploads\/2021\/07\/EMM-VPrincipal-scaled.jpg","width":2560,"height":1058,"caption":"Tu mejor opci\u00f3n Equipo M\u00e9dico M\u00e9xico"},"image":{"@id":"https:\/\/buscoequipomedico.com\/#\/schema\/logo\/image\/"}}]}},"_links":{"self":[{"href":"https:\/\/buscoequipomedico.com\/index.php?rest_route=\/wp\/v2\/product\/11449","targetHints":{"allow":["GET"]}}],"collection":[{"href":"https:\/\/buscoequipomedico.com\/index.php?rest_route=\/wp\/v2\/product"}],"about":[{"href":"https:\/\/buscoequipomedico.com\/index.php?rest_route=\/wp\/v2\/types\/product"}],"wp:featuredmedia":[{"embeddable":true,"href":"https:\/\/buscoequipomedico.com\/index.php?rest_route=\/wp\/v2\/media\/11450"}],"wp:attachment":[{"href":"https:\/\/buscoequipomedico.com\/index.php?rest_route=%2Fwp%2Fv2%2Fmedia&parent=11449"}],"wp:term":[{"taxonomy":"product_brand","embeddable":true,"href":"https:\/\/buscoequipomedico.com\/index.php?rest_route=%2Fwp%2Fv2%2Fproduct_brand&post=11449"},{"taxonomy":"product_cat","embeddable":true,"href":"https:\/\/buscoequipomedico.com\/index.php?rest_route=%2Fwp%2Fv2%2Fproduct_cat&post=11449"},{"taxonomy":"product_tag","embeddable":true,"href":"https:\/\/buscoequipomedico.com\/index.php?rest_route=%2Fwp%2Fv2%2Fproduct_tag&post=11449"}],"curies":[{"name":"wp","href":"https:\/\/api.w.org\/{rel}","templated":true}]}}