{"id":11529,"date":"2020-02-18T07:32:59","date_gmt":"2020-02-18T07:32:59","guid":{"rendered":"https:\/\/equipomedicomexico-com.preview-domain.com\/product\/camilla-para-rescate-tipo-canasta\/"},"modified":"2020-02-18T07:33:04","modified_gmt":"2020-02-18T07:33:04","slug":"camilla-para-rescate-tipo-canasta","status":"publish","type":"product","link":"https:\/\/buscoequipomedico.com\/?product=camilla-para-rescate-tipo-canasta","title":{"rendered":"CAMILLA PARA RESCATE TIPO CANASTA"},"content":{"rendered":"<ul>\n<li>ESPECIFICACIONES<\/li>\n<li>Dimensiones: 216 cm de largo x 61 cm de ancho x 19 cm de alto.<\/li>\n<li>Capacidad de soporte: Menor a 159 kg.<\/li>\n<li>Peso: 18 kg.<\/li>\n<li>\n<li>USOS<\/li>\n<li>Elaborada con la finalidad de poder ser utilizada en una amplia variedad de situaciones de emergencia.<\/li>\n<li>Ideal para el levantamiento y transporte en helic\u00f3ptero de personas heridas o lesionadas.<\/li>\n<li>\u00datil en situaciones de emergencia, cuando se requiere transportar heridos.<\/li>\n<li>\n<li>PUNTOS DE VENTA<\/li>\n<li>Firme y flexible, lo que permite utilizarla en situaciones especiales de auxilio.<\/li>\n<li>Cuenta con accesorios que permiten al personal de rescate trabajar de una forma segura y r\u00e1pida.<\/li>\n<li>Posee una alta resistencia al desgaste y a la corrosi\u00f3n.<\/li>\n<li>Hecho a base de materiales de alta calidad.<\/li>\n<li>Mantiene seguro al herido durante el trayecto.<\/li>\n<li>El paciente o herido viaja confortablemente gracias a su colch\u00f3n.<\/li>\n<li>Cuenta con las certificaciones CE (Comunidad Europea) y FDA.<\/li>\n<\/ul>\n","protected":false},"excerpt":{"rendered":"<ul>\n<li>Camilla para rescate tipo canasta.<\/li>\n<li>Arn\u00e9s para sujeci\u00f3n.<\/li>\n<li>3 cinturones de seguridad.<\/li>\n<li>Colch\u00f3n.<\/li>\n<li>Mecanismo de seguridad para los pies.<\/li>\n<li>Cuanta con las dimensiones adecuadas para entrar en un helic\u00f3ptero y su dise\u00f1o permite asegurarla dentro<\/li>\n<li>del mismo.<\/li>\n<li>Todos sus materiales son a prueba de fuego.<\/li>\n<\/ul>\n","protected":false},"featured_media":11530,"template":"","meta":{"_joinchat":[]},"product_brand":[],"product_cat":[205],"product_tag":[],"class_list":{"0":"post-11529","1":"product","2":"type-product","3":"status-publish","4":"has-post-thumbnail","6":"product_cat-camillas","7":"pa_marca-medea","9":"first","10":"instock","11":"purchasable","12":"product-type-simple"},"yoast_head":"<!-- This site is optimized with the Yoast SEO plugin v25.1 - https:\/\/yoast.com\/wordpress\/plugins\/seo\/ -->\n<title>CAMILLA PARA RESCATE TIPO CANASTA - Tu mejor opci\u00f3n Equipo M\u00e9dico M\u00e9xico<\/title>\n<meta name=\"robots\" content=\"index, follow, max-snippet:-1, max-image-preview:large, max-video-preview:-1\" \/>\n<link rel=\"canonical\" href=\"https:\/\/buscoequipomedico.com\/?product=camilla-para-rescate-tipo-canasta\" \/>\n<meta property=\"og:locale\" content=\"es_ES\" \/>\n<meta property=\"og:type\" content=\"article\" \/>\n<meta property=\"og:title\" content=\"CAMILLA PARA RESCATE TIPO CANASTA - Tu mejor opci\u00f3n Equipo M\u00e9dico M\u00e9xico\" \/>\n<meta property=\"og:description\" content=\"Camilla para rescate tipo canasta. Arn\u00e9s para sujeci\u00f3n. 3 cinturones de seguridad. Colch\u00f3n. Mecanismo de seguridad para los pies. Cuanta con las dimensiones adecuadas para entrar en un helic\u00f3ptero y su dise\u00f1o permite asegurarla dentro del mismo. Todos sus materiales son a prueba de fuego.\" \/>\n<meta property=\"og:url\" content=\"https:\/\/buscoequipomedico.com\/?product=camilla-para-rescate-tipo-canasta\" \/>\n<meta property=\"og:site_name\" content=\"Tu mejor opci\u00f3n Equipo M\u00e9dico M\u00e9xico\" \/>\n<meta property=\"article:modified_time\" content=\"2020-02-18T07:33:04+00:00\" \/>\n<meta property=\"og:image\" content=\"https:\/\/buscoequipomedico.com\/wp-content\/uploads\/2020\/02\/camilla-para-rescate-tipo-canasta-camilla-para-rescate-tipo-canasta-arnes-para-sujecion-3-cinturones-de-seguridad-colchon-mecani.jpg\" \/>\n\t<meta property=\"og:image:width\" content=\"800\" \/>\n\t<meta property=\"og:image:height\" content=\"800\" \/>\n\t<meta property=\"og:image:type\" content=\"image\/png\" \/>\n<meta name=\"twitter:card\" content=\"summary_large_image\" \/>\n<meta name=\"twitter:label1\" content=\"Tiempo de lectura\" \/>\n\t<meta name=\"twitter:data1\" content=\"1 minuto\" \/>\n<script type=\"application\/ld+json\" class=\"yoast-schema-graph\">{\"@context\":\"https:\/\/schema.org\",\"@graph\":[{\"@type\":\"WebPage\",\"@id\":\"https:\/\/buscoequipomedico.com\/?product=camilla-para-rescate-tipo-canasta\",\"url\":\"https:\/\/buscoequipomedico.com\/?product=camilla-para-rescate-tipo-canasta\",\"name\":\"CAMILLA PARA RESCATE TIPO CANASTA - Tu mejor opci\u00f3n Equipo M\u00e9dico M\u00e9xico\",\"isPartOf\":{\"@id\":\"https:\/\/buscoequipomedico.com\/#website\"},\"primaryImageOfPage\":{\"@id\":\"https:\/\/buscoequipomedico.com\/?product=camilla-para-rescate-tipo-canasta#primaryimage\"},\"image\":{\"@id\":\"https:\/\/buscoequipomedico.com\/?product=camilla-para-rescate-tipo-canasta#primaryimage\"},\"thumbnailUrl\":\"https:\/\/buscoequipomedico.com\/wp-content\/uploads\/2020\/02\/camilla-para-rescate-tipo-canasta-camilla-para-rescate-tipo-canasta-arnes-para-sujecion-3-cinturones-de-seguridad-colchon-mecani.jpg\",\"datePublished\":\"2020-02-18T07:32:59+00:00\",\"dateModified\":\"2020-02-18T07:33:04+00:00\",\"breadcrumb\":{\"@id\":\"https:\/\/buscoequipomedico.com\/?product=camilla-para-rescate-tipo-canasta#breadcrumb\"},\"inLanguage\":\"es\",\"potentialAction\":[{\"@type\":\"ReadAction\",\"target\":[\"https:\/\/buscoequipomedico.com\/?product=camilla-para-rescate-tipo-canasta\"]}]},{\"@type\":\"ImageObject\",\"inLanguage\":\"es\",\"@id\":\"https:\/\/buscoequipomedico.com\/?product=camilla-para-rescate-tipo-canasta#primaryimage\",\"url\":\"https:\/\/buscoequipomedico.com\/wp-content\/uploads\/2020\/02\/camilla-para-rescate-tipo-canasta-camilla-para-rescate-tipo-canasta-arnes-para-sujecion-3-cinturones-de-seguridad-colchon-mecani.jpg\",\"contentUrl\":\"https:\/\/buscoequipomedico.com\/wp-content\/uploads\/2020\/02\/camilla-para-rescate-tipo-canasta-camilla-para-rescate-tipo-canasta-arnes-para-sujecion-3-cinturones-de-seguridad-colchon-mecani.jpg\",\"width\":800,\"height\":800},{\"@type\":\"BreadcrumbList\",\"@id\":\"https:\/\/buscoequipomedico.com\/?product=camilla-para-rescate-tipo-canasta#breadcrumb\",\"itemListElement\":[{\"@type\":\"ListItem\",\"position\":1,\"name\":\"Productos\",\"item\":\"https:\/\/buscoequipomedico.com\/shop\/\"},{\"@type\":\"ListItem\",\"position\":2,\"name\":\"CAMILLA PARA RESCATE TIPO CANASTA\"}]},{\"@type\":\"WebSite\",\"@id\":\"https:\/\/buscoequipomedico.com\/#website\",\"url\":\"https:\/\/buscoequipomedico.com\/\",\"name\":\"Tu mejor opci\u00f3n Equipo M\u00e9dico M\u00e9xico\",\"description\":\"Tienda de equipo m\u00e9dico\",\"publisher\":{\"@id\":\"https:\/\/buscoequipomedico.com\/#organization\"},\"potentialAction\":[{\"@type\":\"SearchAction\",\"target\":{\"@type\":\"EntryPoint\",\"urlTemplate\":\"https:\/\/buscoequipomedico.com\/?s={search_term_string}\"},\"query-input\":{\"@type\":\"PropertyValueSpecification\",\"valueRequired\":true,\"valueName\":\"search_term_string\"}}],\"inLanguage\":\"es\"},{\"@type\":\"Organization\",\"@id\":\"https:\/\/buscoequipomedico.com\/#organization\",\"name\":\"Tu mejor opci\u00f3n Equipo M\u00e9dico M\u00e9xico\",\"url\":\"https:\/\/buscoequipomedico.com\/\",\"logo\":{\"@type\":\"ImageObject\",\"inLanguage\":\"es\",\"@id\":\"https:\/\/buscoequipomedico.com\/#\/schema\/logo\/image\/\",\"url\":\"https:\/\/buscoequipomedico.com\/wp-content\/uploads\/2021\/07\/EMM-VPrincipal-scaled.jpg\",\"contentUrl\":\"https:\/\/buscoequipomedico.com\/wp-content\/uploads\/2021\/07\/EMM-VPrincipal-scaled.jpg\",\"width\":2560,\"height\":1058,\"caption\":\"Tu mejor opci\u00f3n Equipo M\u00e9dico M\u00e9xico\"},\"image\":{\"@id\":\"https:\/\/buscoequipomedico.com\/#\/schema\/logo\/image\/\"}}]}<\/script>\n<!-- \/ Yoast SEO plugin. -->","yoast_head_json":{"title":"CAMILLA PARA RESCATE TIPO CANASTA - Tu mejor opci\u00f3n Equipo M\u00e9dico M\u00e9xico","robots":{"index":"index","follow":"follow","max-snippet":"max-snippet:-1","max-image-preview":"max-image-preview:large","max-video-preview":"max-video-preview:-1"},"canonical":"https:\/\/buscoequipomedico.com\/?product=camilla-para-rescate-tipo-canasta","og_locale":"es_ES","og_type":"article","og_title":"CAMILLA PARA RESCATE TIPO CANASTA - Tu mejor opci\u00f3n Equipo M\u00e9dico M\u00e9xico","og_description":"Camilla para rescate tipo canasta. Arn\u00e9s para sujeci\u00f3n. 3 cinturones de seguridad. Colch\u00f3n. Mecanismo de seguridad para los pies. Cuanta con las dimensiones adecuadas para entrar en un helic\u00f3ptero y su dise\u00f1o permite asegurarla dentro del mismo. Todos sus materiales son a prueba de fuego.","og_url":"https:\/\/buscoequipomedico.com\/?product=camilla-para-rescate-tipo-canasta","og_site_name":"Tu mejor opci\u00f3n Equipo M\u00e9dico M\u00e9xico","article_modified_time":"2020-02-18T07:33:04+00:00","og_image":[{"width":800,"height":800,"url":"https:\/\/buscoequipomedico.com\/wp-content\/uploads\/2020\/02\/camilla-para-rescate-tipo-canasta-camilla-para-rescate-tipo-canasta-arnes-para-sujecion-3-cinturones-de-seguridad-colchon-mecani.jpg","type":"image\/png"}],"twitter_card":"summary_large_image","twitter_misc":{"Tiempo de lectura":"1 minuto"},"schema":{"@context":"https:\/\/schema.org","@graph":[{"@type":"WebPage","@id":"https:\/\/buscoequipomedico.com\/?product=camilla-para-rescate-tipo-canasta","url":"https:\/\/buscoequipomedico.com\/?product=camilla-para-rescate-tipo-canasta","name":"CAMILLA PARA RESCATE TIPO CANASTA - Tu mejor opci\u00f3n Equipo M\u00e9dico M\u00e9xico","isPartOf":{"@id":"https:\/\/buscoequipomedico.com\/#website"},"primaryImageOfPage":{"@id":"https:\/\/buscoequipomedico.com\/?product=camilla-para-rescate-tipo-canasta#primaryimage"},"image":{"@id":"https:\/\/buscoequipomedico.com\/?product=camilla-para-rescate-tipo-canasta#primaryimage"},"thumbnailUrl":"https:\/\/buscoequipomedico.com\/wp-content\/uploads\/2020\/02\/camilla-para-rescate-tipo-canasta-camilla-para-rescate-tipo-canasta-arnes-para-sujecion-3-cinturones-de-seguridad-colchon-mecani.jpg","datePublished":"2020-02-18T07:32:59+00:00","dateModified":"2020-02-18T07:33:04+00:00","breadcrumb":{"@id":"https:\/\/buscoequipomedico.com\/?product=camilla-para-rescate-tipo-canasta#breadcrumb"},"inLanguage":"es","potentialAction":[{"@type":"ReadAction","target":["https:\/\/buscoequipomedico.com\/?product=camilla-para-rescate-tipo-canasta"]}]},{"@type":"ImageObject","inLanguage":"es","@id":"https:\/\/buscoequipomedico.com\/?product=camilla-para-rescate-tipo-canasta#primaryimage","url":"https:\/\/buscoequipomedico.com\/wp-content\/uploads\/2020\/02\/camilla-para-rescate-tipo-canasta-camilla-para-rescate-tipo-canasta-arnes-para-sujecion-3-cinturones-de-seguridad-colchon-mecani.jpg","contentUrl":"https:\/\/buscoequipomedico.com\/wp-content\/uploads\/2020\/02\/camilla-para-rescate-tipo-canasta-camilla-para-rescate-tipo-canasta-arnes-para-sujecion-3-cinturones-de-seguridad-colchon-mecani.jpg","width":800,"height":800},{"@type":"BreadcrumbList","@id":"https:\/\/buscoequipomedico.com\/?product=camilla-para-rescate-tipo-canasta#breadcrumb","itemListElement":[{"@type":"ListItem","position":1,"name":"Productos","item":"https:\/\/buscoequipomedico.com\/shop\/"},{"@type":"ListItem","position":2,"name":"CAMILLA PARA RESCATE TIPO CANASTA"}]},{"@type":"WebSite","@id":"https:\/\/buscoequipomedico.com\/#website","url":"https:\/\/buscoequipomedico.com\/","name":"Tu mejor opci\u00f3n Equipo M\u00e9dico M\u00e9xico","description":"Tienda de equipo m\u00e9dico","publisher":{"@id":"https:\/\/buscoequipomedico.com\/#organization"},"potentialAction":[{"@type":"SearchAction","target":{"@type":"EntryPoint","urlTemplate":"https:\/\/buscoequipomedico.com\/?s={search_term_string}"},"query-input":{"@type":"PropertyValueSpecification","valueRequired":true,"valueName":"search_term_string"}}],"inLanguage":"es"},{"@type":"Organization","@id":"https:\/\/buscoequipomedico.com\/#organization","name":"Tu mejor opci\u00f3n Equipo M\u00e9dico M\u00e9xico","url":"https:\/\/buscoequipomedico.com\/","logo":{"@type":"ImageObject","inLanguage":"es","@id":"https:\/\/buscoequipomedico.com\/#\/schema\/logo\/image\/","url":"https:\/\/buscoequipomedico.com\/wp-content\/uploads\/2021\/07\/EMM-VPrincipal-scaled.jpg","contentUrl":"https:\/\/buscoequipomedico.com\/wp-content\/uploads\/2021\/07\/EMM-VPrincipal-scaled.jpg","width":2560,"height":1058,"caption":"Tu mejor opci\u00f3n Equipo M\u00e9dico M\u00e9xico"},"image":{"@id":"https:\/\/buscoequipomedico.com\/#\/schema\/logo\/image\/"}}]}},"_links":{"self":[{"href":"https:\/\/buscoequipomedico.com\/index.php?rest_route=\/wp\/v2\/product\/11529","targetHints":{"allow":["GET"]}}],"collection":[{"href":"https:\/\/buscoequipomedico.com\/index.php?rest_route=\/wp\/v2\/product"}],"about":[{"href":"https:\/\/buscoequipomedico.com\/index.php?rest_route=\/wp\/v2\/types\/product"}],"wp:featuredmedia":[{"embeddable":true,"href":"https:\/\/buscoequipomedico.com\/index.php?rest_route=\/wp\/v2\/media\/11530"}],"wp:attachment":[{"href":"https:\/\/buscoequipomedico.com\/index.php?rest_route=%2Fwp%2Fv2%2Fmedia&parent=11529"}],"wp:term":[{"taxonomy":"product_brand","embeddable":true,"href":"https:\/\/buscoequipomedico.com\/index.php?rest_route=%2Fwp%2Fv2%2Fproduct_brand&post=11529"},{"taxonomy":"product_cat","embeddable":true,"href":"https:\/\/buscoequipomedico.com\/index.php?rest_route=%2Fwp%2Fv2%2Fproduct_cat&post=11529"},{"taxonomy":"product_tag","embeddable":true,"href":"https:\/\/buscoequipomedico.com\/index.php?rest_route=%2Fwp%2Fv2%2Fproduct_tag&post=11529"}],"curies":[{"name":"wp","href":"https:\/\/api.w.org\/{rel}","templated":true}]}}