{"id":11586,"date":"2020-02-18T07:33:14","date_gmt":"2020-02-18T07:33:14","guid":{"rendered":"https:\/\/equipomedicomexico-com.preview-domain.com\/product\/concentrador-de-oxigeno-de-10-litros-modelo-intensity-airsep\/"},"modified":"2020-02-18T07:33:15","modified_gmt":"2020-02-18T07:33:15","slug":"concentrador-de-oxigeno-de-10-litros-modelo-intensity-airsep","status":"publish","type":"product","link":"https:\/\/buscoequipomedico.com\/?product=concentrador-de-oxigeno-de-10-litros-modelo-intensity-airsep","title":{"rendered":"CONCENTRADOR DE OXIGENO DE 10 LITROS MODELO INTENSITY AIRSEP"},"content":{"rendered":"<p><span>La combinaci\u00f3n de ALTA PRESI\u00d3N Y ALTO FLUJO de salida convierten al Intensity en un equipo vers\u00e1til para el uso en el hogar y otras instalaciones.<\/span><\/p>\n<p><span>Con potente presi\u00f3n de salida de 20 PSI puede usarse para numerosas aplicaciones m\u00e9dicas como:<br \/>\u2013 Nebulizaci\u00f3n de alto volumen y medicamento.<br \/>\u2013 Configuraci\u00f3n de humidificaci\u00f3n en traqueotom\u00eda.\u00a0<br \/>\u2013 M\u00e1scara de ventilaci\u00f3n.<\/span><\/p>\n<p><span>Flujo de 2- 10 LPM.<\/span><\/p>\n<p><span>Concentraci\u00f3n de ox\u00edgeno: 2-9 LPM: 92% (+3,5%\/-3%), 10 LPM 90% (+5.5%\/-3%)<\/span><\/p>\n<p><span>Dimensiones: 69.9 x 41.9 x 36.8 cm.<\/span><\/p>\n<p><span>Presi\u00f3n de salida. 20 PSI.<\/span><\/p>\n<p><span>Peso 26,3kg.<\/span><\/p>\n<p><span>Consumo de energ\u00eda: 590 W<\/span><\/p>\n<p><span>Nivel sonoro: 55 dBA.<\/span><\/p>\n","protected":false},"excerpt":{"rendered":"<p><span><span>Marca AIRSEP<\/span><\/span><\/p>\n<p><span><span>Modelo intensity 10L<\/span><\/span><\/p>\n<p><span><span>Capacidad en volumen 10 Litros<\/span><\/span><\/p>\n<p><span><span>Flujo m\u00ednimo de ox\u00edgeno 1 l\/min<\/span><\/span><\/p>\n<p><span><span>Flujo m\u00e1ximo de ox\u00edgeno 10 l\/min<\/span><\/span><\/p>\n<p><span><span>Peso 26.3 kg<\/span><\/span><\/p>\n","protected":false},"featured_media":11587,"template":"","meta":{"_joinchat":[]},"product_brand":[],"product_cat":[213],"product_tag":[],"class_list":{"0":"post-11586","1":"product","2":"type-product","3":"status-publish","4":"has-post-thumbnail","6":"product_cat-concentradores","7":"pa_marca-airsep","9":"first","10":"instock","11":"purchasable","12":"product-type-simple"},"yoast_head":"<!-- This site is optimized with the Yoast SEO plugin v25.1 - https:\/\/yoast.com\/wordpress\/plugins\/seo\/ -->\n<title>CONCENTRADOR DE OXIGENO DE 10 LITROS MODELO INTENSITY AIRSEP - Tu mejor opci\u00f3n Equipo M\u00e9dico M\u00e9xico<\/title>\n<meta name=\"robots\" content=\"index, follow, max-snippet:-1, max-image-preview:large, max-video-preview:-1\" \/>\n<link rel=\"canonical\" href=\"https:\/\/buscoequipomedico.com\/?product=concentrador-de-oxigeno-de-10-litros-modelo-intensity-airsep\" \/>\n<meta property=\"og:locale\" content=\"es_ES\" \/>\n<meta property=\"og:type\" content=\"article\" \/>\n<meta property=\"og:title\" content=\"CONCENTRADOR DE OXIGENO DE 10 LITROS MODELO INTENSITY AIRSEP - Tu mejor opci\u00f3n Equipo M\u00e9dico M\u00e9xico\" \/>\n<meta property=\"og:description\" content=\"Marca AIRSEP Modelo intensity 10L Capacidad en volumen 10 Litros Flujo m\u00ednimo de ox\u00edgeno 1 l\/min Flujo m\u00e1ximo de ox\u00edgeno 10 l\/min Peso 26.3 kg\" \/>\n<meta property=\"og:url\" content=\"https:\/\/buscoequipomedico.com\/?product=concentrador-de-oxigeno-de-10-litros-modelo-intensity-airsep\" \/>\n<meta property=\"og:site_name\" content=\"Tu mejor opci\u00f3n Equipo M\u00e9dico M\u00e9xico\" \/>\n<meta property=\"article:modified_time\" content=\"2020-02-18T07:33:15+00:00\" \/>\n<meta property=\"og:image\" content=\"https:\/\/buscoequipomedico.com\/wp-content\/uploads\/2020\/02\/concentrador-de-oxigeno-de-10-litros-modelo-intensity-airsep-marca-airsep-modelo-intensity-10l-capacidad-en-volumen-10-litros-fl.jpg\" \/>\n\t<meta property=\"og:image:width\" content=\"800\" \/>\n\t<meta property=\"og:image:height\" content=\"800\" \/>\n\t<meta property=\"og:image:type\" content=\"image\/png\" \/>\n<meta name=\"twitter:card\" content=\"summary_large_image\" \/>\n<script type=\"application\/ld+json\" class=\"yoast-schema-graph\">{\"@context\":\"https:\/\/schema.org\",\"@graph\":[{\"@type\":\"WebPage\",\"@id\":\"https:\/\/buscoequipomedico.com\/?product=concentrador-de-oxigeno-de-10-litros-modelo-intensity-airsep\",\"url\":\"https:\/\/buscoequipomedico.com\/?product=concentrador-de-oxigeno-de-10-litros-modelo-intensity-airsep\",\"name\":\"CONCENTRADOR DE OXIGENO DE 10 LITROS MODELO INTENSITY AIRSEP - Tu mejor opci\u00f3n Equipo M\u00e9dico M\u00e9xico\",\"isPartOf\":{\"@id\":\"https:\/\/buscoequipomedico.com\/#website\"},\"primaryImageOfPage\":{\"@id\":\"https:\/\/buscoequipomedico.com\/?product=concentrador-de-oxigeno-de-10-litros-modelo-intensity-airsep#primaryimage\"},\"image\":{\"@id\":\"https:\/\/buscoequipomedico.com\/?product=concentrador-de-oxigeno-de-10-litros-modelo-intensity-airsep#primaryimage\"},\"thumbnailUrl\":\"https:\/\/buscoequipomedico.com\/wp-content\/uploads\/2020\/02\/concentrador-de-oxigeno-de-10-litros-modelo-intensity-airsep-marca-airsep-modelo-intensity-10l-capacidad-en-volumen-10-litros-fl.jpg\",\"datePublished\":\"2020-02-18T07:33:14+00:00\",\"dateModified\":\"2020-02-18T07:33:15+00:00\",\"breadcrumb\":{\"@id\":\"https:\/\/buscoequipomedico.com\/?product=concentrador-de-oxigeno-de-10-litros-modelo-intensity-airsep#breadcrumb\"},\"inLanguage\":\"es\",\"potentialAction\":[{\"@type\":\"ReadAction\",\"target\":[\"https:\/\/buscoequipomedico.com\/?product=concentrador-de-oxigeno-de-10-litros-modelo-intensity-airsep\"]}]},{\"@type\":\"ImageObject\",\"inLanguage\":\"es\",\"@id\":\"https:\/\/buscoequipomedico.com\/?product=concentrador-de-oxigeno-de-10-litros-modelo-intensity-airsep#primaryimage\",\"url\":\"https:\/\/buscoequipomedico.com\/wp-content\/uploads\/2020\/02\/concentrador-de-oxigeno-de-10-litros-modelo-intensity-airsep-marca-airsep-modelo-intensity-10l-capacidad-en-volumen-10-litros-fl.jpg\",\"contentUrl\":\"https:\/\/buscoequipomedico.com\/wp-content\/uploads\/2020\/02\/concentrador-de-oxigeno-de-10-litros-modelo-intensity-airsep-marca-airsep-modelo-intensity-10l-capacidad-en-volumen-10-litros-fl.jpg\",\"width\":800,\"height\":800},{\"@type\":\"BreadcrumbList\",\"@id\":\"https:\/\/buscoequipomedico.com\/?product=concentrador-de-oxigeno-de-10-litros-modelo-intensity-airsep#breadcrumb\",\"itemListElement\":[{\"@type\":\"ListItem\",\"position\":1,\"name\":\"Productos\",\"item\":\"https:\/\/buscoequipomedico.com\/shop\/\"},{\"@type\":\"ListItem\",\"position\":2,\"name\":\"CONCENTRADOR DE OXIGENO DE 10 LITROS MODELO INTENSITY AIRSEP\"}]},{\"@type\":\"WebSite\",\"@id\":\"https:\/\/buscoequipomedico.com\/#website\",\"url\":\"https:\/\/buscoequipomedico.com\/\",\"name\":\"Tu mejor opci\u00f3n Equipo M\u00e9dico M\u00e9xico\",\"description\":\"Tienda de equipo m\u00e9dico\",\"publisher\":{\"@id\":\"https:\/\/buscoequipomedico.com\/#organization\"},\"potentialAction\":[{\"@type\":\"SearchAction\",\"target\":{\"@type\":\"EntryPoint\",\"urlTemplate\":\"https:\/\/buscoequipomedico.com\/?s={search_term_string}\"},\"query-input\":{\"@type\":\"PropertyValueSpecification\",\"valueRequired\":true,\"valueName\":\"search_term_string\"}}],\"inLanguage\":\"es\"},{\"@type\":\"Organization\",\"@id\":\"https:\/\/buscoequipomedico.com\/#organization\",\"name\":\"Tu mejor opci\u00f3n Equipo M\u00e9dico M\u00e9xico\",\"url\":\"https:\/\/buscoequipomedico.com\/\",\"logo\":{\"@type\":\"ImageObject\",\"inLanguage\":\"es\",\"@id\":\"https:\/\/buscoequipomedico.com\/#\/schema\/logo\/image\/\",\"url\":\"https:\/\/buscoequipomedico.com\/wp-content\/uploads\/2021\/07\/EMM-VPrincipal-scaled.jpg\",\"contentUrl\":\"https:\/\/buscoequipomedico.com\/wp-content\/uploads\/2021\/07\/EMM-VPrincipal-scaled.jpg\",\"width\":2560,\"height\":1058,\"caption\":\"Tu mejor opci\u00f3n Equipo M\u00e9dico M\u00e9xico\"},\"image\":{\"@id\":\"https:\/\/buscoequipomedico.com\/#\/schema\/logo\/image\/\"}}]}<\/script>\n<!-- \/ Yoast SEO plugin. -->","yoast_head_json":{"title":"CONCENTRADOR DE OXIGENO DE 10 LITROS MODELO INTENSITY AIRSEP - Tu mejor opci\u00f3n Equipo M\u00e9dico M\u00e9xico","robots":{"index":"index","follow":"follow","max-snippet":"max-snippet:-1","max-image-preview":"max-image-preview:large","max-video-preview":"max-video-preview:-1"},"canonical":"https:\/\/buscoequipomedico.com\/?product=concentrador-de-oxigeno-de-10-litros-modelo-intensity-airsep","og_locale":"es_ES","og_type":"article","og_title":"CONCENTRADOR DE OXIGENO DE 10 LITROS MODELO INTENSITY AIRSEP - Tu mejor opci\u00f3n Equipo M\u00e9dico M\u00e9xico","og_description":"Marca AIRSEP Modelo intensity 10L Capacidad en volumen 10 Litros Flujo m\u00ednimo de ox\u00edgeno 1 l\/min Flujo m\u00e1ximo de ox\u00edgeno 10 l\/min Peso 26.3 kg","og_url":"https:\/\/buscoequipomedico.com\/?product=concentrador-de-oxigeno-de-10-litros-modelo-intensity-airsep","og_site_name":"Tu mejor opci\u00f3n Equipo M\u00e9dico M\u00e9xico","article_modified_time":"2020-02-18T07:33:15+00:00","og_image":[{"width":800,"height":800,"url":"https:\/\/buscoequipomedico.com\/wp-content\/uploads\/2020\/02\/concentrador-de-oxigeno-de-10-litros-modelo-intensity-airsep-marca-airsep-modelo-intensity-10l-capacidad-en-volumen-10-litros-fl.jpg","type":"image\/png"}],"twitter_card":"summary_large_image","schema":{"@context":"https:\/\/schema.org","@graph":[{"@type":"WebPage","@id":"https:\/\/buscoequipomedico.com\/?product=concentrador-de-oxigeno-de-10-litros-modelo-intensity-airsep","url":"https:\/\/buscoequipomedico.com\/?product=concentrador-de-oxigeno-de-10-litros-modelo-intensity-airsep","name":"CONCENTRADOR DE OXIGENO DE 10 LITROS MODELO INTENSITY AIRSEP - Tu mejor opci\u00f3n Equipo M\u00e9dico M\u00e9xico","isPartOf":{"@id":"https:\/\/buscoequipomedico.com\/#website"},"primaryImageOfPage":{"@id":"https:\/\/buscoequipomedico.com\/?product=concentrador-de-oxigeno-de-10-litros-modelo-intensity-airsep#primaryimage"},"image":{"@id":"https:\/\/buscoequipomedico.com\/?product=concentrador-de-oxigeno-de-10-litros-modelo-intensity-airsep#primaryimage"},"thumbnailUrl":"https:\/\/buscoequipomedico.com\/wp-content\/uploads\/2020\/02\/concentrador-de-oxigeno-de-10-litros-modelo-intensity-airsep-marca-airsep-modelo-intensity-10l-capacidad-en-volumen-10-litros-fl.jpg","datePublished":"2020-02-18T07:33:14+00:00","dateModified":"2020-02-18T07:33:15+00:00","breadcrumb":{"@id":"https:\/\/buscoequipomedico.com\/?product=concentrador-de-oxigeno-de-10-litros-modelo-intensity-airsep#breadcrumb"},"inLanguage":"es","potentialAction":[{"@type":"ReadAction","target":["https:\/\/buscoequipomedico.com\/?product=concentrador-de-oxigeno-de-10-litros-modelo-intensity-airsep"]}]},{"@type":"ImageObject","inLanguage":"es","@id":"https:\/\/buscoequipomedico.com\/?product=concentrador-de-oxigeno-de-10-litros-modelo-intensity-airsep#primaryimage","url":"https:\/\/buscoequipomedico.com\/wp-content\/uploads\/2020\/02\/concentrador-de-oxigeno-de-10-litros-modelo-intensity-airsep-marca-airsep-modelo-intensity-10l-capacidad-en-volumen-10-litros-fl.jpg","contentUrl":"https:\/\/buscoequipomedico.com\/wp-content\/uploads\/2020\/02\/concentrador-de-oxigeno-de-10-litros-modelo-intensity-airsep-marca-airsep-modelo-intensity-10l-capacidad-en-volumen-10-litros-fl.jpg","width":800,"height":800},{"@type":"BreadcrumbList","@id":"https:\/\/buscoequipomedico.com\/?product=concentrador-de-oxigeno-de-10-litros-modelo-intensity-airsep#breadcrumb","itemListElement":[{"@type":"ListItem","position":1,"name":"Productos","item":"https:\/\/buscoequipomedico.com\/shop\/"},{"@type":"ListItem","position":2,"name":"CONCENTRADOR DE OXIGENO DE 10 LITROS MODELO INTENSITY AIRSEP"}]},{"@type":"WebSite","@id":"https:\/\/buscoequipomedico.com\/#website","url":"https:\/\/buscoequipomedico.com\/","name":"Tu mejor opci\u00f3n Equipo M\u00e9dico M\u00e9xico","description":"Tienda de equipo m\u00e9dico","publisher":{"@id":"https:\/\/buscoequipomedico.com\/#organization"},"potentialAction":[{"@type":"SearchAction","target":{"@type":"EntryPoint","urlTemplate":"https:\/\/buscoequipomedico.com\/?s={search_term_string}"},"query-input":{"@type":"PropertyValueSpecification","valueRequired":true,"valueName":"search_term_string"}}],"inLanguage":"es"},{"@type":"Organization","@id":"https:\/\/buscoequipomedico.com\/#organization","name":"Tu mejor opci\u00f3n Equipo M\u00e9dico M\u00e9xico","url":"https:\/\/buscoequipomedico.com\/","logo":{"@type":"ImageObject","inLanguage":"es","@id":"https:\/\/buscoequipomedico.com\/#\/schema\/logo\/image\/","url":"https:\/\/buscoequipomedico.com\/wp-content\/uploads\/2021\/07\/EMM-VPrincipal-scaled.jpg","contentUrl":"https:\/\/buscoequipomedico.com\/wp-content\/uploads\/2021\/07\/EMM-VPrincipal-scaled.jpg","width":2560,"height":1058,"caption":"Tu mejor opci\u00f3n Equipo M\u00e9dico M\u00e9xico"},"image":{"@id":"https:\/\/buscoequipomedico.com\/#\/schema\/logo\/image\/"}}]}},"_links":{"self":[{"href":"https:\/\/buscoequipomedico.com\/index.php?rest_route=\/wp\/v2\/product\/11586","targetHints":{"allow":["GET"]}}],"collection":[{"href":"https:\/\/buscoequipomedico.com\/index.php?rest_route=\/wp\/v2\/product"}],"about":[{"href":"https:\/\/buscoequipomedico.com\/index.php?rest_route=\/wp\/v2\/types\/product"}],"wp:featuredmedia":[{"embeddable":true,"href":"https:\/\/buscoequipomedico.com\/index.php?rest_route=\/wp\/v2\/media\/11587"}],"wp:attachment":[{"href":"https:\/\/buscoequipomedico.com\/index.php?rest_route=%2Fwp%2Fv2%2Fmedia&parent=11586"}],"wp:term":[{"taxonomy":"product_brand","embeddable":true,"href":"https:\/\/buscoequipomedico.com\/index.php?rest_route=%2Fwp%2Fv2%2Fproduct_brand&post=11586"},{"taxonomy":"product_cat","embeddable":true,"href":"https:\/\/buscoequipomedico.com\/index.php?rest_route=%2Fwp%2Fv2%2Fproduct_cat&post=11586"},{"taxonomy":"product_tag","embeddable":true,"href":"https:\/\/buscoequipomedico.com\/index.php?rest_route=%2Fwp%2Fv2%2Fproduct_tag&post=11586"}],"curies":[{"name":"wp","href":"https:\/\/api.w.org\/{rel}","templated":true}]}}