{"id":11658,"date":"2020-02-18T07:33:21","date_gmt":"2020-02-18T07:33:21","guid":{"rendered":"https:\/\/equipomedicomexico-com.preview-domain.com\/product\/electrocardiografo-de-12-canales-con-dicom\/"},"modified":"2020-02-18T07:33:27","modified_gmt":"2020-02-18T07:33:27","slug":"electrocardiografo-de-12-canales-con-dicom","status":"publish","type":"product","link":"https:\/\/buscoequipomedico.com\/?product=electrocardiografo-de-12-canales-con-dicom","title":{"rendered":"ELECTROCARDI\u00d3GRAFO DE 12 CANALES CON DICOM"},"content":{"rendered":"<p>CON ACCESORIOS EST\u00c1NDAR: CABLE DE PACIENTE, ELECTRODOS PRECORDIALES Y DE EXTREMIDADES, PAPEL T\u00c9RMICO (UN ROLLO), GEL CONDUCTIVO PARA ECG, CABLE DE ALIMENTACI\u00d3N Y MANUAL DE USUARIO.<\/p>\n<p>CARACTER\u00cdSTICAS:<\/p>\n<p>\u2022 ECG interpretativo de 12 canales, 2,000 SPS (VERSION ANTERIOR 500SPS)<\/p>\n<p>\u2022 M\u00e1s de 130 tipos de Resultados de Interpretaci\u00f3n basados en el c\u00f3digo Minnesota avanzado<\/p>\n<p>\u2022 Detecci\u00f3n autom\u00e1tica de arritmia y An\u00e1lisis HRV (Variabilidad de Frecuencia Cardiaca) [STRESS]<\/p>\n<p>\u2022 Detecci\u00f3n de marcapasos<\/p>\n<p>\u2022 Memoria INTERNA para m\u00e1s de 200 pacientes (MEMORIA EXTERNA VIA USB)<\/p>\n<p>\u2022 Monitor de vista previa en tiempo real<\/p>\n<p>\u2022 Compatible con una PC a trav\u00e9s de LAN (PCSOFT O DICOM DIRECTO A PACS)<\/p>\n<p>\u2022 DOS (2) PUERTOS USB [Para USB Memory, Lector de c\u00f3digo de barras, Teclado, Adaptador WiFi: NO INCLUIDOS)<\/p>\n<p>\u2022 Disponible en m\u00faltiples idiomas (incluyendo Espa\u00f1ol)<\/p>\n<p>\u2022 Mensajes de falla en la conexi\u00f3n de la derivaci\u00f3n<\/p>\n<p>\u2022 Grabaci\u00f3n de larga duraci\u00f3n de 5 min<\/p>\n<p>\u2022 Varios Formatos de Almacenamiento: PDF, JPG, XML, MFER, DICOM<\/p>\n","protected":false},"excerpt":{"rendered":"<p>INTERPRETACION: MAS DE 130 TIPOS DE DIAGNOSTICO. (CODIGO MINESOTA AVANZADO)<\/p>\n<p>\u27a2 GRABA 30 TRAZOS DE ECG EN MEMORIA INTERNA, MEMORIA EXTERNA POR USB<\/p>\n<p>\u27a2 MONITOR DE 7 PULGADAS LCD COLOR: 12 TRAZOS EN PANTALLA. TOUCH SCREEN<\/p>\n<p>\u27a2 A4: IMPRIME EN TAMA\u00d1O A4 (PAPEL TERMICO DE 210 MM DE ANCHO)<\/p>\n<p>\u27a2 LECTOR DE CODIGO DE BARRAS<\/p>\n<p>\u27a2 FORMA DE REGISTRO: 12 CANALES \/ 6 CANALES + RITMO \/ 3 CANALES + RITMO \/ 60 SEGUNDOS DE RITMO<\/p>\n<p>\u27a2 RESULTADOS Y REPORTES ESPECIALIZADOS MAS DETALLES PARA EL DIAGNOSTICO PRECISO.<\/p>\n","protected":false},"featured_media":11659,"template":"","meta":{"_joinchat":[]},"product_brand":[],"product_cat":[225],"product_tag":[],"class_list":{"0":"post-11658","1":"product","2":"type-product","3":"status-publish","4":"has-post-thumbnail","6":"product_cat-electrocardiografos","7":"pa_marca-bionet","9":"first","10":"instock","11":"purchasable","12":"product-type-simple"},"yoast_head":"<!-- This site is optimized with the Yoast SEO plugin v25.1 - https:\/\/yoast.com\/wordpress\/plugins\/seo\/ -->\n<title>ELECTROCARDI\u00d3GRAFO DE 12 CANALES CON DICOM - Tu mejor opci\u00f3n Equipo M\u00e9dico M\u00e9xico<\/title>\n<meta name=\"robots\" content=\"index, follow, max-snippet:-1, max-image-preview:large, max-video-preview:-1\" \/>\n<link rel=\"canonical\" href=\"https:\/\/buscoequipomedico.com\/?product=electrocardiografo-de-12-canales-con-dicom\" \/>\n<meta property=\"og:locale\" content=\"es_ES\" \/>\n<meta property=\"og:type\" content=\"article\" \/>\n<meta property=\"og:title\" content=\"ELECTROCARDI\u00d3GRAFO DE 12 CANALES CON DICOM - Tu mejor opci\u00f3n Equipo M\u00e9dico M\u00e9xico\" \/>\n<meta property=\"og:description\" content=\"INTERPRETACION: MAS DE 130 TIPOS DE DIAGNOSTICO. (CODIGO MINESOTA AVANZADO) \u27a2 GRABA 30 TRAZOS DE ECG EN MEMORIA INTERNA, MEMORIA EXTERNA POR USB \u27a2 MONITOR DE 7 PULGADAS LCD COLOR: 12 TRAZOS EN PANTALLA. TOUCH SCREEN \u27a2 A4: IMPRIME EN TAMA\u00d1O A4 (PAPEL TERMICO DE 210 MM DE ANCHO) \u27a2 LECTOR DE CODIGO DE BARRAS \u27a2 FORMA DE REGISTRO: 12 CANALES \/ 6 CANALES + RITMO \/ 3 CANALES + RITMO \/ 60 SEGUNDOS DE RITMO \u27a2 RESULTADOS Y REPORTES ESPECIALIZADOS MAS DETALLES PARA EL DIAGNOSTICO PRECISO.\" \/>\n<meta property=\"og:url\" content=\"https:\/\/buscoequipomedico.com\/?product=electrocardiografo-de-12-canales-con-dicom\" \/>\n<meta property=\"og:site_name\" content=\"Tu mejor opci\u00f3n Equipo M\u00e9dico M\u00e9xico\" \/>\n<meta property=\"article:modified_time\" content=\"2020-02-18T07:33:27+00:00\" \/>\n<meta property=\"og:image\" content=\"https:\/\/buscoequipomedico.com\/wp-content\/uploads\/2020\/02\/electrocardiografo-de-12-canales-con-dicom-interpretacion-mas-de-130-tipos-de-diagnostico-codigo-minesota-avanzado-graba-30-traz.jpg\" \/>\n\t<meta property=\"og:image:width\" content=\"800\" \/>\n\t<meta property=\"og:image:height\" content=\"800\" \/>\n\t<meta property=\"og:image:type\" content=\"image\/png\" \/>\n<meta name=\"twitter:card\" content=\"summary_large_image\" \/>\n<meta name=\"twitter:label1\" content=\"Tiempo de lectura\" \/>\n\t<meta name=\"twitter:data1\" content=\"1 minuto\" \/>\n<script type=\"application\/ld+json\" class=\"yoast-schema-graph\">{\"@context\":\"https:\/\/schema.org\",\"@graph\":[{\"@type\":\"WebPage\",\"@id\":\"https:\/\/buscoequipomedico.com\/?product=electrocardiografo-de-12-canales-con-dicom\",\"url\":\"https:\/\/buscoequipomedico.com\/?product=electrocardiografo-de-12-canales-con-dicom\",\"name\":\"ELECTROCARDI\u00d3GRAFO DE 12 CANALES CON DICOM - Tu mejor opci\u00f3n Equipo M\u00e9dico M\u00e9xico\",\"isPartOf\":{\"@id\":\"https:\/\/buscoequipomedico.com\/#website\"},\"primaryImageOfPage\":{\"@id\":\"https:\/\/buscoequipomedico.com\/?product=electrocardiografo-de-12-canales-con-dicom#primaryimage\"},\"image\":{\"@id\":\"https:\/\/buscoequipomedico.com\/?product=electrocardiografo-de-12-canales-con-dicom#primaryimage\"},\"thumbnailUrl\":\"https:\/\/buscoequipomedico.com\/wp-content\/uploads\/2020\/02\/electrocardiografo-de-12-canales-con-dicom-interpretacion-mas-de-130-tipos-de-diagnostico-codigo-minesota-avanzado-graba-30-traz.jpg\",\"datePublished\":\"2020-02-18T07:33:21+00:00\",\"dateModified\":\"2020-02-18T07:33:27+00:00\",\"breadcrumb\":{\"@id\":\"https:\/\/buscoequipomedico.com\/?product=electrocardiografo-de-12-canales-con-dicom#breadcrumb\"},\"inLanguage\":\"es\",\"potentialAction\":[{\"@type\":\"ReadAction\",\"target\":[\"https:\/\/buscoequipomedico.com\/?product=electrocardiografo-de-12-canales-con-dicom\"]}]},{\"@type\":\"ImageObject\",\"inLanguage\":\"es\",\"@id\":\"https:\/\/buscoequipomedico.com\/?product=electrocardiografo-de-12-canales-con-dicom#primaryimage\",\"url\":\"https:\/\/buscoequipomedico.com\/wp-content\/uploads\/2020\/02\/electrocardiografo-de-12-canales-con-dicom-interpretacion-mas-de-130-tipos-de-diagnostico-codigo-minesota-avanzado-graba-30-traz.jpg\",\"contentUrl\":\"https:\/\/buscoequipomedico.com\/wp-content\/uploads\/2020\/02\/electrocardiografo-de-12-canales-con-dicom-interpretacion-mas-de-130-tipos-de-diagnostico-codigo-minesota-avanzado-graba-30-traz.jpg\",\"width\":800,\"height\":800},{\"@type\":\"BreadcrumbList\",\"@id\":\"https:\/\/buscoequipomedico.com\/?product=electrocardiografo-de-12-canales-con-dicom#breadcrumb\",\"itemListElement\":[{\"@type\":\"ListItem\",\"position\":1,\"name\":\"Productos\",\"item\":\"https:\/\/buscoequipomedico.com\/shop\/\"},{\"@type\":\"ListItem\",\"position\":2,\"name\":\"ELECTROCARDI\u00d3GRAFO DE 12 CANALES CON DICOM\"}]},{\"@type\":\"WebSite\",\"@id\":\"https:\/\/buscoequipomedico.com\/#website\",\"url\":\"https:\/\/buscoequipomedico.com\/\",\"name\":\"Tu mejor opci\u00f3n Equipo M\u00e9dico M\u00e9xico\",\"description\":\"Tienda de equipo m\u00e9dico\",\"publisher\":{\"@id\":\"https:\/\/buscoequipomedico.com\/#organization\"},\"potentialAction\":[{\"@type\":\"SearchAction\",\"target\":{\"@type\":\"EntryPoint\",\"urlTemplate\":\"https:\/\/buscoequipomedico.com\/?s={search_term_string}\"},\"query-input\":{\"@type\":\"PropertyValueSpecification\",\"valueRequired\":true,\"valueName\":\"search_term_string\"}}],\"inLanguage\":\"es\"},{\"@type\":\"Organization\",\"@id\":\"https:\/\/buscoequipomedico.com\/#organization\",\"name\":\"Tu mejor opci\u00f3n Equipo M\u00e9dico M\u00e9xico\",\"url\":\"https:\/\/buscoequipomedico.com\/\",\"logo\":{\"@type\":\"ImageObject\",\"inLanguage\":\"es\",\"@id\":\"https:\/\/buscoequipomedico.com\/#\/schema\/logo\/image\/\",\"url\":\"https:\/\/buscoequipomedico.com\/wp-content\/uploads\/2021\/07\/EMM-VPrincipal-scaled.jpg\",\"contentUrl\":\"https:\/\/buscoequipomedico.com\/wp-content\/uploads\/2021\/07\/EMM-VPrincipal-scaled.jpg\",\"width\":2560,\"height\":1058,\"caption\":\"Tu mejor opci\u00f3n Equipo M\u00e9dico M\u00e9xico\"},\"image\":{\"@id\":\"https:\/\/buscoequipomedico.com\/#\/schema\/logo\/image\/\"}}]}<\/script>\n<!-- \/ Yoast SEO plugin. -->","yoast_head_json":{"title":"ELECTROCARDI\u00d3GRAFO DE 12 CANALES CON DICOM - Tu mejor opci\u00f3n Equipo M\u00e9dico M\u00e9xico","robots":{"index":"index","follow":"follow","max-snippet":"max-snippet:-1","max-image-preview":"max-image-preview:large","max-video-preview":"max-video-preview:-1"},"canonical":"https:\/\/buscoequipomedico.com\/?product=electrocardiografo-de-12-canales-con-dicom","og_locale":"es_ES","og_type":"article","og_title":"ELECTROCARDI\u00d3GRAFO DE 12 CANALES CON DICOM - Tu mejor opci\u00f3n Equipo M\u00e9dico M\u00e9xico","og_description":"INTERPRETACION: MAS DE 130 TIPOS DE DIAGNOSTICO. (CODIGO MINESOTA AVANZADO) \u27a2 GRABA 30 TRAZOS DE ECG EN MEMORIA INTERNA, MEMORIA EXTERNA POR USB \u27a2 MONITOR DE 7 PULGADAS LCD COLOR: 12 TRAZOS EN PANTALLA. TOUCH SCREEN \u27a2 A4: IMPRIME EN TAMA\u00d1O A4 (PAPEL TERMICO DE 210 MM DE ANCHO) \u27a2 LECTOR DE CODIGO DE BARRAS \u27a2 FORMA DE REGISTRO: 12 CANALES \/ 6 CANALES + RITMO \/ 3 CANALES + RITMO \/ 60 SEGUNDOS DE RITMO \u27a2 RESULTADOS Y REPORTES ESPECIALIZADOS MAS DETALLES PARA EL DIAGNOSTICO PRECISO.","og_url":"https:\/\/buscoequipomedico.com\/?product=electrocardiografo-de-12-canales-con-dicom","og_site_name":"Tu mejor opci\u00f3n Equipo M\u00e9dico M\u00e9xico","article_modified_time":"2020-02-18T07:33:27+00:00","og_image":[{"width":800,"height":800,"url":"https:\/\/buscoequipomedico.com\/wp-content\/uploads\/2020\/02\/electrocardiografo-de-12-canales-con-dicom-interpretacion-mas-de-130-tipos-de-diagnostico-codigo-minesota-avanzado-graba-30-traz.jpg","type":"image\/png"}],"twitter_card":"summary_large_image","twitter_misc":{"Tiempo de lectura":"1 minuto"},"schema":{"@context":"https:\/\/schema.org","@graph":[{"@type":"WebPage","@id":"https:\/\/buscoequipomedico.com\/?product=electrocardiografo-de-12-canales-con-dicom","url":"https:\/\/buscoequipomedico.com\/?product=electrocardiografo-de-12-canales-con-dicom","name":"ELECTROCARDI\u00d3GRAFO DE 12 CANALES CON DICOM - Tu mejor opci\u00f3n Equipo M\u00e9dico M\u00e9xico","isPartOf":{"@id":"https:\/\/buscoequipomedico.com\/#website"},"primaryImageOfPage":{"@id":"https:\/\/buscoequipomedico.com\/?product=electrocardiografo-de-12-canales-con-dicom#primaryimage"},"image":{"@id":"https:\/\/buscoequipomedico.com\/?product=electrocardiografo-de-12-canales-con-dicom#primaryimage"},"thumbnailUrl":"https:\/\/buscoequipomedico.com\/wp-content\/uploads\/2020\/02\/electrocardiografo-de-12-canales-con-dicom-interpretacion-mas-de-130-tipos-de-diagnostico-codigo-minesota-avanzado-graba-30-traz.jpg","datePublished":"2020-02-18T07:33:21+00:00","dateModified":"2020-02-18T07:33:27+00:00","breadcrumb":{"@id":"https:\/\/buscoequipomedico.com\/?product=electrocardiografo-de-12-canales-con-dicom#breadcrumb"},"inLanguage":"es","potentialAction":[{"@type":"ReadAction","target":["https:\/\/buscoequipomedico.com\/?product=electrocardiografo-de-12-canales-con-dicom"]}]},{"@type":"ImageObject","inLanguage":"es","@id":"https:\/\/buscoequipomedico.com\/?product=electrocardiografo-de-12-canales-con-dicom#primaryimage","url":"https:\/\/buscoequipomedico.com\/wp-content\/uploads\/2020\/02\/electrocardiografo-de-12-canales-con-dicom-interpretacion-mas-de-130-tipos-de-diagnostico-codigo-minesota-avanzado-graba-30-traz.jpg","contentUrl":"https:\/\/buscoequipomedico.com\/wp-content\/uploads\/2020\/02\/electrocardiografo-de-12-canales-con-dicom-interpretacion-mas-de-130-tipos-de-diagnostico-codigo-minesota-avanzado-graba-30-traz.jpg","width":800,"height":800},{"@type":"BreadcrumbList","@id":"https:\/\/buscoequipomedico.com\/?product=electrocardiografo-de-12-canales-con-dicom#breadcrumb","itemListElement":[{"@type":"ListItem","position":1,"name":"Productos","item":"https:\/\/buscoequipomedico.com\/shop\/"},{"@type":"ListItem","position":2,"name":"ELECTROCARDI\u00d3GRAFO DE 12 CANALES CON DICOM"}]},{"@type":"WebSite","@id":"https:\/\/buscoequipomedico.com\/#website","url":"https:\/\/buscoequipomedico.com\/","name":"Tu mejor opci\u00f3n Equipo M\u00e9dico M\u00e9xico","description":"Tienda de equipo m\u00e9dico","publisher":{"@id":"https:\/\/buscoequipomedico.com\/#organization"},"potentialAction":[{"@type":"SearchAction","target":{"@type":"EntryPoint","urlTemplate":"https:\/\/buscoequipomedico.com\/?s={search_term_string}"},"query-input":{"@type":"PropertyValueSpecification","valueRequired":true,"valueName":"search_term_string"}}],"inLanguage":"es"},{"@type":"Organization","@id":"https:\/\/buscoequipomedico.com\/#organization","name":"Tu mejor opci\u00f3n Equipo M\u00e9dico M\u00e9xico","url":"https:\/\/buscoequipomedico.com\/","logo":{"@type":"ImageObject","inLanguage":"es","@id":"https:\/\/buscoequipomedico.com\/#\/schema\/logo\/image\/","url":"https:\/\/buscoequipomedico.com\/wp-content\/uploads\/2021\/07\/EMM-VPrincipal-scaled.jpg","contentUrl":"https:\/\/buscoequipomedico.com\/wp-content\/uploads\/2021\/07\/EMM-VPrincipal-scaled.jpg","width":2560,"height":1058,"caption":"Tu mejor opci\u00f3n Equipo M\u00e9dico M\u00e9xico"},"image":{"@id":"https:\/\/buscoequipomedico.com\/#\/schema\/logo\/image\/"}}]}},"_links":{"self":[{"href":"https:\/\/buscoequipomedico.com\/index.php?rest_route=\/wp\/v2\/product\/11658","targetHints":{"allow":["GET"]}}],"collection":[{"href":"https:\/\/buscoequipomedico.com\/index.php?rest_route=\/wp\/v2\/product"}],"about":[{"href":"https:\/\/buscoequipomedico.com\/index.php?rest_route=\/wp\/v2\/types\/product"}],"wp:featuredmedia":[{"embeddable":true,"href":"https:\/\/buscoequipomedico.com\/index.php?rest_route=\/wp\/v2\/media\/11659"}],"wp:attachment":[{"href":"https:\/\/buscoequipomedico.com\/index.php?rest_route=%2Fwp%2Fv2%2Fmedia&parent=11658"}],"wp:term":[{"taxonomy":"product_brand","embeddable":true,"href":"https:\/\/buscoequipomedico.com\/index.php?rest_route=%2Fwp%2Fv2%2Fproduct_brand&post=11658"},{"taxonomy":"product_cat","embeddable":true,"href":"https:\/\/buscoequipomedico.com\/index.php?rest_route=%2Fwp%2Fv2%2Fproduct_cat&post=11658"},{"taxonomy":"product_tag","embeddable":true,"href":"https:\/\/buscoequipomedico.com\/index.php?rest_route=%2Fwp%2Fv2%2Fproduct_tag&post=11658"}],"curies":[{"name":"wp","href":"https:\/\/api.w.org\/{rel}","templated":true}]}}