{"id":11710,"date":"2020-02-18T07:33:33","date_gmt":"2020-02-18T07:33:33","guid":{"rendered":"https:\/\/equipomedicomexico-com.preview-domain.com\/product\/electrocardiografo-6-canales\/"},"modified":"2020-02-18T07:33:35","modified_gmt":"2020-02-18T07:33:35","slug":"electrocardiografo-6-canales","status":"publish","type":"product","link":"https:\/\/buscoequipomedico.com\/?product=electrocardiografo-6-canales","title":{"rendered":"ELECTROCARDIOGRAFO 6 CANALES"},"content":{"rendered":"<ul>\n<li>Este es completamente digital y es controlado por un microprocesador para una completa exactitud.<\/li>\n<li>La conexi\u00f3n USB permite la transmisi\u00f3n en tiempo real al ordenador, an\u00e1lisis de datos y diagn\u00f3stico, gesti\u00f3n de impresi\u00f3n a trav\u00e9s de la PC<\/li>\n<li>Un sistema ECG exclusivo, dise\u00f1ado espec\u00edficamente para ayudar a los m\u00e9dicos a predecir y diagnosticar mejor a los \u2013 pacientes con riesgo de enfermedades cardiacas.<\/li>\n<li>Port\u00e1til, f\u00e1cil de usar y permite efectuar configuraciones para varios pacientes con el fin de ayudar al facultativo a realizar una evaluaci\u00f3n cardiaca m\u00e1s r\u00e1pida y segura, as\u00ed como a ofrecer una mejor asistencia al paciente.<\/li>\n<li>El ECG-600G viene con todos los accesorios, impresora t\u00e9rmica y una bater\u00eda interna recargable.<\/li>\n<\/ul>\n<p>\u00a0<\/p>\n<p>CARACTER\u00cdSTICAS:<\/p>\n<ul>\n<li>Adopta un sistema de alta resoluci\u00f3n de impresi\u00f3n t\u00e9rmica (8 puntos \/ mm), sin necesidad de ning\u00fan ajuste. la frecuencia de grabaci\u00f3n: hasta 150 Hz.<\/li>\n<li>Permite en n tiempo real registrar continuamente la forma de onda de ECG clara y precisa y el car\u00e1cter de anotaci\u00f3n (incluyendo marca de plomo, la sensibilidad, la velocidad del papel y el filtro Estado, etc.).<\/li>\n<li>El dise\u00f1o totalmente digital del filtro, la deriva anti-basal, la interferencia de CA y EMG.<\/li>\n<li>Ajusta la l\u00ednea de base de forma autom\u00e1tica, optimiza la configuraci\u00f3n de impresi\u00f3n y los cables opcionales de ritmo.<\/li>\n<li>En el modo AUTO, para terminar de grabar presionando el bot\u00f3n una vez, lo que mejora la eficiencia del trabajo.<\/li>\n<li>Adopta la tecnolog\u00eda de procesamiento de se\u00f1al digital y a obtener la forma de onda de ECG de alta calidad a trav\u00e9s de filtro de frecuencia de red, filtro de l\u00ednea de base y el filtro de EMG de la se\u00f1al de ECG.<\/li>\n<li>Con las funciones de medici\u00f3n autom\u00e1tica, auto-an\u00e1lisis y auto-diagn\u00f3stico para los par\u00e1metros del ECG de rutina, lo que reduce la carga del m\u00e9dico y mejora la eficiencia en el trabajo.<\/li>\n<li>Permite la sincronizaci\u00f3n de ECG de 12 derivaciones, formatos de impresi\u00f3n se multiplican, incluyendo 2 \u00d7 6 + 1 (derivaci\u00f3n de ritmo), 2 \u00d7 6, 3 \u00d7 4, 3 \u00d7 4 + 1 (derivaci\u00f3n de ritmo), 4 \u00d7 3, 4 \u00d7 3 1 (ritmo plomo), 6 \u00d7 2, 6 \u00d7 2 + 1 (ritmo plomo), el ritmo 2, 3 ritmo, ritmo 4, 5 ritmo, ritmo 6, 7 ritmo, ficha canal, etc.<\/li>\n<li>Indicaci\u00f3n de 3\/6 \/ ECG de 12 derivaciones, \u201cLead off\u201d y \u201cLa falta de papel\u201d en una pantalla, y con el modo DEMO ECG. Auto-check y auto-an\u00e1lisis para los par\u00e1metros del ECG, la forma de onda de ECG se pueden grabar de forma manual o de forma autom\u00e1tica. Y la informaci\u00f3n del paciente se puede almacenar la base de datos por caso.<\/li>\n<li>Tiempo de impresi\u00f3n se puede configurar para cada 1\/2\/3\/5\/10\/20\/30\/60 minutos.<\/li>\n<li>ajuste de la impresi\u00f3n, incluyendo \u201cImprimir y guardar\u201d (forma de onda de impresi\u00f3n y ahorrar caso), \u201cImprimir sin guardar\u201d (s\u00f3lo la forma de onda de impresi\u00f3n, pero no ahorrar caso), \u201cGuardar ninguna impresi\u00f3n\u201d (s\u00f3lo para ahorrar caso, pero no imprimir de forma de onda).<\/li>\n<li>AC \/ DC, bater\u00eda incorporada de litio recargable y un circuito de auto-protecci\u00f3n, y la funci\u00f3n de apagado autom\u00e1tico cuando no se realiza ninguna operaci\u00f3n en el tiempo designado.<\/li>\n<li>Se almacena m\u00e1s de 1000 casos, convenientes para la revisi\u00f3n del caso y estad\u00edstica.<\/li>\n<li>Multi-idioma (chino, Ingl\u00e9s, Franc\u00e9s, Espa\u00f1ol, Polaco,, Kazajst\u00e1n, Rusia y Ucrania) Interfaz Franc\u00e9s Turco Italiano Alem\u00e1n Portugu\u00e9s e informe.<\/li>\n<\/ul>\n<p>\u00a0<\/p>\n<p>ESPECIFICACIONES T\u00c9CNICAS:<\/p>\n<p>ECG<\/p>\n<ul>\n<li>Tipo de seguridad: Clase I, tipo CF partes (piezas aplicadas con la protecci\u00f3n de desfibrilaci\u00f3n) aplicado<\/li>\n<li>Conduce: 12 derivaciones est\u00e1ndar<\/li>\n<li>Entrada: circuito de entrada flotante y desfibrilaci\u00f3n protecci\u00f3n<\/li>\n<li>La corriente de fuga del paciente: &lt;10uA<\/li>\n<li>Frecuencia de muestreo: 1000 Hz<\/li>\n<li>La conversi\u00f3n A \/ D: 12 bits<\/li>\n<li>Respuesta de frecuencia: 0,05 Hz ~ 150 Hz (-3 dB, + 0,4dB)<\/li>\n<li>Constante de tiempo:&gt; 3.2s<\/li>\n<li>CMRR:&gt; 60 dB,&gt; 100 dB (Agregar filtro)<\/li>\n<li>Tensi\u00f3n de polarizaci\u00f3n: \u00b1 500 mV<\/li>\n<li>Nivel de ruido: &lt;15uVp-<\/li>\n<\/ul>\n<p>FILTROS<\/p>\n<ul>\n<li>Interferencia de filtro: 25 Hz \/ 35 Hz (-3 dB)<\/li>\n<li>Filtro de CA: 50Hz \/ 60Hz (= 20 dB)<\/li>\n<\/ul>\n<p>FORMA DE ONDA<\/p>\n<ul>\n<li>Modo de grabaci\u00f3n: Impresora t\u00e9rmica Impresora t\u00e9rmica (32 puntos \/ mm)<\/li>\n<li>Tipo de papel: 50 mm x 20 mm x 20 m 80 m 110 mm x 20 m<\/li>\n<li>Sensibilidad: 5, 10, 20 mm \/ mV 2,5, 5, 10, 20, 40 mm \/ mV<\/li>\n<li>Velocidad de impresi\u00f3n:<\/li>\n<li>Registro autom\u00e1tico: 25 mm \/ s, 50 mm \/ s<\/li>\n<li>El ritmo de grabaci\u00f3n: 25 mm \/ s, 50 mm \/ s<\/li>\n<li>Manual de grabaci\u00f3n: 5,6,25,10,12,5,25,50 (s\u00f3lo 33221), 100 mm \/ mV (s\u00f3lo 33222)<\/li>\n<\/ul>\n<p>SUMINISTRO EL\u00c9CTRICO<\/p>\n<ul>\n<li>AC 110-220V, 50\/60 Hz<\/li>\n<li>Bater\u00eda recargable de pol\u00edmero de litio de 7,4 V CC, 3700 mAh<\/li>\n<\/ul>\n<p>FUSIBLE<\/p>\n<ul>\n<li>2 piezas de 20 mm \u00d7 f5 tiempo lag AC; T250mA \/ 250V (Fuente de alimentaci\u00f3n: 220V)<\/li>\n<\/ul>\n<p>DIMENSIONES<\/p>\n<ul>\n<li>Largo 315 mm X Ancho 215 mm X Alto 77 mm<\/li>\n<li>Peso 7 kg<\/li>\n<\/ul>\n<p>\u00a0<\/p><\/p>\n","protected":false},"excerpt":{"rendered":"<p><span>El\u00a0 ECG-600G es un Electrocardi\u00f3grafo TouchScreen de 6 Canales Interpretativo que opera en modo manual y autom\u00e1tico<\/span><\/p>\n<p>INCLUYE:<\/p>\n<\/p>\n<ul>\n<li>1 Cable de ECG<\/li>\n<li>1 Juego de electrodos de sujeci\u00f3n de las extremidades<\/li>\n<li>1 Juego de electrodos en el pecho<\/li>\n<li>1 Cable de conexi\u00f3n a tierra<\/li>\n<li>1 Cable de alimentaci\u00f3n<\/li>\n<li>1 Cable USB<\/li>\n<li>1 Rollo de papel<\/li>\n<li>Software para PC<\/li>\n<\/ul>\n","protected":false},"featured_media":11711,"template":"","meta":{"_joinchat":[]},"product_brand":[],"product_cat":[225],"product_tag":[],"class_list":{"0":"post-11710","1":"product","2":"type-product","3":"status-publish","4":"has-post-thumbnail","6":"product_cat-electrocardiografos","7":"pa_marca-contec","9":"first","10":"instock","11":"purchasable","12":"product-type-simple"},"yoast_head":"<!-- This site is optimized with the Yoast SEO plugin v25.1 - https:\/\/yoast.com\/wordpress\/plugins\/seo\/ -->\n<title>ELECTROCARDIOGRAFO 6 CANALES - Tu mejor opci\u00f3n Equipo M\u00e9dico M\u00e9xico<\/title>\n<meta name=\"robots\" content=\"index, follow, max-snippet:-1, max-image-preview:large, max-video-preview:-1\" \/>\n<link rel=\"canonical\" href=\"https:\/\/buscoequipomedico.com\/?product=electrocardiografo-6-canales\" \/>\n<meta property=\"og:locale\" content=\"es_ES\" \/>\n<meta property=\"og:type\" content=\"article\" \/>\n<meta property=\"og:title\" content=\"ELECTROCARDIOGRAFO 6 CANALES - Tu mejor opci\u00f3n Equipo M\u00e9dico M\u00e9xico\" \/>\n<meta property=\"og:description\" content=\"El\u00a0 ECG-600G es un Electrocardi\u00f3grafo TouchScreen de 6 Canales Interpretativo que opera en modo manual y autom\u00e1tico INCLUYE:  1 Cable de ECG 1 Juego de electrodos de sujeci\u00f3n de las extremidades 1 Juego de electrodos en el pecho 1 Cable de conexi\u00f3n a tierra 1 Cable de alimentaci\u00f3n 1 Cable USB 1 Rollo de papel Software para PC\" \/>\n<meta property=\"og:url\" content=\"https:\/\/buscoequipomedico.com\/?product=electrocardiografo-6-canales\" \/>\n<meta property=\"og:site_name\" content=\"Tu mejor opci\u00f3n Equipo M\u00e9dico M\u00e9xico\" \/>\n<meta property=\"article:modified_time\" content=\"2020-02-18T07:33:35+00:00\" \/>\n<meta property=\"og:image\" content=\"https:\/\/buscoequipomedico.com\/wp-content\/uploads\/2020\/02\/electrocardiografo-6-canales-el-ecg-600g-es-un-electrocardiografo-touchscreen-de-6-canales-interpretativo-que-opera-en-modo-manu.jpg\" \/>\n\t<meta property=\"og:image:width\" content=\"800\" \/>\n\t<meta property=\"og:image:height\" content=\"800\" \/>\n\t<meta property=\"og:image:type\" content=\"image\/png\" \/>\n<meta name=\"twitter:card\" content=\"summary_large_image\" \/>\n<meta name=\"twitter:label1\" content=\"Tiempo de lectura\" \/>\n\t<meta name=\"twitter:data1\" content=\"4 minutos\" \/>\n<script type=\"application\/ld+json\" class=\"yoast-schema-graph\">{\"@context\":\"https:\/\/schema.org\",\"@graph\":[{\"@type\":\"WebPage\",\"@id\":\"https:\/\/buscoequipomedico.com\/?product=electrocardiografo-6-canales\",\"url\":\"https:\/\/buscoequipomedico.com\/?product=electrocardiografo-6-canales\",\"name\":\"ELECTROCARDIOGRAFO 6 CANALES - Tu mejor opci\u00f3n Equipo M\u00e9dico M\u00e9xico\",\"isPartOf\":{\"@id\":\"https:\/\/buscoequipomedico.com\/#website\"},\"primaryImageOfPage\":{\"@id\":\"https:\/\/buscoequipomedico.com\/?product=electrocardiografo-6-canales#primaryimage\"},\"image\":{\"@id\":\"https:\/\/buscoequipomedico.com\/?product=electrocardiografo-6-canales#primaryimage\"},\"thumbnailUrl\":\"https:\/\/buscoequipomedico.com\/wp-content\/uploads\/2020\/02\/electrocardiografo-6-canales-el-ecg-600g-es-un-electrocardiografo-touchscreen-de-6-canales-interpretativo-que-opera-en-modo-manu.jpg\",\"datePublished\":\"2020-02-18T07:33:33+00:00\",\"dateModified\":\"2020-02-18T07:33:35+00:00\",\"breadcrumb\":{\"@id\":\"https:\/\/buscoequipomedico.com\/?product=electrocardiografo-6-canales#breadcrumb\"},\"inLanguage\":\"es\",\"potentialAction\":[{\"@type\":\"ReadAction\",\"target\":[\"https:\/\/buscoequipomedico.com\/?product=electrocardiografo-6-canales\"]}]},{\"@type\":\"ImageObject\",\"inLanguage\":\"es\",\"@id\":\"https:\/\/buscoequipomedico.com\/?product=electrocardiografo-6-canales#primaryimage\",\"url\":\"https:\/\/buscoequipomedico.com\/wp-content\/uploads\/2020\/02\/electrocardiografo-6-canales-el-ecg-600g-es-un-electrocardiografo-touchscreen-de-6-canales-interpretativo-que-opera-en-modo-manu.jpg\",\"contentUrl\":\"https:\/\/buscoequipomedico.com\/wp-content\/uploads\/2020\/02\/electrocardiografo-6-canales-el-ecg-600g-es-un-electrocardiografo-touchscreen-de-6-canales-interpretativo-que-opera-en-modo-manu.jpg\",\"width\":800,\"height\":800},{\"@type\":\"BreadcrumbList\",\"@id\":\"https:\/\/buscoequipomedico.com\/?product=electrocardiografo-6-canales#breadcrumb\",\"itemListElement\":[{\"@type\":\"ListItem\",\"position\":1,\"name\":\"Productos\",\"item\":\"https:\/\/buscoequipomedico.com\/shop\/\"},{\"@type\":\"ListItem\",\"position\":2,\"name\":\"ELECTROCARDIOGRAFO 6 CANALES\"}]},{\"@type\":\"WebSite\",\"@id\":\"https:\/\/buscoequipomedico.com\/#website\",\"url\":\"https:\/\/buscoequipomedico.com\/\",\"name\":\"Tu mejor opci\u00f3n Equipo M\u00e9dico M\u00e9xico\",\"description\":\"Tienda de equipo m\u00e9dico\",\"publisher\":{\"@id\":\"https:\/\/buscoequipomedico.com\/#organization\"},\"potentialAction\":[{\"@type\":\"SearchAction\",\"target\":{\"@type\":\"EntryPoint\",\"urlTemplate\":\"https:\/\/buscoequipomedico.com\/?s={search_term_string}\"},\"query-input\":{\"@type\":\"PropertyValueSpecification\",\"valueRequired\":true,\"valueName\":\"search_term_string\"}}],\"inLanguage\":\"es\"},{\"@type\":\"Organization\",\"@id\":\"https:\/\/buscoequipomedico.com\/#organization\",\"name\":\"Tu mejor opci\u00f3n Equipo M\u00e9dico M\u00e9xico\",\"url\":\"https:\/\/buscoequipomedico.com\/\",\"logo\":{\"@type\":\"ImageObject\",\"inLanguage\":\"es\",\"@id\":\"https:\/\/buscoequipomedico.com\/#\/schema\/logo\/image\/\",\"url\":\"https:\/\/buscoequipomedico.com\/wp-content\/uploads\/2021\/07\/EMM-VPrincipal-scaled.jpg\",\"contentUrl\":\"https:\/\/buscoequipomedico.com\/wp-content\/uploads\/2021\/07\/EMM-VPrincipal-scaled.jpg\",\"width\":2560,\"height\":1058,\"caption\":\"Tu mejor opci\u00f3n Equipo M\u00e9dico M\u00e9xico\"},\"image\":{\"@id\":\"https:\/\/buscoequipomedico.com\/#\/schema\/logo\/image\/\"}}]}<\/script>\n<!-- \/ Yoast SEO plugin. -->","yoast_head_json":{"title":"ELECTROCARDIOGRAFO 6 CANALES - Tu mejor opci\u00f3n Equipo M\u00e9dico M\u00e9xico","robots":{"index":"index","follow":"follow","max-snippet":"max-snippet:-1","max-image-preview":"max-image-preview:large","max-video-preview":"max-video-preview:-1"},"canonical":"https:\/\/buscoequipomedico.com\/?product=electrocardiografo-6-canales","og_locale":"es_ES","og_type":"article","og_title":"ELECTROCARDIOGRAFO 6 CANALES - Tu mejor opci\u00f3n Equipo M\u00e9dico M\u00e9xico","og_description":"El\u00a0 ECG-600G es un Electrocardi\u00f3grafo TouchScreen de 6 Canales Interpretativo que opera en modo manual y autom\u00e1tico INCLUYE:  1 Cable de ECG 1 Juego de electrodos de sujeci\u00f3n de las extremidades 1 Juego de electrodos en el pecho 1 Cable de conexi\u00f3n a tierra 1 Cable de alimentaci\u00f3n 1 Cable USB 1 Rollo de papel Software para PC","og_url":"https:\/\/buscoequipomedico.com\/?product=electrocardiografo-6-canales","og_site_name":"Tu mejor opci\u00f3n Equipo M\u00e9dico M\u00e9xico","article_modified_time":"2020-02-18T07:33:35+00:00","og_image":[{"width":800,"height":800,"url":"https:\/\/buscoequipomedico.com\/wp-content\/uploads\/2020\/02\/electrocardiografo-6-canales-el-ecg-600g-es-un-electrocardiografo-touchscreen-de-6-canales-interpretativo-que-opera-en-modo-manu.jpg","type":"image\/png"}],"twitter_card":"summary_large_image","twitter_misc":{"Tiempo de lectura":"4 minutos"},"schema":{"@context":"https:\/\/schema.org","@graph":[{"@type":"WebPage","@id":"https:\/\/buscoequipomedico.com\/?product=electrocardiografo-6-canales","url":"https:\/\/buscoequipomedico.com\/?product=electrocardiografo-6-canales","name":"ELECTROCARDIOGRAFO 6 CANALES - Tu mejor opci\u00f3n Equipo M\u00e9dico M\u00e9xico","isPartOf":{"@id":"https:\/\/buscoequipomedico.com\/#website"},"primaryImageOfPage":{"@id":"https:\/\/buscoequipomedico.com\/?product=electrocardiografo-6-canales#primaryimage"},"image":{"@id":"https:\/\/buscoequipomedico.com\/?product=electrocardiografo-6-canales#primaryimage"},"thumbnailUrl":"https:\/\/buscoequipomedico.com\/wp-content\/uploads\/2020\/02\/electrocardiografo-6-canales-el-ecg-600g-es-un-electrocardiografo-touchscreen-de-6-canales-interpretativo-que-opera-en-modo-manu.jpg","datePublished":"2020-02-18T07:33:33+00:00","dateModified":"2020-02-18T07:33:35+00:00","breadcrumb":{"@id":"https:\/\/buscoequipomedico.com\/?product=electrocardiografo-6-canales#breadcrumb"},"inLanguage":"es","potentialAction":[{"@type":"ReadAction","target":["https:\/\/buscoequipomedico.com\/?product=electrocardiografo-6-canales"]}]},{"@type":"ImageObject","inLanguage":"es","@id":"https:\/\/buscoequipomedico.com\/?product=electrocardiografo-6-canales#primaryimage","url":"https:\/\/buscoequipomedico.com\/wp-content\/uploads\/2020\/02\/electrocardiografo-6-canales-el-ecg-600g-es-un-electrocardiografo-touchscreen-de-6-canales-interpretativo-que-opera-en-modo-manu.jpg","contentUrl":"https:\/\/buscoequipomedico.com\/wp-content\/uploads\/2020\/02\/electrocardiografo-6-canales-el-ecg-600g-es-un-electrocardiografo-touchscreen-de-6-canales-interpretativo-que-opera-en-modo-manu.jpg","width":800,"height":800},{"@type":"BreadcrumbList","@id":"https:\/\/buscoequipomedico.com\/?product=electrocardiografo-6-canales#breadcrumb","itemListElement":[{"@type":"ListItem","position":1,"name":"Productos","item":"https:\/\/buscoequipomedico.com\/shop\/"},{"@type":"ListItem","position":2,"name":"ELECTROCARDIOGRAFO 6 CANALES"}]},{"@type":"WebSite","@id":"https:\/\/buscoequipomedico.com\/#website","url":"https:\/\/buscoequipomedico.com\/","name":"Tu mejor opci\u00f3n Equipo M\u00e9dico M\u00e9xico","description":"Tienda de equipo m\u00e9dico","publisher":{"@id":"https:\/\/buscoequipomedico.com\/#organization"},"potentialAction":[{"@type":"SearchAction","target":{"@type":"EntryPoint","urlTemplate":"https:\/\/buscoequipomedico.com\/?s={search_term_string}"},"query-input":{"@type":"PropertyValueSpecification","valueRequired":true,"valueName":"search_term_string"}}],"inLanguage":"es"},{"@type":"Organization","@id":"https:\/\/buscoequipomedico.com\/#organization","name":"Tu mejor opci\u00f3n Equipo M\u00e9dico M\u00e9xico","url":"https:\/\/buscoequipomedico.com\/","logo":{"@type":"ImageObject","inLanguage":"es","@id":"https:\/\/buscoequipomedico.com\/#\/schema\/logo\/image\/","url":"https:\/\/buscoequipomedico.com\/wp-content\/uploads\/2021\/07\/EMM-VPrincipal-scaled.jpg","contentUrl":"https:\/\/buscoequipomedico.com\/wp-content\/uploads\/2021\/07\/EMM-VPrincipal-scaled.jpg","width":2560,"height":1058,"caption":"Tu mejor opci\u00f3n Equipo M\u00e9dico M\u00e9xico"},"image":{"@id":"https:\/\/buscoequipomedico.com\/#\/schema\/logo\/image\/"}}]}},"_links":{"self":[{"href":"https:\/\/buscoequipomedico.com\/index.php?rest_route=\/wp\/v2\/product\/11710","targetHints":{"allow":["GET"]}}],"collection":[{"href":"https:\/\/buscoequipomedico.com\/index.php?rest_route=\/wp\/v2\/product"}],"about":[{"href":"https:\/\/buscoequipomedico.com\/index.php?rest_route=\/wp\/v2\/types\/product"}],"wp:featuredmedia":[{"embeddable":true,"href":"https:\/\/buscoequipomedico.com\/index.php?rest_route=\/wp\/v2\/media\/11711"}],"wp:attachment":[{"href":"https:\/\/buscoequipomedico.com\/index.php?rest_route=%2Fwp%2Fv2%2Fmedia&parent=11710"}],"wp:term":[{"taxonomy":"product_brand","embeddable":true,"href":"https:\/\/buscoequipomedico.com\/index.php?rest_route=%2Fwp%2Fv2%2Fproduct_brand&post=11710"},{"taxonomy":"product_cat","embeddable":true,"href":"https:\/\/buscoequipomedico.com\/index.php?rest_route=%2Fwp%2Fv2%2Fproduct_cat&post=11710"},{"taxonomy":"product_tag","embeddable":true,"href":"https:\/\/buscoequipomedico.com\/index.php?rest_route=%2Fwp%2Fv2%2Fproduct_tag&post=11710"}],"curies":[{"name":"wp","href":"https:\/\/api.w.org\/{rel}","templated":true}]}}