{"id":11745,"date":"2020-02-18T07:33:40","date_gmt":"2020-02-18T07:33:40","guid":{"rendered":"https:\/\/equipomedicomexico-com.preview-domain.com\/product\/cuchillo-electronico-de-alta-frecuencia-y-asa-diatermia-2\/"},"modified":"2020-02-18T07:33:41","modified_gmt":"2020-02-18T07:33:41","slug":"cuchillo-electronico-de-alta-frecuencia-y-asa-diatermia-2","status":"publish","type":"product","link":"https:\/\/buscoequipomedico.com\/?product=cuchillo-electronico-de-alta-frecuencia-y-asa-diatermia-2","title":{"rendered":"CUCHILLO ELECTR\u00d3NICO DE ALTA FRECUENCIA Y ASA DIATERMIA"},"content":{"rendered":"<p>. 11 funciones: corte (normal\/delicado) \u2013<\/p>\n<p>puro, blend 1, blend 2, blend 3; coagulaci\u00f3n &#8211; spray, bipolar y microbipolar<\/p>\n<p>. Ajuste digital de potencia, con precisi\u00f3n de 1 en 1 watt, en dos modos: r\u00e1pido y preciso<\/p>\n<p>. Microbipolar con ajuste de 0,5 en 0,5 watt<\/p>\n<p>. Display digital que ofrece los niveles de potencia real de salida<\/p>\n<p>. Control de volumen por teclas \u201cup\/down\u201d en el panel<\/p>\n<p>. L\u00e1piz con comando manual y por pedal<\/p>\n<p>. Pedal doble para corte y coagulaci\u00f3n y pedal independiente para bipolar (autom\u00e1tico)<\/p>\n<p>. Permite conexi\u00f3n al coagulador por plasma de arg\u00f3n<\/p>\n<p>. Permite el trabajo simult\u00e1neo de dos cirujanos<\/p>\n<p>. Salida bipolar y microbipolar independiente<\/p>\n<p>. Memoria no vol\u00e1til de los niveles de potencia en caso de ca\u00edda de energ\u00eda o desconexi\u00f3n del bistur\u00ed<\/p>\n<p>. Sistema de protecci\u00f3n que inhibe el aumento de potencia en caso de fallo en la CPU<\/p>\n<p>. Reconocimiento autom\u00e1tico del tipo de placa paciente por medio de un \u00fanico cable<\/p>\n<p>. Sistema PPM de monitoreo de contacto placa paciente, que lleva en cuenta el tipo de piel,<\/p>\n<p>incluyendo bargraf indicador de la calidad de contacto<\/p>\n<p>. Cables con conectores aislados que evitan conexi\u00f3n invertida y riesgo de choque el\u00e9ctrico<\/p>\n<p>. Selecci\u00f3n autom\u00e1tica de voltaje<\/p>\n<p>. Ventilaci\u00f3n natural por convecci\u00f3n<\/p>\n<p>. Equipamiento tipo CF &#8211; atiende a las normas de seguridad el\u00e9ctrica NBRIEC 60601-2-2 (dic\/2001),<\/p>\n<p>incluyendo prueba de interferencia electromagn\u00e9tica (EMC)<\/p><\/p>\n","protected":false},"excerpt":{"rendered":"<p><span><span>Compatible con Arg\u00f3n 4 (Sin modos de e-cut)<\/span><\/span><\/p>\n<p><span><span>\u2022 Equipo de 300W<\/span><\/span><\/p>\n<p><span><span>\u2022 8 Funciones de Corte, Coagulaci\u00f3n-Spray, Macro y<\/span><\/span><\/p>\n<p><span><span>Microbipolar<\/span><\/span><\/p>\n<p><span><span>\u2022 Coagulaci\u00f3n Simult\u00e1nea.<\/span><\/span><\/p>\n<p><span><span>\u2022 PPM (REM)<\/span><\/span><\/p>\n<p><span><span>\u2022 Dos salidas Monopolar y Una Bipolar<\/span><\/span><\/p>\n<p><span><span>\u2022 Especialidades- Cardio, Cirug\u00eda General, Neuro, Uro, Gastro<\/span><\/span><\/p>\n","protected":false},"featured_media":11746,"template":"","meta":{"_joinchat":[]},"product_brand":[],"product_cat":[233],"product_tag":[],"class_list":{"0":"post-11745","1":"product","2":"type-product","3":"status-publish","4":"has-post-thumbnail","6":"product_cat-electrocirugia","7":"pa_marca-wem","9":"first","10":"instock","11":"purchasable","12":"product-type-simple"},"yoast_head":"<!-- This site is optimized with the Yoast SEO plugin v25.1 - https:\/\/yoast.com\/wordpress\/plugins\/seo\/ -->\n<title>CUCHILLO ELECTR\u00d3NICO DE ALTA FRECUENCIA Y ASA DIATERMIA - Tu mejor opci\u00f3n Equipo M\u00e9dico M\u00e9xico<\/title>\n<meta name=\"robots\" content=\"index, follow, max-snippet:-1, max-image-preview:large, max-video-preview:-1\" \/>\n<link rel=\"canonical\" href=\"https:\/\/buscoequipomedico.com\/?product=cuchillo-electronico-de-alta-frecuencia-y-asa-diatermia-2\" \/>\n<meta property=\"og:locale\" content=\"es_ES\" \/>\n<meta property=\"og:type\" content=\"article\" \/>\n<meta property=\"og:title\" content=\"CUCHILLO ELECTR\u00d3NICO DE ALTA FRECUENCIA Y ASA DIATERMIA - Tu mejor opci\u00f3n Equipo M\u00e9dico M\u00e9xico\" \/>\n<meta property=\"og:description\" content=\"Compatible con Arg\u00f3n 4 (Sin modos de e-cut) \u2022 Equipo de 300W \u2022 8 Funciones de Corte, Coagulaci\u00f3n-Spray, Macro y Microbipolar \u2022 Coagulaci\u00f3n Simult\u00e1nea. \u2022 PPM (REM) \u2022 Dos salidas Monopolar y Una Bipolar \u2022 Especialidades- Cardio, Cirug\u00eda General, Neuro, Uro, Gastro\" \/>\n<meta property=\"og:url\" content=\"https:\/\/buscoequipomedico.com\/?product=cuchillo-electronico-de-alta-frecuencia-y-asa-diatermia-2\" \/>\n<meta property=\"og:site_name\" content=\"Tu mejor opci\u00f3n Equipo M\u00e9dico M\u00e9xico\" \/>\n<meta property=\"article:modified_time\" content=\"2020-02-18T07:33:41+00:00\" \/>\n<meta property=\"og:image\" content=\"https:\/\/buscoequipomedico.com\/wp-content\/uploads\/2020\/02\/cuchillo-electronico-de-alta-frecuencia-y-asa-diatermia-compatible-con-argon-4-sin-modos-de-e-cut-o-equipo-de-300w-o-8-funciones.jpg\" \/>\n\t<meta property=\"og:image:width\" content=\"800\" \/>\n\t<meta property=\"og:image:height\" content=\"800\" \/>\n\t<meta property=\"og:image:type\" content=\"image\/png\" \/>\n<meta name=\"twitter:card\" content=\"summary_large_image\" \/>\n<meta name=\"twitter:label1\" content=\"Tiempo de lectura\" \/>\n\t<meta name=\"twitter:data1\" content=\"1 minuto\" \/>\n<script type=\"application\/ld+json\" class=\"yoast-schema-graph\">{\"@context\":\"https:\/\/schema.org\",\"@graph\":[{\"@type\":\"WebPage\",\"@id\":\"https:\/\/buscoequipomedico.com\/?product=cuchillo-electronico-de-alta-frecuencia-y-asa-diatermia-2\",\"url\":\"https:\/\/buscoequipomedico.com\/?product=cuchillo-electronico-de-alta-frecuencia-y-asa-diatermia-2\",\"name\":\"CUCHILLO ELECTR\u00d3NICO DE ALTA FRECUENCIA Y ASA DIATERMIA - Tu mejor opci\u00f3n Equipo M\u00e9dico M\u00e9xico\",\"isPartOf\":{\"@id\":\"https:\/\/buscoequipomedico.com\/#website\"},\"primaryImageOfPage\":{\"@id\":\"https:\/\/buscoequipomedico.com\/?product=cuchillo-electronico-de-alta-frecuencia-y-asa-diatermia-2#primaryimage\"},\"image\":{\"@id\":\"https:\/\/buscoequipomedico.com\/?product=cuchillo-electronico-de-alta-frecuencia-y-asa-diatermia-2#primaryimage\"},\"thumbnailUrl\":\"https:\/\/buscoequipomedico.com\/wp-content\/uploads\/2020\/02\/cuchillo-electronico-de-alta-frecuencia-y-asa-diatermia-compatible-con-argon-4-sin-modos-de-e-cut-o-equipo-de-300w-o-8-funciones.jpg\",\"datePublished\":\"2020-02-18T07:33:40+00:00\",\"dateModified\":\"2020-02-18T07:33:41+00:00\",\"breadcrumb\":{\"@id\":\"https:\/\/buscoequipomedico.com\/?product=cuchillo-electronico-de-alta-frecuencia-y-asa-diatermia-2#breadcrumb\"},\"inLanguage\":\"es\",\"potentialAction\":[{\"@type\":\"ReadAction\",\"target\":[\"https:\/\/buscoequipomedico.com\/?product=cuchillo-electronico-de-alta-frecuencia-y-asa-diatermia-2\"]}]},{\"@type\":\"ImageObject\",\"inLanguage\":\"es\",\"@id\":\"https:\/\/buscoequipomedico.com\/?product=cuchillo-electronico-de-alta-frecuencia-y-asa-diatermia-2#primaryimage\",\"url\":\"https:\/\/buscoequipomedico.com\/wp-content\/uploads\/2020\/02\/cuchillo-electronico-de-alta-frecuencia-y-asa-diatermia-compatible-con-argon-4-sin-modos-de-e-cut-o-equipo-de-300w-o-8-funciones.jpg\",\"contentUrl\":\"https:\/\/buscoequipomedico.com\/wp-content\/uploads\/2020\/02\/cuchillo-electronico-de-alta-frecuencia-y-asa-diatermia-compatible-con-argon-4-sin-modos-de-e-cut-o-equipo-de-300w-o-8-funciones.jpg\",\"width\":800,\"height\":800},{\"@type\":\"BreadcrumbList\",\"@id\":\"https:\/\/buscoequipomedico.com\/?product=cuchillo-electronico-de-alta-frecuencia-y-asa-diatermia-2#breadcrumb\",\"itemListElement\":[{\"@type\":\"ListItem\",\"position\":1,\"name\":\"Productos\",\"item\":\"https:\/\/buscoequipomedico.com\/shop\/\"},{\"@type\":\"ListItem\",\"position\":2,\"name\":\"CUCHILLO ELECTR\u00d3NICO DE ALTA FRECUENCIA Y ASA DIATERMIA\"}]},{\"@type\":\"WebSite\",\"@id\":\"https:\/\/buscoequipomedico.com\/#website\",\"url\":\"https:\/\/buscoequipomedico.com\/\",\"name\":\"Tu mejor opci\u00f3n Equipo M\u00e9dico M\u00e9xico\",\"description\":\"Tienda de equipo m\u00e9dico\",\"publisher\":{\"@id\":\"https:\/\/buscoequipomedico.com\/#organization\"},\"potentialAction\":[{\"@type\":\"SearchAction\",\"target\":{\"@type\":\"EntryPoint\",\"urlTemplate\":\"https:\/\/buscoequipomedico.com\/?s={search_term_string}\"},\"query-input\":{\"@type\":\"PropertyValueSpecification\",\"valueRequired\":true,\"valueName\":\"search_term_string\"}}],\"inLanguage\":\"es\"},{\"@type\":\"Organization\",\"@id\":\"https:\/\/buscoequipomedico.com\/#organization\",\"name\":\"Tu mejor opci\u00f3n Equipo M\u00e9dico M\u00e9xico\",\"url\":\"https:\/\/buscoequipomedico.com\/\",\"logo\":{\"@type\":\"ImageObject\",\"inLanguage\":\"es\",\"@id\":\"https:\/\/buscoequipomedico.com\/#\/schema\/logo\/image\/\",\"url\":\"https:\/\/buscoequipomedico.com\/wp-content\/uploads\/2021\/07\/EMM-VPrincipal-scaled.jpg\",\"contentUrl\":\"https:\/\/buscoequipomedico.com\/wp-content\/uploads\/2021\/07\/EMM-VPrincipal-scaled.jpg\",\"width\":2560,\"height\":1058,\"caption\":\"Tu mejor opci\u00f3n Equipo M\u00e9dico M\u00e9xico\"},\"image\":{\"@id\":\"https:\/\/buscoequipomedico.com\/#\/schema\/logo\/image\/\"}}]}<\/script>\n<!-- \/ Yoast SEO plugin. -->","yoast_head_json":{"title":"CUCHILLO ELECTR\u00d3NICO DE ALTA FRECUENCIA Y ASA DIATERMIA - Tu mejor opci\u00f3n Equipo M\u00e9dico M\u00e9xico","robots":{"index":"index","follow":"follow","max-snippet":"max-snippet:-1","max-image-preview":"max-image-preview:large","max-video-preview":"max-video-preview:-1"},"canonical":"https:\/\/buscoequipomedico.com\/?product=cuchillo-electronico-de-alta-frecuencia-y-asa-diatermia-2","og_locale":"es_ES","og_type":"article","og_title":"CUCHILLO ELECTR\u00d3NICO DE ALTA FRECUENCIA Y ASA DIATERMIA - Tu mejor opci\u00f3n Equipo M\u00e9dico M\u00e9xico","og_description":"Compatible con Arg\u00f3n 4 (Sin modos de e-cut) \u2022 Equipo de 300W \u2022 8 Funciones de Corte, Coagulaci\u00f3n-Spray, Macro y Microbipolar \u2022 Coagulaci\u00f3n Simult\u00e1nea. \u2022 PPM (REM) \u2022 Dos salidas Monopolar y Una Bipolar \u2022 Especialidades- Cardio, Cirug\u00eda General, Neuro, Uro, Gastro","og_url":"https:\/\/buscoequipomedico.com\/?product=cuchillo-electronico-de-alta-frecuencia-y-asa-diatermia-2","og_site_name":"Tu mejor opci\u00f3n Equipo M\u00e9dico M\u00e9xico","article_modified_time":"2020-02-18T07:33:41+00:00","og_image":[{"width":800,"height":800,"url":"https:\/\/buscoequipomedico.com\/wp-content\/uploads\/2020\/02\/cuchillo-electronico-de-alta-frecuencia-y-asa-diatermia-compatible-con-argon-4-sin-modos-de-e-cut-o-equipo-de-300w-o-8-funciones.jpg","type":"image\/png"}],"twitter_card":"summary_large_image","twitter_misc":{"Tiempo de lectura":"1 minuto"},"schema":{"@context":"https:\/\/schema.org","@graph":[{"@type":"WebPage","@id":"https:\/\/buscoequipomedico.com\/?product=cuchillo-electronico-de-alta-frecuencia-y-asa-diatermia-2","url":"https:\/\/buscoequipomedico.com\/?product=cuchillo-electronico-de-alta-frecuencia-y-asa-diatermia-2","name":"CUCHILLO ELECTR\u00d3NICO DE ALTA FRECUENCIA Y ASA DIATERMIA - Tu mejor opci\u00f3n Equipo M\u00e9dico M\u00e9xico","isPartOf":{"@id":"https:\/\/buscoequipomedico.com\/#website"},"primaryImageOfPage":{"@id":"https:\/\/buscoequipomedico.com\/?product=cuchillo-electronico-de-alta-frecuencia-y-asa-diatermia-2#primaryimage"},"image":{"@id":"https:\/\/buscoequipomedico.com\/?product=cuchillo-electronico-de-alta-frecuencia-y-asa-diatermia-2#primaryimage"},"thumbnailUrl":"https:\/\/buscoequipomedico.com\/wp-content\/uploads\/2020\/02\/cuchillo-electronico-de-alta-frecuencia-y-asa-diatermia-compatible-con-argon-4-sin-modos-de-e-cut-o-equipo-de-300w-o-8-funciones.jpg","datePublished":"2020-02-18T07:33:40+00:00","dateModified":"2020-02-18T07:33:41+00:00","breadcrumb":{"@id":"https:\/\/buscoequipomedico.com\/?product=cuchillo-electronico-de-alta-frecuencia-y-asa-diatermia-2#breadcrumb"},"inLanguage":"es","potentialAction":[{"@type":"ReadAction","target":["https:\/\/buscoequipomedico.com\/?product=cuchillo-electronico-de-alta-frecuencia-y-asa-diatermia-2"]}]},{"@type":"ImageObject","inLanguage":"es","@id":"https:\/\/buscoequipomedico.com\/?product=cuchillo-electronico-de-alta-frecuencia-y-asa-diatermia-2#primaryimage","url":"https:\/\/buscoequipomedico.com\/wp-content\/uploads\/2020\/02\/cuchillo-electronico-de-alta-frecuencia-y-asa-diatermia-compatible-con-argon-4-sin-modos-de-e-cut-o-equipo-de-300w-o-8-funciones.jpg","contentUrl":"https:\/\/buscoequipomedico.com\/wp-content\/uploads\/2020\/02\/cuchillo-electronico-de-alta-frecuencia-y-asa-diatermia-compatible-con-argon-4-sin-modos-de-e-cut-o-equipo-de-300w-o-8-funciones.jpg","width":800,"height":800},{"@type":"BreadcrumbList","@id":"https:\/\/buscoequipomedico.com\/?product=cuchillo-electronico-de-alta-frecuencia-y-asa-diatermia-2#breadcrumb","itemListElement":[{"@type":"ListItem","position":1,"name":"Productos","item":"https:\/\/buscoequipomedico.com\/shop\/"},{"@type":"ListItem","position":2,"name":"CUCHILLO ELECTR\u00d3NICO DE ALTA FRECUENCIA Y ASA DIATERMIA"}]},{"@type":"WebSite","@id":"https:\/\/buscoequipomedico.com\/#website","url":"https:\/\/buscoequipomedico.com\/","name":"Tu mejor opci\u00f3n Equipo M\u00e9dico M\u00e9xico","description":"Tienda de equipo m\u00e9dico","publisher":{"@id":"https:\/\/buscoequipomedico.com\/#organization"},"potentialAction":[{"@type":"SearchAction","target":{"@type":"EntryPoint","urlTemplate":"https:\/\/buscoequipomedico.com\/?s={search_term_string}"},"query-input":{"@type":"PropertyValueSpecification","valueRequired":true,"valueName":"search_term_string"}}],"inLanguage":"es"},{"@type":"Organization","@id":"https:\/\/buscoequipomedico.com\/#organization","name":"Tu mejor opci\u00f3n Equipo M\u00e9dico M\u00e9xico","url":"https:\/\/buscoequipomedico.com\/","logo":{"@type":"ImageObject","inLanguage":"es","@id":"https:\/\/buscoequipomedico.com\/#\/schema\/logo\/image\/","url":"https:\/\/buscoequipomedico.com\/wp-content\/uploads\/2021\/07\/EMM-VPrincipal-scaled.jpg","contentUrl":"https:\/\/buscoequipomedico.com\/wp-content\/uploads\/2021\/07\/EMM-VPrincipal-scaled.jpg","width":2560,"height":1058,"caption":"Tu mejor opci\u00f3n Equipo M\u00e9dico M\u00e9xico"},"image":{"@id":"https:\/\/buscoequipomedico.com\/#\/schema\/logo\/image\/"}}]}},"_links":{"self":[{"href":"https:\/\/buscoequipomedico.com\/index.php?rest_route=\/wp\/v2\/product\/11745","targetHints":{"allow":["GET"]}}],"collection":[{"href":"https:\/\/buscoequipomedico.com\/index.php?rest_route=\/wp\/v2\/product"}],"about":[{"href":"https:\/\/buscoequipomedico.com\/index.php?rest_route=\/wp\/v2\/types\/product"}],"wp:featuredmedia":[{"embeddable":true,"href":"https:\/\/buscoequipomedico.com\/index.php?rest_route=\/wp\/v2\/media\/11746"}],"wp:attachment":[{"href":"https:\/\/buscoequipomedico.com\/index.php?rest_route=%2Fwp%2Fv2%2Fmedia&parent=11745"}],"wp:term":[{"taxonomy":"product_brand","embeddable":true,"href":"https:\/\/buscoequipomedico.com\/index.php?rest_route=%2Fwp%2Fv2%2Fproduct_brand&post=11745"},{"taxonomy":"product_cat","embeddable":true,"href":"https:\/\/buscoequipomedico.com\/index.php?rest_route=%2Fwp%2Fv2%2Fproduct_cat&post=11745"},{"taxonomy":"product_tag","embeddable":true,"href":"https:\/\/buscoequipomedico.com\/index.php?rest_route=%2Fwp%2Fv2%2Fproduct_tag&post=11745"}],"curies":[{"name":"wp","href":"https:\/\/api.w.org\/{rel}","templated":true}]}}