{"id":11781,"date":"2020-02-18T07:33:48","date_gmt":"2020-02-18T07:33:48","guid":{"rendered":"https:\/\/equipomedicomexico-com.preview-domain.com\/product\/electroestimulador-globus-elite\/"},"modified":"2020-02-18T07:33:49","modified_gmt":"2020-02-18T07:33:49","slug":"electroestimulador-globus-elite","status":"publish","type":"product","link":"https:\/\/buscoequipomedico.com\/?product=electroestimulador-globus-elite","title":{"rendered":"ELECTROESTIMULADOR GLOBUS ELITE"},"content":{"rendered":"<p>Electroestimulador port\u00e1til recomendado para usuarios particularmente exigentes. La pantalla grande y con navegaci\u00f3n permiten un uso f\u00e1cil e intuitivo.<\/p>\n<ul>\n<li>\u00a01 Estimulador GLOBUS ELITE<\/li>\n<li>4 Cables para conexi\u00f3n a los electrodos.<\/li>\n<li>1 Cargador de bater\u00eda de red.<\/li>\n<li>4 Electrodos autoadhesivos 50 x 50.<\/li>\n<li>4 Electrodos autoadhesivos 50 x 90.<\/li>\n<li>1 Manual operativo.<\/li>\n<li>98 programas: 30 Deporte, 55 Fitness, 13 Rehabilitaci\u00f3n\n<\/li>\n<\/ul>\n<p>Corrientes: EMS, TENS continua, TENS modulada, y TENS burst. Los programas est\u00e1n diferenciados entre hombre y mujer con el prop\u00f3sito de considerar las diferencias fisiol\u00f3gicas naturales y de tal modo mejorar los resultados.<\/p>\n<h4>Caracteristicas<\/h4>\n<ul>\n<li>Generador de onda cuadrada (SWG).<\/li>\n<li>Generador de corriente constante (CCG).<\/li>\n<li>Biopulse (para una estimulaci\u00f3n m\u00e1s confortable).<\/li>\n<li>Synchro Stym.<\/li>\n<li>Personal Trainer.<\/li>\n<li>Canales: 4 CANALES independientes (8 electrodos).<\/li>\n<li>Frecuencia: 0,3 \u2013 120 Hz.<\/li>\n<li>Potencia: 100 mA por canal.<\/li>\n<li>Amplitud del Impulso: 40 \u2013 450 ms.<\/li>\n<li>Forma de Onda: Onda cuadrada, bif\u00e1sica, sim\u00e9trica, compensada.<\/li>\n<\/ul>\n","protected":false},"excerpt":{"rendered":"<p><span>ELECTROESTIMULADOR GLOBUS ELITE Programas de tipo deportivo, est\u00e9tico, fitness y para el tratamiento del dolor. Ideal para realizar todos los programas de endurecimiento, tonificaci\u00f3n y body sculpting necesarios para desarrollar un f\u00edsico perfecto y eficiente, capaz de asegurarte toda la fuerza y la energ\u00eda que deseas. Con una completa dotaci\u00f3n de programas profesionales para lip\u00f3lisis, drenaje, tonificaci\u00f3n, modelaci\u00f3n, lifting, masaje y vascularizaci\u00f3n.<\/span><\/p>\n","protected":false},"featured_media":11782,"template":"","meta":{"_joinchat":[]},"product_brand":[],"product_cat":[237],"product_tag":[],"class_list":{"0":"post-11781","1":"product","2":"type-product","3":"status-publish","4":"has-post-thumbnail","6":"product_cat-electroestimuladores","7":"pa_marca-globus","9":"first","10":"instock","11":"purchasable","12":"product-type-simple"},"yoast_head":"<!-- This site is optimized with the Yoast SEO plugin v25.1 - https:\/\/yoast.com\/wordpress\/plugins\/seo\/ -->\n<title>ELECTROESTIMULADOR GLOBUS ELITE - Tu mejor opci\u00f3n Equipo M\u00e9dico M\u00e9xico<\/title>\n<meta name=\"robots\" content=\"index, follow, max-snippet:-1, max-image-preview:large, max-video-preview:-1\" \/>\n<link rel=\"canonical\" href=\"https:\/\/buscoequipomedico.com\/?product=electroestimulador-globus-elite\" \/>\n<meta property=\"og:locale\" content=\"es_ES\" \/>\n<meta property=\"og:type\" content=\"article\" \/>\n<meta property=\"og:title\" content=\"ELECTROESTIMULADOR GLOBUS ELITE - Tu mejor opci\u00f3n Equipo M\u00e9dico M\u00e9xico\" \/>\n<meta property=\"og:description\" content=\"ELECTROESTIMULADOR GLOBUS ELITE Programas de tipo deportivo, est\u00e9tico, fitness y para el tratamiento del dolor. Ideal para realizar todos los programas de endurecimiento, tonificaci\u00f3n y body sculpting necesarios para desarrollar un f\u00edsico perfecto y eficiente, capaz de asegurarte toda la fuerza y la energ\u00eda que deseas. Con una completa dotaci\u00f3n de programas profesionales para lip\u00f3lisis, drenaje, tonificaci\u00f3n, modelaci\u00f3n, lifting, masaje y vascularizaci\u00f3n.\" \/>\n<meta property=\"og:url\" content=\"https:\/\/buscoequipomedico.com\/?product=electroestimulador-globus-elite\" \/>\n<meta property=\"og:site_name\" content=\"Tu mejor opci\u00f3n Equipo M\u00e9dico M\u00e9xico\" \/>\n<meta property=\"article:modified_time\" content=\"2020-02-18T07:33:49+00:00\" \/>\n<meta property=\"og:image\" content=\"https:\/\/buscoequipomedico.com\/wp-content\/uploads\/2020\/02\/electroestimulador-globus-elite-electroestimulador-globus-elite-programas-de-tipo-deportivo-estetico-fitness-y-para-el-tratamien.jpg\" \/>\n\t<meta property=\"og:image:width\" content=\"800\" \/>\n\t<meta property=\"og:image:height\" content=\"800\" \/>\n\t<meta property=\"og:image:type\" content=\"image\/png\" \/>\n<meta name=\"twitter:card\" content=\"summary_large_image\" \/>\n<meta name=\"twitter:label1\" content=\"Tiempo de lectura\" \/>\n\t<meta name=\"twitter:data1\" content=\"1 minuto\" \/>\n<script type=\"application\/ld+json\" class=\"yoast-schema-graph\">{\"@context\":\"https:\/\/schema.org\",\"@graph\":[{\"@type\":\"WebPage\",\"@id\":\"https:\/\/buscoequipomedico.com\/?product=electroestimulador-globus-elite\",\"url\":\"https:\/\/buscoequipomedico.com\/?product=electroestimulador-globus-elite\",\"name\":\"ELECTROESTIMULADOR GLOBUS ELITE - Tu mejor opci\u00f3n Equipo M\u00e9dico M\u00e9xico\",\"isPartOf\":{\"@id\":\"https:\/\/buscoequipomedico.com\/#website\"},\"primaryImageOfPage\":{\"@id\":\"https:\/\/buscoequipomedico.com\/?product=electroestimulador-globus-elite#primaryimage\"},\"image\":{\"@id\":\"https:\/\/buscoequipomedico.com\/?product=electroestimulador-globus-elite#primaryimage\"},\"thumbnailUrl\":\"https:\/\/buscoequipomedico.com\/wp-content\/uploads\/2020\/02\/electroestimulador-globus-elite-electroestimulador-globus-elite-programas-de-tipo-deportivo-estetico-fitness-y-para-el-tratamien.jpg\",\"datePublished\":\"2020-02-18T07:33:48+00:00\",\"dateModified\":\"2020-02-18T07:33:49+00:00\",\"breadcrumb\":{\"@id\":\"https:\/\/buscoequipomedico.com\/?product=electroestimulador-globus-elite#breadcrumb\"},\"inLanguage\":\"es\",\"potentialAction\":[{\"@type\":\"ReadAction\",\"target\":[\"https:\/\/buscoequipomedico.com\/?product=electroestimulador-globus-elite\"]}]},{\"@type\":\"ImageObject\",\"inLanguage\":\"es\",\"@id\":\"https:\/\/buscoequipomedico.com\/?product=electroestimulador-globus-elite#primaryimage\",\"url\":\"https:\/\/buscoequipomedico.com\/wp-content\/uploads\/2020\/02\/electroestimulador-globus-elite-electroestimulador-globus-elite-programas-de-tipo-deportivo-estetico-fitness-y-para-el-tratamien.jpg\",\"contentUrl\":\"https:\/\/buscoequipomedico.com\/wp-content\/uploads\/2020\/02\/electroestimulador-globus-elite-electroestimulador-globus-elite-programas-de-tipo-deportivo-estetico-fitness-y-para-el-tratamien.jpg\",\"width\":800,\"height\":800},{\"@type\":\"BreadcrumbList\",\"@id\":\"https:\/\/buscoequipomedico.com\/?product=electroestimulador-globus-elite#breadcrumb\",\"itemListElement\":[{\"@type\":\"ListItem\",\"position\":1,\"name\":\"Productos\",\"item\":\"https:\/\/buscoequipomedico.com\/shop\/\"},{\"@type\":\"ListItem\",\"position\":2,\"name\":\"ELECTROESTIMULADOR GLOBUS ELITE\"}]},{\"@type\":\"WebSite\",\"@id\":\"https:\/\/buscoequipomedico.com\/#website\",\"url\":\"https:\/\/buscoequipomedico.com\/\",\"name\":\"Tu mejor opci\u00f3n Equipo M\u00e9dico M\u00e9xico\",\"description\":\"Tienda de equipo m\u00e9dico\",\"publisher\":{\"@id\":\"https:\/\/buscoequipomedico.com\/#organization\"},\"potentialAction\":[{\"@type\":\"SearchAction\",\"target\":{\"@type\":\"EntryPoint\",\"urlTemplate\":\"https:\/\/buscoequipomedico.com\/?s={search_term_string}\"},\"query-input\":{\"@type\":\"PropertyValueSpecification\",\"valueRequired\":true,\"valueName\":\"search_term_string\"}}],\"inLanguage\":\"es\"},{\"@type\":\"Organization\",\"@id\":\"https:\/\/buscoequipomedico.com\/#organization\",\"name\":\"Tu mejor opci\u00f3n Equipo M\u00e9dico M\u00e9xico\",\"url\":\"https:\/\/buscoequipomedico.com\/\",\"logo\":{\"@type\":\"ImageObject\",\"inLanguage\":\"es\",\"@id\":\"https:\/\/buscoequipomedico.com\/#\/schema\/logo\/image\/\",\"url\":\"https:\/\/buscoequipomedico.com\/wp-content\/uploads\/2021\/07\/EMM-VPrincipal-scaled.jpg\",\"contentUrl\":\"https:\/\/buscoequipomedico.com\/wp-content\/uploads\/2021\/07\/EMM-VPrincipal-scaled.jpg\",\"width\":2560,\"height\":1058,\"caption\":\"Tu mejor opci\u00f3n Equipo M\u00e9dico M\u00e9xico\"},\"image\":{\"@id\":\"https:\/\/buscoequipomedico.com\/#\/schema\/logo\/image\/\"}}]}<\/script>\n<!-- \/ Yoast SEO plugin. -->","yoast_head_json":{"title":"ELECTROESTIMULADOR GLOBUS ELITE - Tu mejor opci\u00f3n Equipo M\u00e9dico M\u00e9xico","robots":{"index":"index","follow":"follow","max-snippet":"max-snippet:-1","max-image-preview":"max-image-preview:large","max-video-preview":"max-video-preview:-1"},"canonical":"https:\/\/buscoequipomedico.com\/?product=electroestimulador-globus-elite","og_locale":"es_ES","og_type":"article","og_title":"ELECTROESTIMULADOR GLOBUS ELITE - Tu mejor opci\u00f3n Equipo M\u00e9dico M\u00e9xico","og_description":"ELECTROESTIMULADOR GLOBUS ELITE Programas de tipo deportivo, est\u00e9tico, fitness y para el tratamiento del dolor. Ideal para realizar todos los programas de endurecimiento, tonificaci\u00f3n y body sculpting necesarios para desarrollar un f\u00edsico perfecto y eficiente, capaz de asegurarte toda la fuerza y la energ\u00eda que deseas. Con una completa dotaci\u00f3n de programas profesionales para lip\u00f3lisis, drenaje, tonificaci\u00f3n, modelaci\u00f3n, lifting, masaje y vascularizaci\u00f3n.","og_url":"https:\/\/buscoequipomedico.com\/?product=electroestimulador-globus-elite","og_site_name":"Tu mejor opci\u00f3n Equipo M\u00e9dico M\u00e9xico","article_modified_time":"2020-02-18T07:33:49+00:00","og_image":[{"width":800,"height":800,"url":"https:\/\/buscoequipomedico.com\/wp-content\/uploads\/2020\/02\/electroestimulador-globus-elite-electroestimulador-globus-elite-programas-de-tipo-deportivo-estetico-fitness-y-para-el-tratamien.jpg","type":"image\/png"}],"twitter_card":"summary_large_image","twitter_misc":{"Tiempo de lectura":"1 minuto"},"schema":{"@context":"https:\/\/schema.org","@graph":[{"@type":"WebPage","@id":"https:\/\/buscoequipomedico.com\/?product=electroestimulador-globus-elite","url":"https:\/\/buscoequipomedico.com\/?product=electroestimulador-globus-elite","name":"ELECTROESTIMULADOR GLOBUS ELITE - Tu mejor opci\u00f3n Equipo M\u00e9dico M\u00e9xico","isPartOf":{"@id":"https:\/\/buscoequipomedico.com\/#website"},"primaryImageOfPage":{"@id":"https:\/\/buscoequipomedico.com\/?product=electroestimulador-globus-elite#primaryimage"},"image":{"@id":"https:\/\/buscoequipomedico.com\/?product=electroestimulador-globus-elite#primaryimage"},"thumbnailUrl":"https:\/\/buscoequipomedico.com\/wp-content\/uploads\/2020\/02\/electroestimulador-globus-elite-electroestimulador-globus-elite-programas-de-tipo-deportivo-estetico-fitness-y-para-el-tratamien.jpg","datePublished":"2020-02-18T07:33:48+00:00","dateModified":"2020-02-18T07:33:49+00:00","breadcrumb":{"@id":"https:\/\/buscoequipomedico.com\/?product=electroestimulador-globus-elite#breadcrumb"},"inLanguage":"es","potentialAction":[{"@type":"ReadAction","target":["https:\/\/buscoequipomedico.com\/?product=electroestimulador-globus-elite"]}]},{"@type":"ImageObject","inLanguage":"es","@id":"https:\/\/buscoequipomedico.com\/?product=electroestimulador-globus-elite#primaryimage","url":"https:\/\/buscoequipomedico.com\/wp-content\/uploads\/2020\/02\/electroestimulador-globus-elite-electroestimulador-globus-elite-programas-de-tipo-deportivo-estetico-fitness-y-para-el-tratamien.jpg","contentUrl":"https:\/\/buscoequipomedico.com\/wp-content\/uploads\/2020\/02\/electroestimulador-globus-elite-electroestimulador-globus-elite-programas-de-tipo-deportivo-estetico-fitness-y-para-el-tratamien.jpg","width":800,"height":800},{"@type":"BreadcrumbList","@id":"https:\/\/buscoequipomedico.com\/?product=electroestimulador-globus-elite#breadcrumb","itemListElement":[{"@type":"ListItem","position":1,"name":"Productos","item":"https:\/\/buscoequipomedico.com\/shop\/"},{"@type":"ListItem","position":2,"name":"ELECTROESTIMULADOR GLOBUS ELITE"}]},{"@type":"WebSite","@id":"https:\/\/buscoequipomedico.com\/#website","url":"https:\/\/buscoequipomedico.com\/","name":"Tu mejor opci\u00f3n Equipo M\u00e9dico M\u00e9xico","description":"Tienda de equipo m\u00e9dico","publisher":{"@id":"https:\/\/buscoequipomedico.com\/#organization"},"potentialAction":[{"@type":"SearchAction","target":{"@type":"EntryPoint","urlTemplate":"https:\/\/buscoequipomedico.com\/?s={search_term_string}"},"query-input":{"@type":"PropertyValueSpecification","valueRequired":true,"valueName":"search_term_string"}}],"inLanguage":"es"},{"@type":"Organization","@id":"https:\/\/buscoequipomedico.com\/#organization","name":"Tu mejor opci\u00f3n Equipo M\u00e9dico M\u00e9xico","url":"https:\/\/buscoequipomedico.com\/","logo":{"@type":"ImageObject","inLanguage":"es","@id":"https:\/\/buscoequipomedico.com\/#\/schema\/logo\/image\/","url":"https:\/\/buscoequipomedico.com\/wp-content\/uploads\/2021\/07\/EMM-VPrincipal-scaled.jpg","contentUrl":"https:\/\/buscoequipomedico.com\/wp-content\/uploads\/2021\/07\/EMM-VPrincipal-scaled.jpg","width":2560,"height":1058,"caption":"Tu mejor opci\u00f3n Equipo M\u00e9dico M\u00e9xico"},"image":{"@id":"https:\/\/buscoequipomedico.com\/#\/schema\/logo\/image\/"}}]}},"_links":{"self":[{"href":"https:\/\/buscoequipomedico.com\/index.php?rest_route=\/wp\/v2\/product\/11781","targetHints":{"allow":["GET"]}}],"collection":[{"href":"https:\/\/buscoequipomedico.com\/index.php?rest_route=\/wp\/v2\/product"}],"about":[{"href":"https:\/\/buscoequipomedico.com\/index.php?rest_route=\/wp\/v2\/types\/product"}],"wp:featuredmedia":[{"embeddable":true,"href":"https:\/\/buscoequipomedico.com\/index.php?rest_route=\/wp\/v2\/media\/11782"}],"wp:attachment":[{"href":"https:\/\/buscoequipomedico.com\/index.php?rest_route=%2Fwp%2Fv2%2Fmedia&parent=11781"}],"wp:term":[{"taxonomy":"product_brand","embeddable":true,"href":"https:\/\/buscoequipomedico.com\/index.php?rest_route=%2Fwp%2Fv2%2Fproduct_brand&post=11781"},{"taxonomy":"product_cat","embeddable":true,"href":"https:\/\/buscoequipomedico.com\/index.php?rest_route=%2Fwp%2Fv2%2Fproduct_cat&post=11781"},{"taxonomy":"product_tag","embeddable":true,"href":"https:\/\/buscoequipomedico.com\/index.php?rest_route=%2Fwp%2Fv2%2Fproduct_tag&post=11781"}],"curies":[{"name":"wp","href":"https:\/\/api.w.org\/{rel}","templated":true}]}}