{"id":11935,"date":"2020-02-18T07:34:13","date_gmt":"2020-02-18T07:34:13","guid":{"rendered":"https:\/\/equipomedicomexico-com.preview-domain.com\/product\/retinoscopio-halogeno-3-5v-elite-hpx\/"},"modified":"2020-02-18T07:34:15","modified_gmt":"2020-02-18T07:34:15","slug":"retinoscopio-halogeno-3-5v-elite-hpx","status":"publish","type":"product","link":"https:\/\/buscoequipomedico.com\/?product=retinoscopio-halogeno-3-5v-elite-hpx","title":{"rendered":"RETINOSCOPIO HALOGENO 3.5v Elite HPX"},"content":{"rendered":"<p>Hace que las refracciones sean m\u00e1s f\u00e1ciles que nunca al producir las franjas m\u00e1s brillantes, n\u00edtidas y limpias disponibles.<\/p>\n<ul>\n<li>Es 2,8 veces m\u00e1s brillante que los retinoscopios est\u00e1ndar.<\/li>\n<li>La calidad superior de la franja permite refracciones m\u00e1s f\u00e1ciles y r\u00e1pidas, incluso en pacientes con pupilas peque\u00f1as.<\/li>\n<li>El filtro polarizador de l\u00ednea cruzado elimina el molesto resplandor de lentes de prueba, lo que ayuda a realizar ex\u00e1menes m\u00e1s precisos.<\/li>\n<li>El control de enfoque externo mejora la comodidad y maniobrabilidad.<\/li>\n<li>Las \u00f3pticas selladas mantienen los lentes m\u00e1s limpios para ex\u00e1menes m\u00e1s eficaces.<\/li>\n<li>Se adapta a todas las fuentes de alimentaci\u00f3n de 3,5 V de Welch Allyn.<\/li>\n<li>Para aquellos que prefieren un retinoscopio de punto, el retinoscopio de franja se convierte en un retinoscopio de punto con solo cambiar el bombillo de franja por un bombillo de punto.<\/li>\n<\/ul>\n","protected":false},"excerpt":{"rendered":"<h1>RETINOSCOPIO DE FRANJA ELITE<\/h1>\n","protected":false},"featured_media":11936,"template":"","meta":{"_joinchat":[]},"product_brand":[],"product_cat":[244],"product_tag":[],"class_list":{"0":"post-11935","1":"product","2":"type-product","3":"status-publish","4":"has-post-thumbnail","6":"product_cat-equipos-de-diagnostico","8":"first","9":"instock","10":"purchasable","11":"product-type-simple"},"yoast_head":"<!-- This site is optimized with the Yoast SEO plugin v25.1 - https:\/\/yoast.com\/wordpress\/plugins\/seo\/ -->\n<title>RETINOSCOPIO HALOGENO 3.5v Elite HPX - Tu mejor opci\u00f3n Equipo M\u00e9dico M\u00e9xico<\/title>\n<meta name=\"robots\" content=\"index, follow, max-snippet:-1, max-image-preview:large, max-video-preview:-1\" \/>\n<link rel=\"canonical\" href=\"https:\/\/buscoequipomedico.com\/?product=retinoscopio-halogeno-3-5v-elite-hpx\" \/>\n<meta property=\"og:locale\" content=\"es_ES\" \/>\n<meta property=\"og:type\" content=\"article\" \/>\n<meta property=\"og:title\" content=\"RETINOSCOPIO HALOGENO 3.5v Elite HPX - Tu mejor opci\u00f3n Equipo M\u00e9dico M\u00e9xico\" \/>\n<meta property=\"og:description\" content=\"RETINOSCOPIO DE FRANJA ELITE\" \/>\n<meta property=\"og:url\" content=\"https:\/\/buscoequipomedico.com\/?product=retinoscopio-halogeno-3-5v-elite-hpx\" \/>\n<meta property=\"og:site_name\" content=\"Tu mejor opci\u00f3n Equipo M\u00e9dico M\u00e9xico\" \/>\n<meta property=\"article:modified_time\" content=\"2020-02-18T07:34:15+00:00\" \/>\n<meta property=\"og:image\" content=\"https:\/\/buscoequipomedico.com\/wp-content\/uploads\/2020\/02\/retinoscopio-halogeno-35v-elite-hpx-retinoscopio-de-franja-elite.jpg\" \/>\n\t<meta property=\"og:image:width\" content=\"800\" \/>\n\t<meta property=\"og:image:height\" content=\"800\" \/>\n\t<meta property=\"og:image:type\" content=\"image\/jpeg\" \/>\n<meta name=\"twitter:card\" content=\"summary_large_image\" \/>\n<meta name=\"twitter:label1\" content=\"Tiempo de lectura\" \/>\n\t<meta name=\"twitter:data1\" content=\"1 minuto\" \/>\n<script type=\"application\/ld+json\" class=\"yoast-schema-graph\">{\"@context\":\"https:\/\/schema.org\",\"@graph\":[{\"@type\":\"WebPage\",\"@id\":\"https:\/\/buscoequipomedico.com\/?product=retinoscopio-halogeno-3-5v-elite-hpx\",\"url\":\"https:\/\/buscoequipomedico.com\/?product=retinoscopio-halogeno-3-5v-elite-hpx\",\"name\":\"RETINOSCOPIO HALOGENO 3.5v Elite HPX - Tu mejor opci\u00f3n Equipo M\u00e9dico M\u00e9xico\",\"isPartOf\":{\"@id\":\"https:\/\/buscoequipomedico.com\/#website\"},\"primaryImageOfPage\":{\"@id\":\"https:\/\/buscoequipomedico.com\/?product=retinoscopio-halogeno-3-5v-elite-hpx#primaryimage\"},\"image\":{\"@id\":\"https:\/\/buscoequipomedico.com\/?product=retinoscopio-halogeno-3-5v-elite-hpx#primaryimage\"},\"thumbnailUrl\":\"https:\/\/buscoequipomedico.com\/wp-content\/uploads\/2020\/02\/retinoscopio-halogeno-35v-elite-hpx-retinoscopio-de-franja-elite.jpg\",\"datePublished\":\"2020-02-18T07:34:13+00:00\",\"dateModified\":\"2020-02-18T07:34:15+00:00\",\"breadcrumb\":{\"@id\":\"https:\/\/buscoequipomedico.com\/?product=retinoscopio-halogeno-3-5v-elite-hpx#breadcrumb\"},\"inLanguage\":\"es\",\"potentialAction\":[{\"@type\":\"ReadAction\",\"target\":[\"https:\/\/buscoequipomedico.com\/?product=retinoscopio-halogeno-3-5v-elite-hpx\"]}]},{\"@type\":\"ImageObject\",\"inLanguage\":\"es\",\"@id\":\"https:\/\/buscoequipomedico.com\/?product=retinoscopio-halogeno-3-5v-elite-hpx#primaryimage\",\"url\":\"https:\/\/buscoequipomedico.com\/wp-content\/uploads\/2020\/02\/retinoscopio-halogeno-35v-elite-hpx-retinoscopio-de-franja-elite.jpg\",\"contentUrl\":\"https:\/\/buscoequipomedico.com\/wp-content\/uploads\/2020\/02\/retinoscopio-halogeno-35v-elite-hpx-retinoscopio-de-franja-elite.jpg\",\"width\":800,\"height\":800},{\"@type\":\"BreadcrumbList\",\"@id\":\"https:\/\/buscoequipomedico.com\/?product=retinoscopio-halogeno-3-5v-elite-hpx#breadcrumb\",\"itemListElement\":[{\"@type\":\"ListItem\",\"position\":1,\"name\":\"Productos\",\"item\":\"https:\/\/buscoequipomedico.com\/shop\/\"},{\"@type\":\"ListItem\",\"position\":2,\"name\":\"RETINOSCOPIO HALOGENO 3.5v Elite HPX\"}]},{\"@type\":\"WebSite\",\"@id\":\"https:\/\/buscoequipomedico.com\/#website\",\"url\":\"https:\/\/buscoequipomedico.com\/\",\"name\":\"Tu mejor opci\u00f3n Equipo M\u00e9dico M\u00e9xico\",\"description\":\"Tienda de equipo m\u00e9dico\",\"publisher\":{\"@id\":\"https:\/\/buscoequipomedico.com\/#organization\"},\"potentialAction\":[{\"@type\":\"SearchAction\",\"target\":{\"@type\":\"EntryPoint\",\"urlTemplate\":\"https:\/\/buscoequipomedico.com\/?s={search_term_string}\"},\"query-input\":{\"@type\":\"PropertyValueSpecification\",\"valueRequired\":true,\"valueName\":\"search_term_string\"}}],\"inLanguage\":\"es\"},{\"@type\":\"Organization\",\"@id\":\"https:\/\/buscoequipomedico.com\/#organization\",\"name\":\"Tu mejor opci\u00f3n Equipo M\u00e9dico M\u00e9xico\",\"url\":\"https:\/\/buscoequipomedico.com\/\",\"logo\":{\"@type\":\"ImageObject\",\"inLanguage\":\"es\",\"@id\":\"https:\/\/buscoequipomedico.com\/#\/schema\/logo\/image\/\",\"url\":\"https:\/\/buscoequipomedico.com\/wp-content\/uploads\/2021\/07\/EMM-VPrincipal-scaled.jpg\",\"contentUrl\":\"https:\/\/buscoequipomedico.com\/wp-content\/uploads\/2021\/07\/EMM-VPrincipal-scaled.jpg\",\"width\":2560,\"height\":1058,\"caption\":\"Tu mejor opci\u00f3n Equipo M\u00e9dico M\u00e9xico\"},\"image\":{\"@id\":\"https:\/\/buscoequipomedico.com\/#\/schema\/logo\/image\/\"}}]}<\/script>\n<!-- \/ Yoast SEO plugin. -->","yoast_head_json":{"title":"RETINOSCOPIO HALOGENO 3.5v Elite HPX - Tu mejor opci\u00f3n Equipo M\u00e9dico M\u00e9xico","robots":{"index":"index","follow":"follow","max-snippet":"max-snippet:-1","max-image-preview":"max-image-preview:large","max-video-preview":"max-video-preview:-1"},"canonical":"https:\/\/buscoequipomedico.com\/?product=retinoscopio-halogeno-3-5v-elite-hpx","og_locale":"es_ES","og_type":"article","og_title":"RETINOSCOPIO HALOGENO 3.5v Elite HPX - Tu mejor opci\u00f3n Equipo M\u00e9dico M\u00e9xico","og_description":"RETINOSCOPIO DE FRANJA ELITE","og_url":"https:\/\/buscoequipomedico.com\/?product=retinoscopio-halogeno-3-5v-elite-hpx","og_site_name":"Tu mejor opci\u00f3n Equipo M\u00e9dico M\u00e9xico","article_modified_time":"2020-02-18T07:34:15+00:00","og_image":[{"width":800,"height":800,"url":"https:\/\/buscoequipomedico.com\/wp-content\/uploads\/2020\/02\/retinoscopio-halogeno-35v-elite-hpx-retinoscopio-de-franja-elite.jpg","type":"image\/jpeg"}],"twitter_card":"summary_large_image","twitter_misc":{"Tiempo de lectura":"1 minuto"},"schema":{"@context":"https:\/\/schema.org","@graph":[{"@type":"WebPage","@id":"https:\/\/buscoequipomedico.com\/?product=retinoscopio-halogeno-3-5v-elite-hpx","url":"https:\/\/buscoequipomedico.com\/?product=retinoscopio-halogeno-3-5v-elite-hpx","name":"RETINOSCOPIO HALOGENO 3.5v Elite HPX - Tu mejor opci\u00f3n Equipo M\u00e9dico M\u00e9xico","isPartOf":{"@id":"https:\/\/buscoequipomedico.com\/#website"},"primaryImageOfPage":{"@id":"https:\/\/buscoequipomedico.com\/?product=retinoscopio-halogeno-3-5v-elite-hpx#primaryimage"},"image":{"@id":"https:\/\/buscoequipomedico.com\/?product=retinoscopio-halogeno-3-5v-elite-hpx#primaryimage"},"thumbnailUrl":"https:\/\/buscoequipomedico.com\/wp-content\/uploads\/2020\/02\/retinoscopio-halogeno-35v-elite-hpx-retinoscopio-de-franja-elite.jpg","datePublished":"2020-02-18T07:34:13+00:00","dateModified":"2020-02-18T07:34:15+00:00","breadcrumb":{"@id":"https:\/\/buscoequipomedico.com\/?product=retinoscopio-halogeno-3-5v-elite-hpx#breadcrumb"},"inLanguage":"es","potentialAction":[{"@type":"ReadAction","target":["https:\/\/buscoequipomedico.com\/?product=retinoscopio-halogeno-3-5v-elite-hpx"]}]},{"@type":"ImageObject","inLanguage":"es","@id":"https:\/\/buscoequipomedico.com\/?product=retinoscopio-halogeno-3-5v-elite-hpx#primaryimage","url":"https:\/\/buscoequipomedico.com\/wp-content\/uploads\/2020\/02\/retinoscopio-halogeno-35v-elite-hpx-retinoscopio-de-franja-elite.jpg","contentUrl":"https:\/\/buscoequipomedico.com\/wp-content\/uploads\/2020\/02\/retinoscopio-halogeno-35v-elite-hpx-retinoscopio-de-franja-elite.jpg","width":800,"height":800},{"@type":"BreadcrumbList","@id":"https:\/\/buscoequipomedico.com\/?product=retinoscopio-halogeno-3-5v-elite-hpx#breadcrumb","itemListElement":[{"@type":"ListItem","position":1,"name":"Productos","item":"https:\/\/buscoequipomedico.com\/shop\/"},{"@type":"ListItem","position":2,"name":"RETINOSCOPIO HALOGENO 3.5v Elite HPX"}]},{"@type":"WebSite","@id":"https:\/\/buscoequipomedico.com\/#website","url":"https:\/\/buscoequipomedico.com\/","name":"Tu mejor opci\u00f3n Equipo M\u00e9dico M\u00e9xico","description":"Tienda de equipo m\u00e9dico","publisher":{"@id":"https:\/\/buscoequipomedico.com\/#organization"},"potentialAction":[{"@type":"SearchAction","target":{"@type":"EntryPoint","urlTemplate":"https:\/\/buscoequipomedico.com\/?s={search_term_string}"},"query-input":{"@type":"PropertyValueSpecification","valueRequired":true,"valueName":"search_term_string"}}],"inLanguage":"es"},{"@type":"Organization","@id":"https:\/\/buscoequipomedico.com\/#organization","name":"Tu mejor opci\u00f3n Equipo M\u00e9dico M\u00e9xico","url":"https:\/\/buscoequipomedico.com\/","logo":{"@type":"ImageObject","inLanguage":"es","@id":"https:\/\/buscoequipomedico.com\/#\/schema\/logo\/image\/","url":"https:\/\/buscoequipomedico.com\/wp-content\/uploads\/2021\/07\/EMM-VPrincipal-scaled.jpg","contentUrl":"https:\/\/buscoequipomedico.com\/wp-content\/uploads\/2021\/07\/EMM-VPrincipal-scaled.jpg","width":2560,"height":1058,"caption":"Tu mejor opci\u00f3n Equipo M\u00e9dico M\u00e9xico"},"image":{"@id":"https:\/\/buscoequipomedico.com\/#\/schema\/logo\/image\/"}}]}},"_links":{"self":[{"href":"https:\/\/buscoequipomedico.com\/index.php?rest_route=\/wp\/v2\/product\/11935","targetHints":{"allow":["GET"]}}],"collection":[{"href":"https:\/\/buscoequipomedico.com\/index.php?rest_route=\/wp\/v2\/product"}],"about":[{"href":"https:\/\/buscoequipomedico.com\/index.php?rest_route=\/wp\/v2\/types\/product"}],"wp:featuredmedia":[{"embeddable":true,"href":"https:\/\/buscoequipomedico.com\/index.php?rest_route=\/wp\/v2\/media\/11936"}],"wp:attachment":[{"href":"https:\/\/buscoequipomedico.com\/index.php?rest_route=%2Fwp%2Fv2%2Fmedia&parent=11935"}],"wp:term":[{"taxonomy":"product_brand","embeddable":true,"href":"https:\/\/buscoequipomedico.com\/index.php?rest_route=%2Fwp%2Fv2%2Fproduct_brand&post=11935"},{"taxonomy":"product_cat","embeddable":true,"href":"https:\/\/buscoequipomedico.com\/index.php?rest_route=%2Fwp%2Fv2%2Fproduct_cat&post=11935"},{"taxonomy":"product_tag","embeddable":true,"href":"https:\/\/buscoequipomedico.com\/index.php?rest_route=%2Fwp%2Fv2%2Fproduct_tag&post=11935"}],"curies":[{"name":"wp","href":"https:\/\/api.w.org\/{rel}","templated":true}]}}