{"id":11980,"date":"2020-02-18T07:34:19","date_gmt":"2020-02-18T07:34:19","guid":{"rendered":"https:\/\/equipomedicomexico-com.preview-domain.com\/product\/estetoscopio-harvey-elite-adulto-burgundy\/"},"modified":"2020-02-18T07:34:21","modified_gmt":"2020-02-18T07:34:21","slug":"estetoscopio-harvey-elite-adulto-burgundy","status":"publish","type":"product","link":"https:\/\/buscoequipomedico.com\/?product=estetoscopio-harvey-elite-adulto-burgundy","title":{"rendered":"ESTETOSCOPIO HARVEY ELITE ADULTO BURGUNDY"},"content":{"rendered":"<p>El Harvey Elite ofrece un dise\u00f1o moderno junto con la comodidad superior y las capacidades de auscultaci\u00f3n en que los cardi\u00f3logos conf\u00edan. Est\u00e1 equipado con doble tubo libre de l\u00e1tex que crea dos canales para sonidos ininterrumpidos y act\u00faa en conjunto con la pieza tor\u00e1cica. Resistente y de peso \u00f3ptimo elaborada en acero inoxidable. Adem\u00e1s, el diafragma del Elite est\u00e1 dise\u00f1ado para acentuar los sonidos importantes, lo que permite escuchar los sonidos card\u00edacos, pulmonares y vasculares.<\/p>\n<p>\u00a0<\/p>\n<p><span>CARACTER\u00cdSTICAS:<\/span><\/p>\n<ul>\n<li>\n<span>Color:\u00a0<\/span>Burgundy<\/li>\n<li>Estetoscopio de uso general para Cardiolog\u00eda\/Neumolog\u00eda.<\/li>\n<li>Campana y diafragma plano de acero inoxidable con anillos de protecci\u00f3n contra el fr\u00edo.<\/li>\n<li>Doble cabeza (campana y diafragma plano).<\/li>\n<li>Pieza tor\u00e1cica pedi\u00e1trica disponible.<\/li>\n<li>Binaurales giratorios de acero inoxidable y olivas intercambiables de sellado c\u00f3modo.<\/li>\n<li>Varios tama\u00f1os de longitud del tubo.<\/li>\n<li>Libre de L\u00e1tex.<\/li>\n<li>10 a\u00f1os de garant\u00eda.<\/li>\n<\/ul>\n","protected":false},"excerpt":{"rendered":"<p><span>El Harvey Elite ofrece un dise\u00f1o moderno junto con la comodidad superior y las capacidades de auscultaci\u00f3n en que los cardi\u00f3logos conf\u00edan.<\/span><\/p>\n","protected":false},"featured_media":11981,"template":"","meta":{"_joinchat":[]},"product_brand":[],"product_cat":[253],"product_tag":[],"class_list":{"0":"post-11980","1":"product","2":"type-product","3":"status-publish","4":"has-post-thumbnail","6":"product_cat-estetoscopios","8":"first","9":"instock","10":"purchasable","11":"product-type-simple"},"yoast_head":"<!-- This site is optimized with the Yoast SEO plugin v25.1 - https:\/\/yoast.com\/wordpress\/plugins\/seo\/ -->\n<title>ESTETOSCOPIO HARVEY ELITE ADULTO BURGUNDY - Tu mejor opci\u00f3n Equipo M\u00e9dico M\u00e9xico<\/title>\n<meta name=\"robots\" content=\"index, follow, max-snippet:-1, max-image-preview:large, max-video-preview:-1\" \/>\n<link rel=\"canonical\" href=\"https:\/\/buscoequipomedico.com\/?product=estetoscopio-harvey-elite-adulto-burgundy\" \/>\n<meta property=\"og:locale\" content=\"es_ES\" \/>\n<meta property=\"og:type\" content=\"article\" \/>\n<meta property=\"og:title\" content=\"ESTETOSCOPIO HARVEY ELITE ADULTO BURGUNDY - Tu mejor opci\u00f3n Equipo M\u00e9dico M\u00e9xico\" \/>\n<meta property=\"og:description\" content=\"El Harvey Elite ofrece un dise\u00f1o moderno junto con la comodidad superior y las capacidades de auscultaci\u00f3n en que los cardi\u00f3logos conf\u00edan.\" \/>\n<meta property=\"og:url\" content=\"https:\/\/buscoequipomedico.com\/?product=estetoscopio-harvey-elite-adulto-burgundy\" \/>\n<meta property=\"og:site_name\" content=\"Tu mejor opci\u00f3n Equipo M\u00e9dico M\u00e9xico\" \/>\n<meta property=\"article:modified_time\" content=\"2020-02-18T07:34:21+00:00\" \/>\n<meta property=\"og:image\" content=\"https:\/\/buscoequipomedico.com\/wp-content\/uploads\/2020\/02\/estetoscopio-harvey-elite-adulto-burgundy-el-harvey-elite-ofrece-un-diseno-moderno-junto-con-la-comodidad-superior-y-las-capacid.jpg\" \/>\n\t<meta property=\"og:image:width\" content=\"800\" \/>\n\t<meta property=\"og:image:height\" content=\"800\" \/>\n\t<meta property=\"og:image:type\" content=\"image\/png\" \/>\n<meta name=\"twitter:card\" content=\"summary_large_image\" \/>\n<meta name=\"twitter:label1\" content=\"Tiempo de lectura\" \/>\n\t<meta name=\"twitter:data1\" content=\"1 minuto\" \/>\n<script type=\"application\/ld+json\" class=\"yoast-schema-graph\">{\"@context\":\"https:\/\/schema.org\",\"@graph\":[{\"@type\":\"WebPage\",\"@id\":\"https:\/\/buscoequipomedico.com\/?product=estetoscopio-harvey-elite-adulto-burgundy\",\"url\":\"https:\/\/buscoequipomedico.com\/?product=estetoscopio-harvey-elite-adulto-burgundy\",\"name\":\"ESTETOSCOPIO HARVEY ELITE ADULTO BURGUNDY - Tu mejor opci\u00f3n Equipo M\u00e9dico M\u00e9xico\",\"isPartOf\":{\"@id\":\"https:\/\/buscoequipomedico.com\/#website\"},\"primaryImageOfPage\":{\"@id\":\"https:\/\/buscoequipomedico.com\/?product=estetoscopio-harvey-elite-adulto-burgundy#primaryimage\"},\"image\":{\"@id\":\"https:\/\/buscoequipomedico.com\/?product=estetoscopio-harvey-elite-adulto-burgundy#primaryimage\"},\"thumbnailUrl\":\"https:\/\/buscoequipomedico.com\/wp-content\/uploads\/2020\/02\/estetoscopio-harvey-elite-adulto-burgundy-el-harvey-elite-ofrece-un-diseno-moderno-junto-con-la-comodidad-superior-y-las-capacid.jpg\",\"datePublished\":\"2020-02-18T07:34:19+00:00\",\"dateModified\":\"2020-02-18T07:34:21+00:00\",\"breadcrumb\":{\"@id\":\"https:\/\/buscoequipomedico.com\/?product=estetoscopio-harvey-elite-adulto-burgundy#breadcrumb\"},\"inLanguage\":\"es\",\"potentialAction\":[{\"@type\":\"ReadAction\",\"target\":[\"https:\/\/buscoequipomedico.com\/?product=estetoscopio-harvey-elite-adulto-burgundy\"]}]},{\"@type\":\"ImageObject\",\"inLanguage\":\"es\",\"@id\":\"https:\/\/buscoequipomedico.com\/?product=estetoscopio-harvey-elite-adulto-burgundy#primaryimage\",\"url\":\"https:\/\/buscoequipomedico.com\/wp-content\/uploads\/2020\/02\/estetoscopio-harvey-elite-adulto-burgundy-el-harvey-elite-ofrece-un-diseno-moderno-junto-con-la-comodidad-superior-y-las-capacid.jpg\",\"contentUrl\":\"https:\/\/buscoequipomedico.com\/wp-content\/uploads\/2020\/02\/estetoscopio-harvey-elite-adulto-burgundy-el-harvey-elite-ofrece-un-diseno-moderno-junto-con-la-comodidad-superior-y-las-capacid.jpg\",\"width\":800,\"height\":800},{\"@type\":\"BreadcrumbList\",\"@id\":\"https:\/\/buscoequipomedico.com\/?product=estetoscopio-harvey-elite-adulto-burgundy#breadcrumb\",\"itemListElement\":[{\"@type\":\"ListItem\",\"position\":1,\"name\":\"Productos\",\"item\":\"https:\/\/buscoequipomedico.com\/shop\/\"},{\"@type\":\"ListItem\",\"position\":2,\"name\":\"ESTETOSCOPIO HARVEY ELITE ADULTO BURGUNDY\"}]},{\"@type\":\"WebSite\",\"@id\":\"https:\/\/buscoequipomedico.com\/#website\",\"url\":\"https:\/\/buscoequipomedico.com\/\",\"name\":\"Tu mejor opci\u00f3n Equipo M\u00e9dico M\u00e9xico\",\"description\":\"Tienda de equipo m\u00e9dico\",\"publisher\":{\"@id\":\"https:\/\/buscoequipomedico.com\/#organization\"},\"potentialAction\":[{\"@type\":\"SearchAction\",\"target\":{\"@type\":\"EntryPoint\",\"urlTemplate\":\"https:\/\/buscoequipomedico.com\/?s={search_term_string}\"},\"query-input\":{\"@type\":\"PropertyValueSpecification\",\"valueRequired\":true,\"valueName\":\"search_term_string\"}}],\"inLanguage\":\"es\"},{\"@type\":\"Organization\",\"@id\":\"https:\/\/buscoequipomedico.com\/#organization\",\"name\":\"Tu mejor opci\u00f3n Equipo M\u00e9dico M\u00e9xico\",\"url\":\"https:\/\/buscoequipomedico.com\/\",\"logo\":{\"@type\":\"ImageObject\",\"inLanguage\":\"es\",\"@id\":\"https:\/\/buscoequipomedico.com\/#\/schema\/logo\/image\/\",\"url\":\"https:\/\/buscoequipomedico.com\/wp-content\/uploads\/2021\/07\/EMM-VPrincipal-scaled.jpg\",\"contentUrl\":\"https:\/\/buscoequipomedico.com\/wp-content\/uploads\/2021\/07\/EMM-VPrincipal-scaled.jpg\",\"width\":2560,\"height\":1058,\"caption\":\"Tu mejor opci\u00f3n Equipo M\u00e9dico M\u00e9xico\"},\"image\":{\"@id\":\"https:\/\/buscoequipomedico.com\/#\/schema\/logo\/image\/\"}}]}<\/script>\n<!-- \/ Yoast SEO plugin. -->","yoast_head_json":{"title":"ESTETOSCOPIO HARVEY ELITE ADULTO BURGUNDY - Tu mejor opci\u00f3n Equipo M\u00e9dico M\u00e9xico","robots":{"index":"index","follow":"follow","max-snippet":"max-snippet:-1","max-image-preview":"max-image-preview:large","max-video-preview":"max-video-preview:-1"},"canonical":"https:\/\/buscoequipomedico.com\/?product=estetoscopio-harvey-elite-adulto-burgundy","og_locale":"es_ES","og_type":"article","og_title":"ESTETOSCOPIO HARVEY ELITE ADULTO BURGUNDY - Tu mejor opci\u00f3n Equipo M\u00e9dico M\u00e9xico","og_description":"El Harvey Elite ofrece un dise\u00f1o moderno junto con la comodidad superior y las capacidades de auscultaci\u00f3n en que los cardi\u00f3logos conf\u00edan.","og_url":"https:\/\/buscoequipomedico.com\/?product=estetoscopio-harvey-elite-adulto-burgundy","og_site_name":"Tu mejor opci\u00f3n Equipo M\u00e9dico M\u00e9xico","article_modified_time":"2020-02-18T07:34:21+00:00","og_image":[{"width":800,"height":800,"url":"https:\/\/buscoequipomedico.com\/wp-content\/uploads\/2020\/02\/estetoscopio-harvey-elite-adulto-burgundy-el-harvey-elite-ofrece-un-diseno-moderno-junto-con-la-comodidad-superior-y-las-capacid.jpg","type":"image\/png"}],"twitter_card":"summary_large_image","twitter_misc":{"Tiempo de lectura":"1 minuto"},"schema":{"@context":"https:\/\/schema.org","@graph":[{"@type":"WebPage","@id":"https:\/\/buscoequipomedico.com\/?product=estetoscopio-harvey-elite-adulto-burgundy","url":"https:\/\/buscoequipomedico.com\/?product=estetoscopio-harvey-elite-adulto-burgundy","name":"ESTETOSCOPIO HARVEY ELITE ADULTO BURGUNDY - Tu mejor opci\u00f3n Equipo M\u00e9dico M\u00e9xico","isPartOf":{"@id":"https:\/\/buscoequipomedico.com\/#website"},"primaryImageOfPage":{"@id":"https:\/\/buscoequipomedico.com\/?product=estetoscopio-harvey-elite-adulto-burgundy#primaryimage"},"image":{"@id":"https:\/\/buscoequipomedico.com\/?product=estetoscopio-harvey-elite-adulto-burgundy#primaryimage"},"thumbnailUrl":"https:\/\/buscoequipomedico.com\/wp-content\/uploads\/2020\/02\/estetoscopio-harvey-elite-adulto-burgundy-el-harvey-elite-ofrece-un-diseno-moderno-junto-con-la-comodidad-superior-y-las-capacid.jpg","datePublished":"2020-02-18T07:34:19+00:00","dateModified":"2020-02-18T07:34:21+00:00","breadcrumb":{"@id":"https:\/\/buscoequipomedico.com\/?product=estetoscopio-harvey-elite-adulto-burgundy#breadcrumb"},"inLanguage":"es","potentialAction":[{"@type":"ReadAction","target":["https:\/\/buscoequipomedico.com\/?product=estetoscopio-harvey-elite-adulto-burgundy"]}]},{"@type":"ImageObject","inLanguage":"es","@id":"https:\/\/buscoequipomedico.com\/?product=estetoscopio-harvey-elite-adulto-burgundy#primaryimage","url":"https:\/\/buscoequipomedico.com\/wp-content\/uploads\/2020\/02\/estetoscopio-harvey-elite-adulto-burgundy-el-harvey-elite-ofrece-un-diseno-moderno-junto-con-la-comodidad-superior-y-las-capacid.jpg","contentUrl":"https:\/\/buscoequipomedico.com\/wp-content\/uploads\/2020\/02\/estetoscopio-harvey-elite-adulto-burgundy-el-harvey-elite-ofrece-un-diseno-moderno-junto-con-la-comodidad-superior-y-las-capacid.jpg","width":800,"height":800},{"@type":"BreadcrumbList","@id":"https:\/\/buscoequipomedico.com\/?product=estetoscopio-harvey-elite-adulto-burgundy#breadcrumb","itemListElement":[{"@type":"ListItem","position":1,"name":"Productos","item":"https:\/\/buscoequipomedico.com\/shop\/"},{"@type":"ListItem","position":2,"name":"ESTETOSCOPIO HARVEY ELITE ADULTO BURGUNDY"}]},{"@type":"WebSite","@id":"https:\/\/buscoequipomedico.com\/#website","url":"https:\/\/buscoequipomedico.com\/","name":"Tu mejor opci\u00f3n Equipo M\u00e9dico M\u00e9xico","description":"Tienda de equipo m\u00e9dico","publisher":{"@id":"https:\/\/buscoequipomedico.com\/#organization"},"potentialAction":[{"@type":"SearchAction","target":{"@type":"EntryPoint","urlTemplate":"https:\/\/buscoequipomedico.com\/?s={search_term_string}"},"query-input":{"@type":"PropertyValueSpecification","valueRequired":true,"valueName":"search_term_string"}}],"inLanguage":"es"},{"@type":"Organization","@id":"https:\/\/buscoequipomedico.com\/#organization","name":"Tu mejor opci\u00f3n Equipo M\u00e9dico M\u00e9xico","url":"https:\/\/buscoequipomedico.com\/","logo":{"@type":"ImageObject","inLanguage":"es","@id":"https:\/\/buscoequipomedico.com\/#\/schema\/logo\/image\/","url":"https:\/\/buscoequipomedico.com\/wp-content\/uploads\/2021\/07\/EMM-VPrincipal-scaled.jpg","contentUrl":"https:\/\/buscoequipomedico.com\/wp-content\/uploads\/2021\/07\/EMM-VPrincipal-scaled.jpg","width":2560,"height":1058,"caption":"Tu mejor opci\u00f3n Equipo M\u00e9dico M\u00e9xico"},"image":{"@id":"https:\/\/buscoequipomedico.com\/#\/schema\/logo\/image\/"}}]}},"_links":{"self":[{"href":"https:\/\/buscoequipomedico.com\/index.php?rest_route=\/wp\/v2\/product\/11980","targetHints":{"allow":["GET"]}}],"collection":[{"href":"https:\/\/buscoequipomedico.com\/index.php?rest_route=\/wp\/v2\/product"}],"about":[{"href":"https:\/\/buscoequipomedico.com\/index.php?rest_route=\/wp\/v2\/types\/product"}],"wp:featuredmedia":[{"embeddable":true,"href":"https:\/\/buscoequipomedico.com\/index.php?rest_route=\/wp\/v2\/media\/11981"}],"wp:attachment":[{"href":"https:\/\/buscoequipomedico.com\/index.php?rest_route=%2Fwp%2Fv2%2Fmedia&parent=11980"}],"wp:term":[{"taxonomy":"product_brand","embeddable":true,"href":"https:\/\/buscoequipomedico.com\/index.php?rest_route=%2Fwp%2Fv2%2Fproduct_brand&post=11980"},{"taxonomy":"product_cat","embeddable":true,"href":"https:\/\/buscoequipomedico.com\/index.php?rest_route=%2Fwp%2Fv2%2Fproduct_cat&post=11980"},{"taxonomy":"product_tag","embeddable":true,"href":"https:\/\/buscoequipomedico.com\/index.php?rest_route=%2Fwp%2Fv2%2Fproduct_tag&post=11980"}],"curies":[{"name":"wp","href":"https:\/\/api.w.org\/{rel}","templated":true}]}}