{"id":11982,"date":"2020-02-18T07:34:19","date_gmt":"2020-02-18T07:34:19","guid":{"rendered":"https:\/\/equipomedicomexico-com.preview-domain.com\/product\/estetoscopio-harvey-elite-adulto-negro\/"},"modified":"2020-02-18T07:34:21","modified_gmt":"2020-02-18T07:34:21","slug":"estetoscopio-harvey-elite-adulto-negro","status":"publish","type":"product","link":"https:\/\/buscoequipomedico.com\/?product=estetoscopio-harvey-elite-adulto-negro","title":{"rendered":"ESTETOSCOPIO HARVEY ELITE ADULTO NEGRO"},"content":{"rendered":"<p>El nuevo estetoscopio classic III le ofrece:<\/p>\n<\/p>\n<p>Alta sensibilidad ac\u00fastica para la realizaci\u00f3n de valoraciones generales.<\/p>\n<\/p>\n<p>Membranas de doble frecuencia en el lado pedi\u00e1trico y en el lado de adultos.<\/p>\n<\/p>\n<p>Una membrana de una sola pieza que es f\u00e1cil de colocar y de limpiar por la suavidad de su superficie sin fisuras.<\/p>\n<\/p>\n<p>La futura generaci\u00f3n de binaurales de resistencia mejorada frente al aceite de la piel y al alcohol para una mayor duraci\u00f3n. Con baja probabilidad de que aparezcan manchas.<\/p>\n<\/p>\n<p>Conozca lo que es realmente importante para usted como profesional m\u00e9dico utilizando el estetoscopio Classic III: calidad, logros y proporcionar los mejores cuidados posibles. A todos los pacientes. Todos los dias.<\/p>\n<\/p>\n<p>Caracter\u00edsticas:<\/p>\n<\/p>\n<p>La tecnolog\u00eda de membrana de doble frecuencia es un desarrollo de 3M que permite escuchar sonidos de alta frecuencia y sonidos de baja frecuencia simplemente cambiando la presi\u00f3n ejercida en la campana.<\/p>\n<\/p>\n<p>Olivas s\u00faper blandas le permiten un porte c\u00f3modo y un excelente sellado ac\u00fastico; se ajustan firmemente a los tubos para mayor seguridad.<\/p>\n<\/p>\n<p>La campana permanece libre de suciedad y de otras part\u00edculas ambientales gracias a la membrana que la cubre.<\/p>\n<\/p>\n<p>Auriculares ajustables que le permiten fijarlos seg\u00fan el tama\u00f1o de su cabeza y comodidad deseada, solamente con apretar o estirar de los tubos.<\/p>\n<\/p>\n<p>Libre de l\u00e1tex o phtalatos, para mayor protecci\u00f3n de la salud y del ambiente.<\/p>\n<\/p>\n<p>Fabricado en Estados Unidos para alcanzar una calidad consistente. Aplicamos rigurosamente procesos y controles de calidad a todos los estetoscopios de Littman. Usted siempre recibir\u00e1 este instrumento indispensable y de larga duraci\u00f3n.<\/p>\n<\/p>\n<p>Longitud 69cm \/ 27.2 pulgadas<\/p>\n<\/p>\n<p>Resultados ac\u00fasticos 7<\/p>\n<\/p>\n<p>Campana, Construcci\u00f3n doble cara, adultos y pedi\u00e1trico, material de acero inoxidable, membrana de doble frecuencia de una sola \u00fanica, Diametro de la membrana 4.3cm\/1.7pulgadas<\/p>\n<\/p>\n<p>Binaural, Construcci\u00f3n Lumen (canal ac\u00fastico \u00fanico con tubo), Material Libre de l\u00e1tex o pl\u00e1sticos de phtalatos<\/p>\n<\/p>\n<p>Auriculares de material aluminio anodizado \/di\u00e1metro ancho aleaci\u00f3n.<\/p>\n<\/p>\n<p>Para realizar su pedido utilice la clave del producto RI5829<\/p><\/p>\n","protected":false},"excerpt":{"rendered":"<p>ESTETOSCOPIO CLASSIC III ADULTO VERDE LIMA<\/p>\n<\/p>\n<p>Desde el primer momento estar\u00e1 a la altura de sus expectativas.<\/p>\n<\/p>\n<p><span>El estetoscopio littman Classic III es la versi\u00f3n m\u00e1s avanzada de estetoscopios que ayuda a millones de profesionales a alcanzar excelentes resultados. Trae consigo nuevos dise\u00f1os, materiales y tecnolog\u00eda a la gama de estetoscopios Littman en la que muchos cl\u00ednicos de todo el mundo han confiado durante d\u00e9cadas<\/span><\/p>\n","protected":false},"featured_media":11983,"template":"","meta":{"_joinchat":[]},"product_brand":[],"product_cat":[253],"product_tag":[],"class_list":{"0":"post-11982","1":"product","2":"type-product","3":"status-publish","4":"has-post-thumbnail","6":"product_cat-estetoscopios","7":"pa_marca-welch-allyn","9":"first","10":"instock","11":"purchasable","12":"product-type-simple"},"yoast_head":"<!-- This site is optimized with the Yoast SEO plugin v25.1 - https:\/\/yoast.com\/wordpress\/plugins\/seo\/ -->\n<title>ESTETOSCOPIO HARVEY ELITE ADULTO NEGRO - Tu mejor opci\u00f3n Equipo M\u00e9dico M\u00e9xico<\/title>\n<meta name=\"robots\" content=\"index, follow, max-snippet:-1, max-image-preview:large, max-video-preview:-1\" \/>\n<link rel=\"canonical\" href=\"https:\/\/buscoequipomedico.com\/?product=estetoscopio-harvey-elite-adulto-negro\" \/>\n<meta property=\"og:locale\" content=\"es_ES\" \/>\n<meta property=\"og:type\" content=\"article\" \/>\n<meta property=\"og:title\" content=\"ESTETOSCOPIO HARVEY ELITE ADULTO NEGRO - Tu mejor opci\u00f3n Equipo M\u00e9dico M\u00e9xico\" \/>\n<meta property=\"og:description\" content=\"ESTETOSCOPIO CLASSIC III ADULTO VERDE LIMA Desde el primer momento estar\u00e1 a la altura de sus expectativas. El estetoscopio littman Classic III es la versi\u00f3n m\u00e1s avanzada de estetoscopios que ayuda a millones de profesionales a alcanzar excelentes resultados. Trae consigo nuevos dise\u00f1os, materiales y tecnolog\u00eda a la gama de estetoscopios Littman en la que muchos cl\u00ednicos de todo el mundo han confiado durante d\u00e9cadas\" \/>\n<meta property=\"og:url\" content=\"https:\/\/buscoequipomedico.com\/?product=estetoscopio-harvey-elite-adulto-negro\" \/>\n<meta property=\"og:site_name\" content=\"Tu mejor opci\u00f3n Equipo M\u00e9dico M\u00e9xico\" \/>\n<meta property=\"article:modified_time\" content=\"2020-02-18T07:34:21+00:00\" \/>\n<meta property=\"og:image\" content=\"https:\/\/buscoequipomedico.com\/wp-content\/uploads\/2020\/02\/estetoscopio-harvey-elite-adulto-negro-estetoscopio-classic-iii-adulto-verde-lima-desde-el-primer-momento-estara-a-la-altura-de.jpg\" \/>\n\t<meta property=\"og:image:width\" content=\"800\" \/>\n\t<meta property=\"og:image:height\" content=\"800\" \/>\n\t<meta property=\"og:image:type\" content=\"image\/jpeg\" \/>\n<meta name=\"twitter:card\" content=\"summary_large_image\" \/>\n<meta name=\"twitter:label1\" content=\"Tiempo de lectura\" \/>\n\t<meta name=\"twitter:data1\" content=\"2 minutos\" \/>\n<script type=\"application\/ld+json\" class=\"yoast-schema-graph\">{\"@context\":\"https:\/\/schema.org\",\"@graph\":[{\"@type\":\"WebPage\",\"@id\":\"https:\/\/buscoequipomedico.com\/?product=estetoscopio-harvey-elite-adulto-negro\",\"url\":\"https:\/\/buscoequipomedico.com\/?product=estetoscopio-harvey-elite-adulto-negro\",\"name\":\"ESTETOSCOPIO HARVEY ELITE ADULTO NEGRO - Tu mejor opci\u00f3n Equipo M\u00e9dico M\u00e9xico\",\"isPartOf\":{\"@id\":\"https:\/\/buscoequipomedico.com\/#website\"},\"primaryImageOfPage\":{\"@id\":\"https:\/\/buscoequipomedico.com\/?product=estetoscopio-harvey-elite-adulto-negro#primaryimage\"},\"image\":{\"@id\":\"https:\/\/buscoequipomedico.com\/?product=estetoscopio-harvey-elite-adulto-negro#primaryimage\"},\"thumbnailUrl\":\"https:\/\/buscoequipomedico.com\/wp-content\/uploads\/2020\/02\/estetoscopio-harvey-elite-adulto-negro-estetoscopio-classic-iii-adulto-verde-lima-desde-el-primer-momento-estara-a-la-altura-de.jpg\",\"datePublished\":\"2020-02-18T07:34:19+00:00\",\"dateModified\":\"2020-02-18T07:34:21+00:00\",\"breadcrumb\":{\"@id\":\"https:\/\/buscoequipomedico.com\/?product=estetoscopio-harvey-elite-adulto-negro#breadcrumb\"},\"inLanguage\":\"es\",\"potentialAction\":[{\"@type\":\"ReadAction\",\"target\":[\"https:\/\/buscoequipomedico.com\/?product=estetoscopio-harvey-elite-adulto-negro\"]}]},{\"@type\":\"ImageObject\",\"inLanguage\":\"es\",\"@id\":\"https:\/\/buscoequipomedico.com\/?product=estetoscopio-harvey-elite-adulto-negro#primaryimage\",\"url\":\"https:\/\/buscoequipomedico.com\/wp-content\/uploads\/2020\/02\/estetoscopio-harvey-elite-adulto-negro-estetoscopio-classic-iii-adulto-verde-lima-desde-el-primer-momento-estara-a-la-altura-de.jpg\",\"contentUrl\":\"https:\/\/buscoequipomedico.com\/wp-content\/uploads\/2020\/02\/estetoscopio-harvey-elite-adulto-negro-estetoscopio-classic-iii-adulto-verde-lima-desde-el-primer-momento-estara-a-la-altura-de.jpg\",\"width\":800,\"height\":800},{\"@type\":\"BreadcrumbList\",\"@id\":\"https:\/\/buscoequipomedico.com\/?product=estetoscopio-harvey-elite-adulto-negro#breadcrumb\",\"itemListElement\":[{\"@type\":\"ListItem\",\"position\":1,\"name\":\"Productos\",\"item\":\"https:\/\/buscoequipomedico.com\/shop\/\"},{\"@type\":\"ListItem\",\"position\":2,\"name\":\"ESTETOSCOPIO HARVEY ELITE ADULTO NEGRO\"}]},{\"@type\":\"WebSite\",\"@id\":\"https:\/\/buscoequipomedico.com\/#website\",\"url\":\"https:\/\/buscoequipomedico.com\/\",\"name\":\"Tu mejor opci\u00f3n Equipo M\u00e9dico M\u00e9xico\",\"description\":\"Tienda de equipo m\u00e9dico\",\"publisher\":{\"@id\":\"https:\/\/buscoequipomedico.com\/#organization\"},\"potentialAction\":[{\"@type\":\"SearchAction\",\"target\":{\"@type\":\"EntryPoint\",\"urlTemplate\":\"https:\/\/buscoequipomedico.com\/?s={search_term_string}\"},\"query-input\":{\"@type\":\"PropertyValueSpecification\",\"valueRequired\":true,\"valueName\":\"search_term_string\"}}],\"inLanguage\":\"es\"},{\"@type\":\"Organization\",\"@id\":\"https:\/\/buscoequipomedico.com\/#organization\",\"name\":\"Tu mejor opci\u00f3n Equipo M\u00e9dico M\u00e9xico\",\"url\":\"https:\/\/buscoequipomedico.com\/\",\"logo\":{\"@type\":\"ImageObject\",\"inLanguage\":\"es\",\"@id\":\"https:\/\/buscoequipomedico.com\/#\/schema\/logo\/image\/\",\"url\":\"https:\/\/buscoequipomedico.com\/wp-content\/uploads\/2021\/07\/EMM-VPrincipal-scaled.jpg\",\"contentUrl\":\"https:\/\/buscoequipomedico.com\/wp-content\/uploads\/2021\/07\/EMM-VPrincipal-scaled.jpg\",\"width\":2560,\"height\":1058,\"caption\":\"Tu mejor opci\u00f3n Equipo M\u00e9dico M\u00e9xico\"},\"image\":{\"@id\":\"https:\/\/buscoequipomedico.com\/#\/schema\/logo\/image\/\"}}]}<\/script>\n<!-- \/ Yoast SEO plugin. -->","yoast_head_json":{"title":"ESTETOSCOPIO HARVEY ELITE ADULTO NEGRO - Tu mejor opci\u00f3n Equipo M\u00e9dico M\u00e9xico","robots":{"index":"index","follow":"follow","max-snippet":"max-snippet:-1","max-image-preview":"max-image-preview:large","max-video-preview":"max-video-preview:-1"},"canonical":"https:\/\/buscoequipomedico.com\/?product=estetoscopio-harvey-elite-adulto-negro","og_locale":"es_ES","og_type":"article","og_title":"ESTETOSCOPIO HARVEY ELITE ADULTO NEGRO - Tu mejor opci\u00f3n Equipo M\u00e9dico M\u00e9xico","og_description":"ESTETOSCOPIO CLASSIC III ADULTO VERDE LIMA Desde el primer momento estar\u00e1 a la altura de sus expectativas. El estetoscopio littman Classic III es la versi\u00f3n m\u00e1s avanzada de estetoscopios que ayuda a millones de profesionales a alcanzar excelentes resultados. Trae consigo nuevos dise\u00f1os, materiales y tecnolog\u00eda a la gama de estetoscopios Littman en la que muchos cl\u00ednicos de todo el mundo han confiado durante d\u00e9cadas","og_url":"https:\/\/buscoequipomedico.com\/?product=estetoscopio-harvey-elite-adulto-negro","og_site_name":"Tu mejor opci\u00f3n Equipo M\u00e9dico M\u00e9xico","article_modified_time":"2020-02-18T07:34:21+00:00","og_image":[{"width":800,"height":800,"url":"https:\/\/buscoequipomedico.com\/wp-content\/uploads\/2020\/02\/estetoscopio-harvey-elite-adulto-negro-estetoscopio-classic-iii-adulto-verde-lima-desde-el-primer-momento-estara-a-la-altura-de.jpg","type":"image\/jpeg"}],"twitter_card":"summary_large_image","twitter_misc":{"Tiempo de lectura":"2 minutos"},"schema":{"@context":"https:\/\/schema.org","@graph":[{"@type":"WebPage","@id":"https:\/\/buscoequipomedico.com\/?product=estetoscopio-harvey-elite-adulto-negro","url":"https:\/\/buscoequipomedico.com\/?product=estetoscopio-harvey-elite-adulto-negro","name":"ESTETOSCOPIO HARVEY ELITE ADULTO NEGRO - Tu mejor opci\u00f3n Equipo M\u00e9dico M\u00e9xico","isPartOf":{"@id":"https:\/\/buscoequipomedico.com\/#website"},"primaryImageOfPage":{"@id":"https:\/\/buscoequipomedico.com\/?product=estetoscopio-harvey-elite-adulto-negro#primaryimage"},"image":{"@id":"https:\/\/buscoequipomedico.com\/?product=estetoscopio-harvey-elite-adulto-negro#primaryimage"},"thumbnailUrl":"https:\/\/buscoequipomedico.com\/wp-content\/uploads\/2020\/02\/estetoscopio-harvey-elite-adulto-negro-estetoscopio-classic-iii-adulto-verde-lima-desde-el-primer-momento-estara-a-la-altura-de.jpg","datePublished":"2020-02-18T07:34:19+00:00","dateModified":"2020-02-18T07:34:21+00:00","breadcrumb":{"@id":"https:\/\/buscoequipomedico.com\/?product=estetoscopio-harvey-elite-adulto-negro#breadcrumb"},"inLanguage":"es","potentialAction":[{"@type":"ReadAction","target":["https:\/\/buscoequipomedico.com\/?product=estetoscopio-harvey-elite-adulto-negro"]}]},{"@type":"ImageObject","inLanguage":"es","@id":"https:\/\/buscoequipomedico.com\/?product=estetoscopio-harvey-elite-adulto-negro#primaryimage","url":"https:\/\/buscoequipomedico.com\/wp-content\/uploads\/2020\/02\/estetoscopio-harvey-elite-adulto-negro-estetoscopio-classic-iii-adulto-verde-lima-desde-el-primer-momento-estara-a-la-altura-de.jpg","contentUrl":"https:\/\/buscoequipomedico.com\/wp-content\/uploads\/2020\/02\/estetoscopio-harvey-elite-adulto-negro-estetoscopio-classic-iii-adulto-verde-lima-desde-el-primer-momento-estara-a-la-altura-de.jpg","width":800,"height":800},{"@type":"BreadcrumbList","@id":"https:\/\/buscoequipomedico.com\/?product=estetoscopio-harvey-elite-adulto-negro#breadcrumb","itemListElement":[{"@type":"ListItem","position":1,"name":"Productos","item":"https:\/\/buscoequipomedico.com\/shop\/"},{"@type":"ListItem","position":2,"name":"ESTETOSCOPIO HARVEY ELITE ADULTO NEGRO"}]},{"@type":"WebSite","@id":"https:\/\/buscoequipomedico.com\/#website","url":"https:\/\/buscoequipomedico.com\/","name":"Tu mejor opci\u00f3n Equipo M\u00e9dico M\u00e9xico","description":"Tienda de equipo m\u00e9dico","publisher":{"@id":"https:\/\/buscoequipomedico.com\/#organization"},"potentialAction":[{"@type":"SearchAction","target":{"@type":"EntryPoint","urlTemplate":"https:\/\/buscoequipomedico.com\/?s={search_term_string}"},"query-input":{"@type":"PropertyValueSpecification","valueRequired":true,"valueName":"search_term_string"}}],"inLanguage":"es"},{"@type":"Organization","@id":"https:\/\/buscoequipomedico.com\/#organization","name":"Tu mejor opci\u00f3n Equipo M\u00e9dico M\u00e9xico","url":"https:\/\/buscoequipomedico.com\/","logo":{"@type":"ImageObject","inLanguage":"es","@id":"https:\/\/buscoequipomedico.com\/#\/schema\/logo\/image\/","url":"https:\/\/buscoequipomedico.com\/wp-content\/uploads\/2021\/07\/EMM-VPrincipal-scaled.jpg","contentUrl":"https:\/\/buscoequipomedico.com\/wp-content\/uploads\/2021\/07\/EMM-VPrincipal-scaled.jpg","width":2560,"height":1058,"caption":"Tu mejor opci\u00f3n Equipo M\u00e9dico M\u00e9xico"},"image":{"@id":"https:\/\/buscoequipomedico.com\/#\/schema\/logo\/image\/"}}]}},"_links":{"self":[{"href":"https:\/\/buscoequipomedico.com\/index.php?rest_route=\/wp\/v2\/product\/11982","targetHints":{"allow":["GET"]}}],"collection":[{"href":"https:\/\/buscoequipomedico.com\/index.php?rest_route=\/wp\/v2\/product"}],"about":[{"href":"https:\/\/buscoequipomedico.com\/index.php?rest_route=\/wp\/v2\/types\/product"}],"wp:featuredmedia":[{"embeddable":true,"href":"https:\/\/buscoequipomedico.com\/index.php?rest_route=\/wp\/v2\/media\/11983"}],"wp:attachment":[{"href":"https:\/\/buscoequipomedico.com\/index.php?rest_route=%2Fwp%2Fv2%2Fmedia&parent=11982"}],"wp:term":[{"taxonomy":"product_brand","embeddable":true,"href":"https:\/\/buscoequipomedico.com\/index.php?rest_route=%2Fwp%2Fv2%2Fproduct_brand&post=11982"},{"taxonomy":"product_cat","embeddable":true,"href":"https:\/\/buscoequipomedico.com\/index.php?rest_route=%2Fwp%2Fv2%2Fproduct_cat&post=11982"},{"taxonomy":"product_tag","embeddable":true,"href":"https:\/\/buscoequipomedico.com\/index.php?rest_route=%2Fwp%2Fv2%2Fproduct_tag&post=11982"}],"curies":[{"name":"wp","href":"https:\/\/api.w.org\/{rel}","templated":true}]}}