{"id":12126,"date":"2020-02-18T07:34:39","date_gmt":"2020-02-18T07:34:39","guid":{"rendered":"https:\/\/equipomedicomexico-com.preview-domain.com\/product\/infantometro-en-aluminio-de-35-a-80-cm\/"},"modified":"2020-02-18T07:34:40","modified_gmt":"2020-02-18T07:34:40","slug":"infantometro-en-aluminio-de-35-a-80-cm","status":"publish","type":"product","link":"https:\/\/buscoequipomedico.com\/?product=infantometro-en-aluminio-de-35-a-80-cm","title":{"rendered":"INFANTOMETRO EN ALUMINIO DE 35 A 80 CM"},"content":{"rendered":"<ul>\n<li>Con opci\u00f3n para ser usado en mesa o b\u00e1scula BAME.<\/li>\n<li>Con topes grandes en la cabeza y pies para determinar la altura del beb\u00e9.<\/li>\n<li>Paletas abatibles para el f\u00e1cil almacenamiento del infant\u00f3metro.<\/li>\n<li>Rango de medici\u00f3n: 35 cm a 80 cm.<\/li>\n<\/ul>\n","protected":false},"excerpt":{"rendered":"<ul>\n<li>Utilizado para mediar la estatura de los beb\u00e9s.<\/li>\n<li>Fabricado en aluminio.<\/li>\n<li>Paletas fabricadas en pl\u00e1stico.<\/li>\n<\/ul>\n","protected":false},"featured_media":12127,"template":"","meta":{"_joinchat":[]},"product_brand":[],"product_cat":[265],"product_tag":[],"class_list":{"0":"post-12126","1":"product","2":"type-product","3":"status-publish","4":"has-post-thumbnail","6":"product_cat-infantometros","7":"pa_marca-bame","9":"first","10":"instock","11":"purchasable","12":"product-type-simple"},"yoast_head":"<!-- This site is optimized with the Yoast SEO plugin v25.1 - https:\/\/yoast.com\/wordpress\/plugins\/seo\/ -->\n<title>INFANTOMETRO EN ALUMINIO DE 35 A 80 CM - Tu mejor opci\u00f3n Equipo M\u00e9dico M\u00e9xico<\/title>\n<meta name=\"robots\" content=\"index, follow, max-snippet:-1, max-image-preview:large, max-video-preview:-1\" \/>\n<link rel=\"canonical\" href=\"https:\/\/buscoequipomedico.com\/?product=infantometro-en-aluminio-de-35-a-80-cm\" \/>\n<meta property=\"og:locale\" content=\"es_ES\" \/>\n<meta property=\"og:type\" content=\"article\" \/>\n<meta property=\"og:title\" content=\"INFANTOMETRO EN ALUMINIO DE 35 A 80 CM - Tu mejor opci\u00f3n Equipo M\u00e9dico M\u00e9xico\" \/>\n<meta property=\"og:description\" content=\"Utilizado para mediar la estatura de los beb\u00e9s. Fabricado en aluminio. Paletas fabricadas en pl\u00e1stico.\" \/>\n<meta property=\"og:url\" content=\"https:\/\/buscoequipomedico.com\/?product=infantometro-en-aluminio-de-35-a-80-cm\" \/>\n<meta property=\"og:site_name\" content=\"Tu mejor opci\u00f3n Equipo M\u00e9dico M\u00e9xico\" \/>\n<meta property=\"article:modified_time\" content=\"2020-02-18T07:34:40+00:00\" \/>\n<meta property=\"og:image\" content=\"https:\/\/buscoequipomedico.com\/wp-content\/uploads\/2020\/02\/infantometro-en-aluminio-de-35-a-80-cm-utilizado-para-mediar-la-estatura-de-los-bebes-fabricado-en-aluminio-paletas-fabricadas-e.jpg\" \/>\n\t<meta property=\"og:image:width\" content=\"800\" \/>\n\t<meta property=\"og:image:height\" content=\"800\" \/>\n\t<meta property=\"og:image:type\" content=\"image\/png\" \/>\n<meta name=\"twitter:card\" content=\"summary_large_image\" \/>\n<script type=\"application\/ld+json\" class=\"yoast-schema-graph\">{\"@context\":\"https:\/\/schema.org\",\"@graph\":[{\"@type\":\"WebPage\",\"@id\":\"https:\/\/buscoequipomedico.com\/?product=infantometro-en-aluminio-de-35-a-80-cm\",\"url\":\"https:\/\/buscoequipomedico.com\/?product=infantometro-en-aluminio-de-35-a-80-cm\",\"name\":\"INFANTOMETRO EN ALUMINIO DE 35 A 80 CM - Tu mejor opci\u00f3n Equipo M\u00e9dico M\u00e9xico\",\"isPartOf\":{\"@id\":\"https:\/\/buscoequipomedico.com\/#website\"},\"primaryImageOfPage\":{\"@id\":\"https:\/\/buscoequipomedico.com\/?product=infantometro-en-aluminio-de-35-a-80-cm#primaryimage\"},\"image\":{\"@id\":\"https:\/\/buscoequipomedico.com\/?product=infantometro-en-aluminio-de-35-a-80-cm#primaryimage\"},\"thumbnailUrl\":\"https:\/\/buscoequipomedico.com\/wp-content\/uploads\/2020\/02\/infantometro-en-aluminio-de-35-a-80-cm-utilizado-para-mediar-la-estatura-de-los-bebes-fabricado-en-aluminio-paletas-fabricadas-e.jpg\",\"datePublished\":\"2020-02-18T07:34:39+00:00\",\"dateModified\":\"2020-02-18T07:34:40+00:00\",\"breadcrumb\":{\"@id\":\"https:\/\/buscoequipomedico.com\/?product=infantometro-en-aluminio-de-35-a-80-cm#breadcrumb\"},\"inLanguage\":\"es\",\"potentialAction\":[{\"@type\":\"ReadAction\",\"target\":[\"https:\/\/buscoequipomedico.com\/?product=infantometro-en-aluminio-de-35-a-80-cm\"]}]},{\"@type\":\"ImageObject\",\"inLanguage\":\"es\",\"@id\":\"https:\/\/buscoequipomedico.com\/?product=infantometro-en-aluminio-de-35-a-80-cm#primaryimage\",\"url\":\"https:\/\/buscoequipomedico.com\/wp-content\/uploads\/2020\/02\/infantometro-en-aluminio-de-35-a-80-cm-utilizado-para-mediar-la-estatura-de-los-bebes-fabricado-en-aluminio-paletas-fabricadas-e.jpg\",\"contentUrl\":\"https:\/\/buscoequipomedico.com\/wp-content\/uploads\/2020\/02\/infantometro-en-aluminio-de-35-a-80-cm-utilizado-para-mediar-la-estatura-de-los-bebes-fabricado-en-aluminio-paletas-fabricadas-e.jpg\",\"width\":800,\"height\":800},{\"@type\":\"BreadcrumbList\",\"@id\":\"https:\/\/buscoequipomedico.com\/?product=infantometro-en-aluminio-de-35-a-80-cm#breadcrumb\",\"itemListElement\":[{\"@type\":\"ListItem\",\"position\":1,\"name\":\"Productos\",\"item\":\"https:\/\/buscoequipomedico.com\/shop\/\"},{\"@type\":\"ListItem\",\"position\":2,\"name\":\"INFANTOMETRO EN ALUMINIO DE 35 A 80 CM\"}]},{\"@type\":\"WebSite\",\"@id\":\"https:\/\/buscoequipomedico.com\/#website\",\"url\":\"https:\/\/buscoequipomedico.com\/\",\"name\":\"Tu mejor opci\u00f3n Equipo M\u00e9dico M\u00e9xico\",\"description\":\"Tienda de equipo m\u00e9dico\",\"publisher\":{\"@id\":\"https:\/\/buscoequipomedico.com\/#organization\"},\"potentialAction\":[{\"@type\":\"SearchAction\",\"target\":{\"@type\":\"EntryPoint\",\"urlTemplate\":\"https:\/\/buscoequipomedico.com\/?s={search_term_string}\"},\"query-input\":{\"@type\":\"PropertyValueSpecification\",\"valueRequired\":true,\"valueName\":\"search_term_string\"}}],\"inLanguage\":\"es\"},{\"@type\":\"Organization\",\"@id\":\"https:\/\/buscoequipomedico.com\/#organization\",\"name\":\"Tu mejor opci\u00f3n Equipo M\u00e9dico M\u00e9xico\",\"url\":\"https:\/\/buscoequipomedico.com\/\",\"logo\":{\"@type\":\"ImageObject\",\"inLanguage\":\"es\",\"@id\":\"https:\/\/buscoequipomedico.com\/#\/schema\/logo\/image\/\",\"url\":\"https:\/\/buscoequipomedico.com\/wp-content\/uploads\/2021\/07\/EMM-VPrincipal-scaled.jpg\",\"contentUrl\":\"https:\/\/buscoequipomedico.com\/wp-content\/uploads\/2021\/07\/EMM-VPrincipal-scaled.jpg\",\"width\":2560,\"height\":1058,\"caption\":\"Tu mejor opci\u00f3n Equipo M\u00e9dico M\u00e9xico\"},\"image\":{\"@id\":\"https:\/\/buscoequipomedico.com\/#\/schema\/logo\/image\/\"}}]}<\/script>\n<!-- \/ Yoast SEO plugin. -->","yoast_head_json":{"title":"INFANTOMETRO EN ALUMINIO DE 35 A 80 CM - Tu mejor opci\u00f3n Equipo M\u00e9dico M\u00e9xico","robots":{"index":"index","follow":"follow","max-snippet":"max-snippet:-1","max-image-preview":"max-image-preview:large","max-video-preview":"max-video-preview:-1"},"canonical":"https:\/\/buscoequipomedico.com\/?product=infantometro-en-aluminio-de-35-a-80-cm","og_locale":"es_ES","og_type":"article","og_title":"INFANTOMETRO EN ALUMINIO DE 35 A 80 CM - Tu mejor opci\u00f3n Equipo M\u00e9dico M\u00e9xico","og_description":"Utilizado para mediar la estatura de los beb\u00e9s. Fabricado en aluminio. Paletas fabricadas en pl\u00e1stico.","og_url":"https:\/\/buscoequipomedico.com\/?product=infantometro-en-aluminio-de-35-a-80-cm","og_site_name":"Tu mejor opci\u00f3n Equipo M\u00e9dico M\u00e9xico","article_modified_time":"2020-02-18T07:34:40+00:00","og_image":[{"width":800,"height":800,"url":"https:\/\/buscoequipomedico.com\/wp-content\/uploads\/2020\/02\/infantometro-en-aluminio-de-35-a-80-cm-utilizado-para-mediar-la-estatura-de-los-bebes-fabricado-en-aluminio-paletas-fabricadas-e.jpg","type":"image\/png"}],"twitter_card":"summary_large_image","schema":{"@context":"https:\/\/schema.org","@graph":[{"@type":"WebPage","@id":"https:\/\/buscoequipomedico.com\/?product=infantometro-en-aluminio-de-35-a-80-cm","url":"https:\/\/buscoequipomedico.com\/?product=infantometro-en-aluminio-de-35-a-80-cm","name":"INFANTOMETRO EN ALUMINIO DE 35 A 80 CM - Tu mejor opci\u00f3n Equipo M\u00e9dico M\u00e9xico","isPartOf":{"@id":"https:\/\/buscoequipomedico.com\/#website"},"primaryImageOfPage":{"@id":"https:\/\/buscoequipomedico.com\/?product=infantometro-en-aluminio-de-35-a-80-cm#primaryimage"},"image":{"@id":"https:\/\/buscoequipomedico.com\/?product=infantometro-en-aluminio-de-35-a-80-cm#primaryimage"},"thumbnailUrl":"https:\/\/buscoequipomedico.com\/wp-content\/uploads\/2020\/02\/infantometro-en-aluminio-de-35-a-80-cm-utilizado-para-mediar-la-estatura-de-los-bebes-fabricado-en-aluminio-paletas-fabricadas-e.jpg","datePublished":"2020-02-18T07:34:39+00:00","dateModified":"2020-02-18T07:34:40+00:00","breadcrumb":{"@id":"https:\/\/buscoequipomedico.com\/?product=infantometro-en-aluminio-de-35-a-80-cm#breadcrumb"},"inLanguage":"es","potentialAction":[{"@type":"ReadAction","target":["https:\/\/buscoequipomedico.com\/?product=infantometro-en-aluminio-de-35-a-80-cm"]}]},{"@type":"ImageObject","inLanguage":"es","@id":"https:\/\/buscoequipomedico.com\/?product=infantometro-en-aluminio-de-35-a-80-cm#primaryimage","url":"https:\/\/buscoequipomedico.com\/wp-content\/uploads\/2020\/02\/infantometro-en-aluminio-de-35-a-80-cm-utilizado-para-mediar-la-estatura-de-los-bebes-fabricado-en-aluminio-paletas-fabricadas-e.jpg","contentUrl":"https:\/\/buscoequipomedico.com\/wp-content\/uploads\/2020\/02\/infantometro-en-aluminio-de-35-a-80-cm-utilizado-para-mediar-la-estatura-de-los-bebes-fabricado-en-aluminio-paletas-fabricadas-e.jpg","width":800,"height":800},{"@type":"BreadcrumbList","@id":"https:\/\/buscoequipomedico.com\/?product=infantometro-en-aluminio-de-35-a-80-cm#breadcrumb","itemListElement":[{"@type":"ListItem","position":1,"name":"Productos","item":"https:\/\/buscoequipomedico.com\/shop\/"},{"@type":"ListItem","position":2,"name":"INFANTOMETRO EN ALUMINIO DE 35 A 80 CM"}]},{"@type":"WebSite","@id":"https:\/\/buscoequipomedico.com\/#website","url":"https:\/\/buscoequipomedico.com\/","name":"Tu mejor opci\u00f3n Equipo M\u00e9dico M\u00e9xico","description":"Tienda de equipo m\u00e9dico","publisher":{"@id":"https:\/\/buscoequipomedico.com\/#organization"},"potentialAction":[{"@type":"SearchAction","target":{"@type":"EntryPoint","urlTemplate":"https:\/\/buscoequipomedico.com\/?s={search_term_string}"},"query-input":{"@type":"PropertyValueSpecification","valueRequired":true,"valueName":"search_term_string"}}],"inLanguage":"es"},{"@type":"Organization","@id":"https:\/\/buscoequipomedico.com\/#organization","name":"Tu mejor opci\u00f3n Equipo M\u00e9dico M\u00e9xico","url":"https:\/\/buscoequipomedico.com\/","logo":{"@type":"ImageObject","inLanguage":"es","@id":"https:\/\/buscoequipomedico.com\/#\/schema\/logo\/image\/","url":"https:\/\/buscoequipomedico.com\/wp-content\/uploads\/2021\/07\/EMM-VPrincipal-scaled.jpg","contentUrl":"https:\/\/buscoequipomedico.com\/wp-content\/uploads\/2021\/07\/EMM-VPrincipal-scaled.jpg","width":2560,"height":1058,"caption":"Tu mejor opci\u00f3n Equipo M\u00e9dico M\u00e9xico"},"image":{"@id":"https:\/\/buscoequipomedico.com\/#\/schema\/logo\/image\/"}}]}},"_links":{"self":[{"href":"https:\/\/buscoequipomedico.com\/index.php?rest_route=\/wp\/v2\/product\/12126","targetHints":{"allow":["GET"]}}],"collection":[{"href":"https:\/\/buscoequipomedico.com\/index.php?rest_route=\/wp\/v2\/product"}],"about":[{"href":"https:\/\/buscoequipomedico.com\/index.php?rest_route=\/wp\/v2\/types\/product"}],"wp:featuredmedia":[{"embeddable":true,"href":"https:\/\/buscoequipomedico.com\/index.php?rest_route=\/wp\/v2\/media\/12127"}],"wp:attachment":[{"href":"https:\/\/buscoequipomedico.com\/index.php?rest_route=%2Fwp%2Fv2%2Fmedia&parent=12126"}],"wp:term":[{"taxonomy":"product_brand","embeddable":true,"href":"https:\/\/buscoequipomedico.com\/index.php?rest_route=%2Fwp%2Fv2%2Fproduct_brand&post=12126"},{"taxonomy":"product_cat","embeddable":true,"href":"https:\/\/buscoequipomedico.com\/index.php?rest_route=%2Fwp%2Fv2%2Fproduct_cat&post=12126"},{"taxonomy":"product_tag","embeddable":true,"href":"https:\/\/buscoequipomedico.com\/index.php?rest_route=%2Fwp%2Fv2%2Fproduct_tag&post=12126"}],"curies":[{"name":"wp","href":"https:\/\/api.w.org\/{rel}","templated":true}]}}