{"id":12156,"date":"2020-02-18T07:34:39","date_gmt":"2020-02-18T07:34:39","guid":{"rendered":"https:\/\/equipomedicomexico-com.preview-domain.com\/product\/buro-copernico-con-un-cajon-pequeno-y-un-cajon-grande\/"},"modified":"2020-02-18T07:34:44","modified_gmt":"2020-02-18T07:34:44","slug":"buro-copernico-con-un-cajon-pequeno-y-un-cajon-grande","status":"publish","type":"product","link":"https:\/\/buscoequipomedico.com\/?product=buro-copernico-con-un-cajon-pequeno-y-un-cajon-grande","title":{"rendered":"BUR\u00d3 COPERNICO CON UN CAJON PEQUENO Y UN CAJON GRANDE"},"content":{"rendered":"<p><span><span>Bur\u00f3 de noche serie Copernico<\/span><\/span><\/p>\n<p><span><span>Caracter\u00edsticas:<\/span><\/span><\/p>\n<ul>\n<li>se compone dos cajones con gu\u00edas superiores anti-desenhebrado con la extracci\u00f3n total, con un caudal de 3 kg.\u00a0<\/li>\n<li>El \u00faltimo caj\u00f3n grande, gracias al dise\u00f1o de las caderas y la extensi\u00f3n completa de apertura, permite un f\u00e1cil acceso a los contenidos de la persona acostada en la cama, y equipado con gu\u00edas de cierre autom\u00e1tico con una capacidad de 7 kg y el sistema antivuelco.\u00a0<\/li>\n<li>La planta superior est\u00e1 caracterizada por los bordes de contenci\u00f3n de fluidos, convenientemente redondeados para facilitar la operaci\u00f3n de saneamiento, mientras que la parte inferior tiene cuatro agujeros para asegurar el drenaje de fluidos y la ventilaci\u00f3n necesaria.\u00a0<\/li>\n<li>La parte trasera est\u00e1 equipada con una toalla y botellas conduce a dos habitaciones (n \u00b0 2 contiene botellas de 1,5 litros.) Con una ubicaci\u00f3n central para la cerradura que asegure el primer caj\u00f3n de la mesita de noche, convirti\u00e9ndose en un compartimento de seguridad para objetos de valor.\u00a0<\/li>\n<li>Las asas integradas en la parte frontal de los cajones se caracterizan por un dise\u00f1o sim\u00e9trico que permite su utilizaci\u00f3n por ambos lados.<\/li>\n<\/ul>\n","protected":false},"excerpt":{"rendered":"<p><span>Bur\u00f3 de noche serie Copernico<\/span><\/p>\n","protected":false},"featured_media":12157,"template":"","meta":{"_joinchat":[]},"product_brand":[],"product_cat":[213],"product_tag":[],"class_list":{"0":"post-12156","1":"product","2":"type-product","3":"status-publish","4":"has-post-thumbnail","6":"product_cat-concentradores","7":"pa_marca-givas","9":"first","10":"instock","11":"purchasable","12":"product-type-simple"},"yoast_head":"<!-- This site is optimized with the Yoast SEO plugin v25.1 - https:\/\/yoast.com\/wordpress\/plugins\/seo\/ -->\n<title>BUR\u00d3 COPERNICO CON UN CAJON PEQUENO Y UN CAJON GRANDE - Tu mejor opci\u00f3n Equipo M\u00e9dico M\u00e9xico<\/title>\n<meta name=\"robots\" content=\"index, follow, max-snippet:-1, max-image-preview:large, max-video-preview:-1\" \/>\n<link rel=\"canonical\" href=\"https:\/\/buscoequipomedico.com\/?product=buro-copernico-con-un-cajon-pequeno-y-un-cajon-grande\" \/>\n<meta property=\"og:locale\" content=\"es_ES\" \/>\n<meta property=\"og:type\" content=\"article\" \/>\n<meta property=\"og:title\" content=\"BUR\u00d3 COPERNICO CON UN CAJON PEQUENO Y UN CAJON GRANDE - Tu mejor opci\u00f3n Equipo M\u00e9dico M\u00e9xico\" \/>\n<meta property=\"og:description\" content=\"Bur\u00f3 de noche serie Copernico\" \/>\n<meta property=\"og:url\" content=\"https:\/\/buscoequipomedico.com\/?product=buro-copernico-con-un-cajon-pequeno-y-un-cajon-grande\" \/>\n<meta property=\"og:site_name\" content=\"Tu mejor opci\u00f3n Equipo M\u00e9dico M\u00e9xico\" \/>\n<meta property=\"article:modified_time\" content=\"2020-02-18T07:34:44+00:00\" \/>\n<meta property=\"og:image\" content=\"https:\/\/buscoequipomedico.com\/wp-content\/uploads\/2020\/02\/buro-copernico-con-un-cajon-pequeno-y-un-cajon-grande-buro-de-noche-serie-copernico.jpg\" \/>\n\t<meta property=\"og:image:width\" content=\"800\" \/>\n\t<meta property=\"og:image:height\" content=\"800\" \/>\n\t<meta property=\"og:image:type\" content=\"image\/jpeg\" \/>\n<meta name=\"twitter:card\" content=\"summary_large_image\" \/>\n<meta name=\"twitter:label1\" content=\"Tiempo de lectura\" \/>\n\t<meta name=\"twitter:data1\" content=\"1 minuto\" \/>\n<script type=\"application\/ld+json\" class=\"yoast-schema-graph\">{\"@context\":\"https:\/\/schema.org\",\"@graph\":[{\"@type\":\"WebPage\",\"@id\":\"https:\/\/buscoequipomedico.com\/?product=buro-copernico-con-un-cajon-pequeno-y-un-cajon-grande\",\"url\":\"https:\/\/buscoequipomedico.com\/?product=buro-copernico-con-un-cajon-pequeno-y-un-cajon-grande\",\"name\":\"BUR\u00d3 COPERNICO CON UN CAJON PEQUENO Y UN CAJON GRANDE - Tu mejor opci\u00f3n Equipo M\u00e9dico M\u00e9xico\",\"isPartOf\":{\"@id\":\"https:\/\/buscoequipomedico.com\/#website\"},\"primaryImageOfPage\":{\"@id\":\"https:\/\/buscoequipomedico.com\/?product=buro-copernico-con-un-cajon-pequeno-y-un-cajon-grande#primaryimage\"},\"image\":{\"@id\":\"https:\/\/buscoequipomedico.com\/?product=buro-copernico-con-un-cajon-pequeno-y-un-cajon-grande#primaryimage\"},\"thumbnailUrl\":\"https:\/\/buscoequipomedico.com\/wp-content\/uploads\/2020\/02\/buro-copernico-con-un-cajon-pequeno-y-un-cajon-grande-buro-de-noche-serie-copernico.jpg\",\"datePublished\":\"2020-02-18T07:34:39+00:00\",\"dateModified\":\"2020-02-18T07:34:44+00:00\",\"breadcrumb\":{\"@id\":\"https:\/\/buscoequipomedico.com\/?product=buro-copernico-con-un-cajon-pequeno-y-un-cajon-grande#breadcrumb\"},\"inLanguage\":\"es\",\"potentialAction\":[{\"@type\":\"ReadAction\",\"target\":[\"https:\/\/buscoequipomedico.com\/?product=buro-copernico-con-un-cajon-pequeno-y-un-cajon-grande\"]}]},{\"@type\":\"ImageObject\",\"inLanguage\":\"es\",\"@id\":\"https:\/\/buscoequipomedico.com\/?product=buro-copernico-con-un-cajon-pequeno-y-un-cajon-grande#primaryimage\",\"url\":\"https:\/\/buscoequipomedico.com\/wp-content\/uploads\/2020\/02\/buro-copernico-con-un-cajon-pequeno-y-un-cajon-grande-buro-de-noche-serie-copernico.jpg\",\"contentUrl\":\"https:\/\/buscoequipomedico.com\/wp-content\/uploads\/2020\/02\/buro-copernico-con-un-cajon-pequeno-y-un-cajon-grande-buro-de-noche-serie-copernico.jpg\",\"width\":800,\"height\":800},{\"@type\":\"BreadcrumbList\",\"@id\":\"https:\/\/buscoequipomedico.com\/?product=buro-copernico-con-un-cajon-pequeno-y-un-cajon-grande#breadcrumb\",\"itemListElement\":[{\"@type\":\"ListItem\",\"position\":1,\"name\":\"Productos\",\"item\":\"https:\/\/buscoequipomedico.com\/shop\/\"},{\"@type\":\"ListItem\",\"position\":2,\"name\":\"BUR\u00d3 COPERNICO CON UN CAJON PEQUENO Y UN CAJON GRANDE\"}]},{\"@type\":\"WebSite\",\"@id\":\"https:\/\/buscoequipomedico.com\/#website\",\"url\":\"https:\/\/buscoequipomedico.com\/\",\"name\":\"Tu mejor opci\u00f3n Equipo M\u00e9dico M\u00e9xico\",\"description\":\"Tienda de equipo m\u00e9dico\",\"publisher\":{\"@id\":\"https:\/\/buscoequipomedico.com\/#organization\"},\"potentialAction\":[{\"@type\":\"SearchAction\",\"target\":{\"@type\":\"EntryPoint\",\"urlTemplate\":\"https:\/\/buscoequipomedico.com\/?s={search_term_string}\"},\"query-input\":{\"@type\":\"PropertyValueSpecification\",\"valueRequired\":true,\"valueName\":\"search_term_string\"}}],\"inLanguage\":\"es\"},{\"@type\":\"Organization\",\"@id\":\"https:\/\/buscoequipomedico.com\/#organization\",\"name\":\"Tu mejor opci\u00f3n Equipo M\u00e9dico M\u00e9xico\",\"url\":\"https:\/\/buscoequipomedico.com\/\",\"logo\":{\"@type\":\"ImageObject\",\"inLanguage\":\"es\",\"@id\":\"https:\/\/buscoequipomedico.com\/#\/schema\/logo\/image\/\",\"url\":\"https:\/\/buscoequipomedico.com\/wp-content\/uploads\/2021\/07\/EMM-VPrincipal-scaled.jpg\",\"contentUrl\":\"https:\/\/buscoequipomedico.com\/wp-content\/uploads\/2021\/07\/EMM-VPrincipal-scaled.jpg\",\"width\":2560,\"height\":1058,\"caption\":\"Tu mejor opci\u00f3n Equipo M\u00e9dico M\u00e9xico\"},\"image\":{\"@id\":\"https:\/\/buscoequipomedico.com\/#\/schema\/logo\/image\/\"}}]}<\/script>\n<!-- \/ Yoast SEO plugin. -->","yoast_head_json":{"title":"BUR\u00d3 COPERNICO CON UN CAJON PEQUENO Y UN CAJON GRANDE - Tu mejor opci\u00f3n Equipo M\u00e9dico M\u00e9xico","robots":{"index":"index","follow":"follow","max-snippet":"max-snippet:-1","max-image-preview":"max-image-preview:large","max-video-preview":"max-video-preview:-1"},"canonical":"https:\/\/buscoequipomedico.com\/?product=buro-copernico-con-un-cajon-pequeno-y-un-cajon-grande","og_locale":"es_ES","og_type":"article","og_title":"BUR\u00d3 COPERNICO CON UN CAJON PEQUENO Y UN CAJON GRANDE - Tu mejor opci\u00f3n Equipo M\u00e9dico M\u00e9xico","og_description":"Bur\u00f3 de noche serie Copernico","og_url":"https:\/\/buscoequipomedico.com\/?product=buro-copernico-con-un-cajon-pequeno-y-un-cajon-grande","og_site_name":"Tu mejor opci\u00f3n Equipo M\u00e9dico M\u00e9xico","article_modified_time":"2020-02-18T07:34:44+00:00","og_image":[{"width":800,"height":800,"url":"https:\/\/buscoequipomedico.com\/wp-content\/uploads\/2020\/02\/buro-copernico-con-un-cajon-pequeno-y-un-cajon-grande-buro-de-noche-serie-copernico.jpg","type":"image\/jpeg"}],"twitter_card":"summary_large_image","twitter_misc":{"Tiempo de lectura":"1 minuto"},"schema":{"@context":"https:\/\/schema.org","@graph":[{"@type":"WebPage","@id":"https:\/\/buscoequipomedico.com\/?product=buro-copernico-con-un-cajon-pequeno-y-un-cajon-grande","url":"https:\/\/buscoequipomedico.com\/?product=buro-copernico-con-un-cajon-pequeno-y-un-cajon-grande","name":"BUR\u00d3 COPERNICO CON UN CAJON PEQUENO Y UN CAJON GRANDE - Tu mejor opci\u00f3n Equipo M\u00e9dico M\u00e9xico","isPartOf":{"@id":"https:\/\/buscoequipomedico.com\/#website"},"primaryImageOfPage":{"@id":"https:\/\/buscoequipomedico.com\/?product=buro-copernico-con-un-cajon-pequeno-y-un-cajon-grande#primaryimage"},"image":{"@id":"https:\/\/buscoequipomedico.com\/?product=buro-copernico-con-un-cajon-pequeno-y-un-cajon-grande#primaryimage"},"thumbnailUrl":"https:\/\/buscoequipomedico.com\/wp-content\/uploads\/2020\/02\/buro-copernico-con-un-cajon-pequeno-y-un-cajon-grande-buro-de-noche-serie-copernico.jpg","datePublished":"2020-02-18T07:34:39+00:00","dateModified":"2020-02-18T07:34:44+00:00","breadcrumb":{"@id":"https:\/\/buscoequipomedico.com\/?product=buro-copernico-con-un-cajon-pequeno-y-un-cajon-grande#breadcrumb"},"inLanguage":"es","potentialAction":[{"@type":"ReadAction","target":["https:\/\/buscoequipomedico.com\/?product=buro-copernico-con-un-cajon-pequeno-y-un-cajon-grande"]}]},{"@type":"ImageObject","inLanguage":"es","@id":"https:\/\/buscoequipomedico.com\/?product=buro-copernico-con-un-cajon-pequeno-y-un-cajon-grande#primaryimage","url":"https:\/\/buscoequipomedico.com\/wp-content\/uploads\/2020\/02\/buro-copernico-con-un-cajon-pequeno-y-un-cajon-grande-buro-de-noche-serie-copernico.jpg","contentUrl":"https:\/\/buscoequipomedico.com\/wp-content\/uploads\/2020\/02\/buro-copernico-con-un-cajon-pequeno-y-un-cajon-grande-buro-de-noche-serie-copernico.jpg","width":800,"height":800},{"@type":"BreadcrumbList","@id":"https:\/\/buscoequipomedico.com\/?product=buro-copernico-con-un-cajon-pequeno-y-un-cajon-grande#breadcrumb","itemListElement":[{"@type":"ListItem","position":1,"name":"Productos","item":"https:\/\/buscoequipomedico.com\/shop\/"},{"@type":"ListItem","position":2,"name":"BUR\u00d3 COPERNICO CON UN CAJON PEQUENO Y UN CAJON GRANDE"}]},{"@type":"WebSite","@id":"https:\/\/buscoequipomedico.com\/#website","url":"https:\/\/buscoequipomedico.com\/","name":"Tu mejor opci\u00f3n Equipo M\u00e9dico M\u00e9xico","description":"Tienda de equipo m\u00e9dico","publisher":{"@id":"https:\/\/buscoequipomedico.com\/#organization"},"potentialAction":[{"@type":"SearchAction","target":{"@type":"EntryPoint","urlTemplate":"https:\/\/buscoequipomedico.com\/?s={search_term_string}"},"query-input":{"@type":"PropertyValueSpecification","valueRequired":true,"valueName":"search_term_string"}}],"inLanguage":"es"},{"@type":"Organization","@id":"https:\/\/buscoequipomedico.com\/#organization","name":"Tu mejor opci\u00f3n Equipo M\u00e9dico M\u00e9xico","url":"https:\/\/buscoequipomedico.com\/","logo":{"@type":"ImageObject","inLanguage":"es","@id":"https:\/\/buscoequipomedico.com\/#\/schema\/logo\/image\/","url":"https:\/\/buscoequipomedico.com\/wp-content\/uploads\/2021\/07\/EMM-VPrincipal-scaled.jpg","contentUrl":"https:\/\/buscoequipomedico.com\/wp-content\/uploads\/2021\/07\/EMM-VPrincipal-scaled.jpg","width":2560,"height":1058,"caption":"Tu mejor opci\u00f3n Equipo M\u00e9dico M\u00e9xico"},"image":{"@id":"https:\/\/buscoequipomedico.com\/#\/schema\/logo\/image\/"}}]}},"_links":{"self":[{"href":"https:\/\/buscoequipomedico.com\/index.php?rest_route=\/wp\/v2\/product\/12156","targetHints":{"allow":["GET"]}}],"collection":[{"href":"https:\/\/buscoequipomedico.com\/index.php?rest_route=\/wp\/v2\/product"}],"about":[{"href":"https:\/\/buscoequipomedico.com\/index.php?rest_route=\/wp\/v2\/types\/product"}],"wp:featuredmedia":[{"embeddable":true,"href":"https:\/\/buscoequipomedico.com\/index.php?rest_route=\/wp\/v2\/media\/12157"}],"wp:attachment":[{"href":"https:\/\/buscoequipomedico.com\/index.php?rest_route=%2Fwp%2Fv2%2Fmedia&parent=12156"}],"wp:term":[{"taxonomy":"product_brand","embeddable":true,"href":"https:\/\/buscoequipomedico.com\/index.php?rest_route=%2Fwp%2Fv2%2Fproduct_brand&post=12156"},{"taxonomy":"product_cat","embeddable":true,"href":"https:\/\/buscoequipomedico.com\/index.php?rest_route=%2Fwp%2Fv2%2Fproduct_cat&post=12156"},{"taxonomy":"product_tag","embeddable":true,"href":"https:\/\/buscoequipomedico.com\/index.php?rest_route=%2Fwp%2Fv2%2Fproduct_tag&post=12156"}],"curies":[{"name":"wp","href":"https:\/\/api.w.org\/{rel}","templated":true}]}}