{"id":12166,"date":"2020-02-18T07:34:45","date_gmt":"2020-02-18T07:34:45","guid":{"rendered":"https:\/\/equipomedicomexico-com.preview-domain.com\/product\/camilla-barelle-de-altura-variable-y-4-secciones\/"},"modified":"2020-02-18T07:34:46","modified_gmt":"2020-02-18T07:34:46","slug":"camilla-barelle-de-altura-variable-y-4-secciones","status":"publish","type":"product","link":"https:\/\/buscoequipomedico.com\/?product=camilla-barelle-de-altura-variable-y-4-secciones","title":{"rendered":"CAMILLA BARELLE DE ALTURA VARIABLE, Y 4 SECCIONES"},"content":{"rendered":"<p>Especificaciones<\/p>\n<p>L 204 \/ 80.5 P \/ H 53-90 cm<\/p>\n<p>Caracter\u00edsticas<\/p>\n<p><span>FIABLE, ERGON\u00d3MICAS COMPLETAMENTE\u00a0<\/span><br \/><span>\u00a0<\/span>La altura ajustable hacen transferencias de pacientes m\u00e1s r\u00e1pidas y f\u00e1ciles de cualquier equipo de diagn\u00f3stico.<br \/>Las diversas configuraciones que pueden ser generados a partir de los stands de BS1512 y BS1510 forma un producto especializado. El levantamiento hidr\u00e1ulico central y gastos de Trendelenburg a una amplia gama de plug-in de accesorios hacen de este producto completo y personalizable a 360 \u00b0. Plan de influir 4 secciones de laminado pl\u00e1stico radio transparente, los perfiles de cuatro lados parachoques en pl\u00e1stico y sin rastro empu\u00f1aduras y agujeros para los accesorios. En el lado de los medios de comunicaci\u00f3n de la cabeza para bolsas de drenaje y la preparaci\u00f3n para el sostenedor de la botella de ox\u00edgeno y apoyo. \u00d8 ruedas de 200 mm no deja huella, grande para permitir el movimiento f\u00e1cil y c\u00f3modo; Secci\u00f3n espalda y la pelvis accionados por palancas bilaterales y asistidos en los movimientos de la c\u00e1mara de aire, si la canastilla pierna. movimiento de tendencia y Controtrend (BS1512) por una palanca en el lado del pie y el equilibrio de la c\u00e1mara de aire. Altura ajustable controlada por el lado del pie del pedal del pie a trav\u00e9s de la bomba hidr\u00e1ulica. Carter s\u00f3tano est\u00e1 cubierta de material pl\u00e1stico para facilitar la limpieza con dos tanques de almacenamiento y soporte de los documentos. Cintur\u00f3n de bloques paciente series obligatorias.<\/p>\n","protected":false},"excerpt":{"rendered":"<p>CAMILLA BARELLE DE ALTURA VARIABLE, Y 4 SECCIONES, CON<\/p>\n<p>TRENDELENBERG Y TRENDELENBERG INVERSO.<\/p>\n","protected":false},"featured_media":12167,"template":"","meta":{"_joinchat":[]},"product_brand":[],"product_cat":[213],"product_tag":[],"class_list":{"0":"post-12166","1":"product","2":"type-product","3":"status-publish","4":"has-post-thumbnail","6":"product_cat-concentradores","7":"pa_marca-givas","9":"first","10":"instock","11":"purchasable","12":"product-type-simple"},"yoast_head":"<!-- This site is optimized with the Yoast SEO plugin v25.1 - https:\/\/yoast.com\/wordpress\/plugins\/seo\/ -->\n<title>CAMILLA BARELLE DE ALTURA VARIABLE, Y 4 SECCIONES - Tu mejor opci\u00f3n Equipo M\u00e9dico M\u00e9xico<\/title>\n<meta name=\"robots\" content=\"index, follow, max-snippet:-1, max-image-preview:large, max-video-preview:-1\" \/>\n<link rel=\"canonical\" href=\"https:\/\/buscoequipomedico.com\/?product=camilla-barelle-de-altura-variable-y-4-secciones\" \/>\n<meta property=\"og:locale\" content=\"es_ES\" \/>\n<meta property=\"og:type\" content=\"article\" \/>\n<meta property=\"og:title\" content=\"CAMILLA BARELLE DE ALTURA VARIABLE, Y 4 SECCIONES - Tu mejor opci\u00f3n Equipo M\u00e9dico M\u00e9xico\" \/>\n<meta property=\"og:description\" content=\"CAMILLA BARELLE DE ALTURA VARIABLE, Y 4 SECCIONES, CON TRENDELENBERG Y TRENDELENBERG INVERSO.\" \/>\n<meta property=\"og:url\" content=\"https:\/\/buscoequipomedico.com\/?product=camilla-barelle-de-altura-variable-y-4-secciones\" \/>\n<meta property=\"og:site_name\" content=\"Tu mejor opci\u00f3n Equipo M\u00e9dico M\u00e9xico\" \/>\n<meta property=\"article:modified_time\" content=\"2020-02-18T07:34:46+00:00\" \/>\n<meta property=\"og:image\" content=\"https:\/\/buscoequipomedico.com\/wp-content\/uploads\/2020\/02\/camilla-barelle-de-altura-variable-y-4-secciones-camilla-barelle-de-altura-variable-y-4-secciones-con-trendelenberg-y-trendelenb.jpg\" \/>\n\t<meta property=\"og:image:width\" content=\"800\" \/>\n\t<meta property=\"og:image:height\" content=\"800\" \/>\n\t<meta property=\"og:image:type\" content=\"image\/jpeg\" \/>\n<meta name=\"twitter:card\" content=\"summary_large_image\" \/>\n<meta name=\"twitter:label1\" content=\"Tiempo de lectura\" \/>\n\t<meta name=\"twitter:data1\" content=\"1 minuto\" \/>\n<script type=\"application\/ld+json\" class=\"yoast-schema-graph\">{\"@context\":\"https:\/\/schema.org\",\"@graph\":[{\"@type\":\"WebPage\",\"@id\":\"https:\/\/buscoequipomedico.com\/?product=camilla-barelle-de-altura-variable-y-4-secciones\",\"url\":\"https:\/\/buscoequipomedico.com\/?product=camilla-barelle-de-altura-variable-y-4-secciones\",\"name\":\"CAMILLA BARELLE DE ALTURA VARIABLE, Y 4 SECCIONES - Tu mejor opci\u00f3n Equipo M\u00e9dico M\u00e9xico\",\"isPartOf\":{\"@id\":\"https:\/\/buscoequipomedico.com\/#website\"},\"primaryImageOfPage\":{\"@id\":\"https:\/\/buscoequipomedico.com\/?product=camilla-barelle-de-altura-variable-y-4-secciones#primaryimage\"},\"image\":{\"@id\":\"https:\/\/buscoequipomedico.com\/?product=camilla-barelle-de-altura-variable-y-4-secciones#primaryimage\"},\"thumbnailUrl\":\"https:\/\/buscoequipomedico.com\/wp-content\/uploads\/2020\/02\/camilla-barelle-de-altura-variable-y-4-secciones-camilla-barelle-de-altura-variable-y-4-secciones-con-trendelenberg-y-trendelenb.jpg\",\"datePublished\":\"2020-02-18T07:34:45+00:00\",\"dateModified\":\"2020-02-18T07:34:46+00:00\",\"breadcrumb\":{\"@id\":\"https:\/\/buscoequipomedico.com\/?product=camilla-barelle-de-altura-variable-y-4-secciones#breadcrumb\"},\"inLanguage\":\"es\",\"potentialAction\":[{\"@type\":\"ReadAction\",\"target\":[\"https:\/\/buscoequipomedico.com\/?product=camilla-barelle-de-altura-variable-y-4-secciones\"]}]},{\"@type\":\"ImageObject\",\"inLanguage\":\"es\",\"@id\":\"https:\/\/buscoequipomedico.com\/?product=camilla-barelle-de-altura-variable-y-4-secciones#primaryimage\",\"url\":\"https:\/\/buscoequipomedico.com\/wp-content\/uploads\/2020\/02\/camilla-barelle-de-altura-variable-y-4-secciones-camilla-barelle-de-altura-variable-y-4-secciones-con-trendelenberg-y-trendelenb.jpg\",\"contentUrl\":\"https:\/\/buscoequipomedico.com\/wp-content\/uploads\/2020\/02\/camilla-barelle-de-altura-variable-y-4-secciones-camilla-barelle-de-altura-variable-y-4-secciones-con-trendelenberg-y-trendelenb.jpg\",\"width\":800,\"height\":800},{\"@type\":\"BreadcrumbList\",\"@id\":\"https:\/\/buscoequipomedico.com\/?product=camilla-barelle-de-altura-variable-y-4-secciones#breadcrumb\",\"itemListElement\":[{\"@type\":\"ListItem\",\"position\":1,\"name\":\"Productos\",\"item\":\"https:\/\/buscoequipomedico.com\/shop\/\"},{\"@type\":\"ListItem\",\"position\":2,\"name\":\"CAMILLA BARELLE DE ALTURA VARIABLE, Y 4 SECCIONES\"}]},{\"@type\":\"WebSite\",\"@id\":\"https:\/\/buscoequipomedico.com\/#website\",\"url\":\"https:\/\/buscoequipomedico.com\/\",\"name\":\"Tu mejor opci\u00f3n Equipo M\u00e9dico M\u00e9xico\",\"description\":\"Tienda de equipo m\u00e9dico\",\"publisher\":{\"@id\":\"https:\/\/buscoequipomedico.com\/#organization\"},\"potentialAction\":[{\"@type\":\"SearchAction\",\"target\":{\"@type\":\"EntryPoint\",\"urlTemplate\":\"https:\/\/buscoequipomedico.com\/?s={search_term_string}\"},\"query-input\":{\"@type\":\"PropertyValueSpecification\",\"valueRequired\":true,\"valueName\":\"search_term_string\"}}],\"inLanguage\":\"es\"},{\"@type\":\"Organization\",\"@id\":\"https:\/\/buscoequipomedico.com\/#organization\",\"name\":\"Tu mejor opci\u00f3n Equipo M\u00e9dico M\u00e9xico\",\"url\":\"https:\/\/buscoequipomedico.com\/\",\"logo\":{\"@type\":\"ImageObject\",\"inLanguage\":\"es\",\"@id\":\"https:\/\/buscoequipomedico.com\/#\/schema\/logo\/image\/\",\"url\":\"https:\/\/buscoequipomedico.com\/wp-content\/uploads\/2021\/07\/EMM-VPrincipal-scaled.jpg\",\"contentUrl\":\"https:\/\/buscoequipomedico.com\/wp-content\/uploads\/2021\/07\/EMM-VPrincipal-scaled.jpg\",\"width\":2560,\"height\":1058,\"caption\":\"Tu mejor opci\u00f3n Equipo M\u00e9dico M\u00e9xico\"},\"image\":{\"@id\":\"https:\/\/buscoequipomedico.com\/#\/schema\/logo\/image\/\"}}]}<\/script>\n<!-- \/ Yoast SEO plugin. -->","yoast_head_json":{"title":"CAMILLA BARELLE DE ALTURA VARIABLE, Y 4 SECCIONES - Tu mejor opci\u00f3n Equipo M\u00e9dico M\u00e9xico","robots":{"index":"index","follow":"follow","max-snippet":"max-snippet:-1","max-image-preview":"max-image-preview:large","max-video-preview":"max-video-preview:-1"},"canonical":"https:\/\/buscoequipomedico.com\/?product=camilla-barelle-de-altura-variable-y-4-secciones","og_locale":"es_ES","og_type":"article","og_title":"CAMILLA BARELLE DE ALTURA VARIABLE, Y 4 SECCIONES - Tu mejor opci\u00f3n Equipo M\u00e9dico M\u00e9xico","og_description":"CAMILLA BARELLE DE ALTURA VARIABLE, Y 4 SECCIONES, CON TRENDELENBERG Y TRENDELENBERG INVERSO.","og_url":"https:\/\/buscoequipomedico.com\/?product=camilla-barelle-de-altura-variable-y-4-secciones","og_site_name":"Tu mejor opci\u00f3n Equipo M\u00e9dico M\u00e9xico","article_modified_time":"2020-02-18T07:34:46+00:00","og_image":[{"width":800,"height":800,"url":"https:\/\/buscoequipomedico.com\/wp-content\/uploads\/2020\/02\/camilla-barelle-de-altura-variable-y-4-secciones-camilla-barelle-de-altura-variable-y-4-secciones-con-trendelenberg-y-trendelenb.jpg","type":"image\/jpeg"}],"twitter_card":"summary_large_image","twitter_misc":{"Tiempo de lectura":"1 minuto"},"schema":{"@context":"https:\/\/schema.org","@graph":[{"@type":"WebPage","@id":"https:\/\/buscoequipomedico.com\/?product=camilla-barelle-de-altura-variable-y-4-secciones","url":"https:\/\/buscoequipomedico.com\/?product=camilla-barelle-de-altura-variable-y-4-secciones","name":"CAMILLA BARELLE DE ALTURA VARIABLE, Y 4 SECCIONES - Tu mejor opci\u00f3n Equipo M\u00e9dico M\u00e9xico","isPartOf":{"@id":"https:\/\/buscoequipomedico.com\/#website"},"primaryImageOfPage":{"@id":"https:\/\/buscoequipomedico.com\/?product=camilla-barelle-de-altura-variable-y-4-secciones#primaryimage"},"image":{"@id":"https:\/\/buscoequipomedico.com\/?product=camilla-barelle-de-altura-variable-y-4-secciones#primaryimage"},"thumbnailUrl":"https:\/\/buscoequipomedico.com\/wp-content\/uploads\/2020\/02\/camilla-barelle-de-altura-variable-y-4-secciones-camilla-barelle-de-altura-variable-y-4-secciones-con-trendelenberg-y-trendelenb.jpg","datePublished":"2020-02-18T07:34:45+00:00","dateModified":"2020-02-18T07:34:46+00:00","breadcrumb":{"@id":"https:\/\/buscoequipomedico.com\/?product=camilla-barelle-de-altura-variable-y-4-secciones#breadcrumb"},"inLanguage":"es","potentialAction":[{"@type":"ReadAction","target":["https:\/\/buscoequipomedico.com\/?product=camilla-barelle-de-altura-variable-y-4-secciones"]}]},{"@type":"ImageObject","inLanguage":"es","@id":"https:\/\/buscoequipomedico.com\/?product=camilla-barelle-de-altura-variable-y-4-secciones#primaryimage","url":"https:\/\/buscoequipomedico.com\/wp-content\/uploads\/2020\/02\/camilla-barelle-de-altura-variable-y-4-secciones-camilla-barelle-de-altura-variable-y-4-secciones-con-trendelenberg-y-trendelenb.jpg","contentUrl":"https:\/\/buscoequipomedico.com\/wp-content\/uploads\/2020\/02\/camilla-barelle-de-altura-variable-y-4-secciones-camilla-barelle-de-altura-variable-y-4-secciones-con-trendelenberg-y-trendelenb.jpg","width":800,"height":800},{"@type":"BreadcrumbList","@id":"https:\/\/buscoequipomedico.com\/?product=camilla-barelle-de-altura-variable-y-4-secciones#breadcrumb","itemListElement":[{"@type":"ListItem","position":1,"name":"Productos","item":"https:\/\/buscoequipomedico.com\/shop\/"},{"@type":"ListItem","position":2,"name":"CAMILLA BARELLE DE ALTURA VARIABLE, Y 4 SECCIONES"}]},{"@type":"WebSite","@id":"https:\/\/buscoequipomedico.com\/#website","url":"https:\/\/buscoequipomedico.com\/","name":"Tu mejor opci\u00f3n Equipo M\u00e9dico M\u00e9xico","description":"Tienda de equipo m\u00e9dico","publisher":{"@id":"https:\/\/buscoequipomedico.com\/#organization"},"potentialAction":[{"@type":"SearchAction","target":{"@type":"EntryPoint","urlTemplate":"https:\/\/buscoequipomedico.com\/?s={search_term_string}"},"query-input":{"@type":"PropertyValueSpecification","valueRequired":true,"valueName":"search_term_string"}}],"inLanguage":"es"},{"@type":"Organization","@id":"https:\/\/buscoequipomedico.com\/#organization","name":"Tu mejor opci\u00f3n Equipo M\u00e9dico M\u00e9xico","url":"https:\/\/buscoequipomedico.com\/","logo":{"@type":"ImageObject","inLanguage":"es","@id":"https:\/\/buscoequipomedico.com\/#\/schema\/logo\/image\/","url":"https:\/\/buscoequipomedico.com\/wp-content\/uploads\/2021\/07\/EMM-VPrincipal-scaled.jpg","contentUrl":"https:\/\/buscoequipomedico.com\/wp-content\/uploads\/2021\/07\/EMM-VPrincipal-scaled.jpg","width":2560,"height":1058,"caption":"Tu mejor opci\u00f3n Equipo M\u00e9dico M\u00e9xico"},"image":{"@id":"https:\/\/buscoequipomedico.com\/#\/schema\/logo\/image\/"}}]}},"_links":{"self":[{"href":"https:\/\/buscoequipomedico.com\/index.php?rest_route=\/wp\/v2\/product\/12166","targetHints":{"allow":["GET"]}}],"collection":[{"href":"https:\/\/buscoequipomedico.com\/index.php?rest_route=\/wp\/v2\/product"}],"about":[{"href":"https:\/\/buscoequipomedico.com\/index.php?rest_route=\/wp\/v2\/types\/product"}],"wp:featuredmedia":[{"embeddable":true,"href":"https:\/\/buscoequipomedico.com\/index.php?rest_route=\/wp\/v2\/media\/12167"}],"wp:attachment":[{"href":"https:\/\/buscoequipomedico.com\/index.php?rest_route=%2Fwp%2Fv2%2Fmedia&parent=12166"}],"wp:term":[{"taxonomy":"product_brand","embeddable":true,"href":"https:\/\/buscoequipomedico.com\/index.php?rest_route=%2Fwp%2Fv2%2Fproduct_brand&post=12166"},{"taxonomy":"product_cat","embeddable":true,"href":"https:\/\/buscoequipomedico.com\/index.php?rest_route=%2Fwp%2Fv2%2Fproduct_cat&post=12166"},{"taxonomy":"product_tag","embeddable":true,"href":"https:\/\/buscoequipomedico.com\/index.php?rest_route=%2Fwp%2Fv2%2Fproduct_tag&post=12166"}],"curies":[{"name":"wp","href":"https:\/\/api.w.org\/{rel}","templated":true}]}}