{"id":12188,"date":"2020-02-18T07:34:45","date_gmt":"2020-02-18T07:34:45","guid":{"rendered":"https:\/\/equipomedicomexico-com.preview-domain.com\/product\/mesa-de-exploracion-general\/"},"modified":"2020-02-18T07:34:48","modified_gmt":"2020-02-18T07:34:48","slug":"mesa-de-exploracion-general","status":"publish","type":"product","link":"https:\/\/buscoequipomedico.com\/?product=mesa-de-exploracion-general","title":{"rendered":"MESA DE EXPLORACI\u00d3N GENERAL"},"content":{"rendered":"<h3><span>Seguridad avanzada<\/span><\/h3>\n<ul>\n<li><span>Paso paciente grande<\/span><\/li>\n<li><span>Dise\u00f1o estable de cuatro patas.<\/span><\/li>\n<li><span>Mayor superficie de escal\u00f3n disponible: 17.7 \u2033 x 20.4 \u2033 (45 cm x 51.8 cm)<\/span><\/li>\n<\/ul>\n<h3><span>Comodidad del paciente<\/span><\/h3>\n<ul>\n<li><span>Respaldo neum\u00e1tico simple para facilitar el posicionamiento del paciente.<\/span><\/li>\n<li><span>Tapicer\u00eda de soporte reforzado de densidad m\u00faltiple<\/span><\/li>\n<li><span>Extensi\u00f3n de pierna \/ bandeja de residuos de pl\u00e1stico<\/span><\/li>\n<li><span>Estribos ergon\u00f3micos ajustables<\/span><\/li>\n<\/ul>\n<h3><span>Almacenamiento abundante<\/span><\/h3>\n<ul>\n<li><span>Cajones laterales de paso patentados accesibles desde el lado derecho o izquierdo de la mesa<\/span><\/li>\n<li><span>Los topes del caj\u00f3n (provistos) permiten que el caj\u00f3n se abra desde un solo lado si lo desea<\/span><\/li>\n<li><span>Caj\u00f3n frontal: 19.8 \u2033 x 19.2 \u2033 x 3.8 \u2033 (50.3 cm x 48.8 cm x 9.7 cm)<\/span><\/li>\n<li><span>Cajones laterales: 22.7 \u2033 x 20.2 \u2033 x 7 \u2033 (57.4 cm x 51.3 cm x 17.8 cm)<\/span><\/li>\n<li><span>Almacenamiento de papel adicional debajo del respaldo para hasta 6 rollos de papel adicionales<\/span><\/li>\n<li><span>Capacidad de almacenamiento del rollo de papel: 23 \u2033 x 23 \u2033 x 3.25 \u2033 (58.4 cm x 58.4 cm x 8.3 cm)<\/span><\/li>\n<li><span>El soporte de rollo de papel deslizable acepta rollos de 21 \u00aby 18\u00bb (53,3 cm y 45,7 cm)<\/span><\/li>\n<\/ul>\n<p><span>Especificaciones de la mesa<\/span><\/p>\n<ul>\n<li><span>Capacidad de peso de 500 lb (226 kg)<\/span><\/li>\n<li><span>Garant\u00eda est\u00e1ndar de 5 a\u00f1os<\/span><\/li>\n<li><span>Altura: 32 \u2033 (81,3 cm)<\/span><\/li>\n<li><span>Ancho: 28 \u2033 (71,1 cm)<\/span><\/li>\n<li><span>Longitud: 57.3 \u00abse extiende a 71\u00bb (145.5 cm &#8211; 180.3 cm)<\/span><\/li>\n<li><span>Longitud de extensi\u00f3n de la pierna: 15 \u00ab(38.1 cm)<\/span><\/li>\n<li><span>Altura del paso: 8 \u2033 (20,3 cm)<\/span><\/li>\n<li><span>Longitud del paso: 17.7 \u2033 (45 cm)<\/span><\/li>\n<li><span>Ancho de paso: 20.4 \u2033 (51.8 cm)<\/span><\/li>\n<li><span>Tomacorrientes d\u00faplex de grado hospitalario<\/span><\/li>\n<li><span>115VAC, 60Hz, 5.8 amperios m\u00e1x.<\/span><\/li>\n<li><span>Las salidas se pueden colocar en el lado izquierdo o derecho<\/span><\/li>\n<li><span>Tapicer\u00eda sin costuras f\u00e1cil de limpiar<\/span><\/li>\n<li><span>12 opciones de color de tapicer\u00eda est\u00e1ndar<\/span><\/li>\n<li><span>Colores personalizados disponibles<\/span><\/li>\n<\/ul>\n","protected":false},"excerpt":{"rendered":"<p><span>La Mesa de examen Access &#x2122; de Brewer cuenta con el escal\u00f3n m\u00e1s seguro y m\u00e1s grande en el mercado que permite a los pacientes obtener seguridad y f\u00e1cil acceso a la mesa. La mesa tambi\u00e9n ofrece abundante capacidad de almacenamiento con el sistema de paso a trav\u00e9s del caj\u00f3n de Brewer.<\/span><\/p>\n","protected":false},"featured_media":12189,"template":"","meta":{"_joinchat":[]},"product_brand":[],"product_cat":[213],"product_tag":[],"class_list":{"0":"post-12188","1":"product","2":"type-product","3":"status-publish","4":"has-post-thumbnail","6":"product_cat-concentradores","7":"pa_marca-brewer","9":"first","10":"instock","11":"purchasable","12":"product-type-simple"},"yoast_head":"<!-- This site is optimized with the Yoast SEO plugin v25.1 - https:\/\/yoast.com\/wordpress\/plugins\/seo\/ -->\n<title>MESA DE EXPLORACI\u00d3N GENERAL - Tu mejor opci\u00f3n Equipo M\u00e9dico M\u00e9xico<\/title>\n<meta name=\"robots\" content=\"index, follow, max-snippet:-1, max-image-preview:large, max-video-preview:-1\" \/>\n<link rel=\"canonical\" href=\"https:\/\/buscoequipomedico.com\/?product=mesa-de-exploracion-general\" \/>\n<meta property=\"og:locale\" content=\"es_ES\" \/>\n<meta property=\"og:type\" content=\"article\" \/>\n<meta property=\"og:title\" content=\"MESA DE EXPLORACI\u00d3N GENERAL - Tu mejor opci\u00f3n Equipo M\u00e9dico M\u00e9xico\" \/>\n<meta property=\"og:description\" content=\"La Mesa de examen Access &#x2122; de Brewer cuenta con el escal\u00f3n m\u00e1s seguro y m\u00e1s grande en el mercado que permite a los pacientes obtener seguridad y f\u00e1cil acceso a la mesa. La mesa tambi\u00e9n ofrece abundante capacidad de almacenamiento con el sistema de paso a trav\u00e9s del caj\u00f3n de Brewer.\" \/>\n<meta property=\"og:url\" content=\"https:\/\/buscoequipomedico.com\/?product=mesa-de-exploracion-general\" \/>\n<meta property=\"og:site_name\" content=\"Tu mejor opci\u00f3n Equipo M\u00e9dico M\u00e9xico\" \/>\n<meta property=\"article:modified_time\" content=\"2020-02-18T07:34:48+00:00\" \/>\n<meta property=\"og:image\" content=\"https:\/\/buscoequipomedico.com\/wp-content\/uploads\/2020\/02\/mesa-de-exploracion-general-la-mesa-de-examen-access-tm-de-brewer-cuenta-con-el-escalon-mas-seguro-y-mas-grande-en-el-mercado-qu.jpg\" \/>\n\t<meta property=\"og:image:width\" content=\"800\" \/>\n\t<meta property=\"og:image:height\" content=\"800\" \/>\n\t<meta property=\"og:image:type\" content=\"image\/jpeg\" \/>\n<meta name=\"twitter:card\" content=\"summary_large_image\" \/>\n<meta name=\"twitter:label1\" content=\"Tiempo de lectura\" \/>\n\t<meta name=\"twitter:data1\" content=\"1 minuto\" \/>\n<script type=\"application\/ld+json\" class=\"yoast-schema-graph\">{\"@context\":\"https:\/\/schema.org\",\"@graph\":[{\"@type\":\"WebPage\",\"@id\":\"https:\/\/buscoequipomedico.com\/?product=mesa-de-exploracion-general\",\"url\":\"https:\/\/buscoequipomedico.com\/?product=mesa-de-exploracion-general\",\"name\":\"MESA DE EXPLORACI\u00d3N GENERAL - Tu mejor opci\u00f3n Equipo M\u00e9dico M\u00e9xico\",\"isPartOf\":{\"@id\":\"https:\/\/buscoequipomedico.com\/#website\"},\"primaryImageOfPage\":{\"@id\":\"https:\/\/buscoequipomedico.com\/?product=mesa-de-exploracion-general#primaryimage\"},\"image\":{\"@id\":\"https:\/\/buscoequipomedico.com\/?product=mesa-de-exploracion-general#primaryimage\"},\"thumbnailUrl\":\"https:\/\/buscoequipomedico.com\/wp-content\/uploads\/2020\/02\/mesa-de-exploracion-general-la-mesa-de-examen-access-tm-de-brewer-cuenta-con-el-escalon-mas-seguro-y-mas-grande-en-el-mercado-qu.jpg\",\"datePublished\":\"2020-02-18T07:34:45+00:00\",\"dateModified\":\"2020-02-18T07:34:48+00:00\",\"breadcrumb\":{\"@id\":\"https:\/\/buscoequipomedico.com\/?product=mesa-de-exploracion-general#breadcrumb\"},\"inLanguage\":\"es\",\"potentialAction\":[{\"@type\":\"ReadAction\",\"target\":[\"https:\/\/buscoequipomedico.com\/?product=mesa-de-exploracion-general\"]}]},{\"@type\":\"ImageObject\",\"inLanguage\":\"es\",\"@id\":\"https:\/\/buscoequipomedico.com\/?product=mesa-de-exploracion-general#primaryimage\",\"url\":\"https:\/\/buscoequipomedico.com\/wp-content\/uploads\/2020\/02\/mesa-de-exploracion-general-la-mesa-de-examen-access-tm-de-brewer-cuenta-con-el-escalon-mas-seguro-y-mas-grande-en-el-mercado-qu.jpg\",\"contentUrl\":\"https:\/\/buscoequipomedico.com\/wp-content\/uploads\/2020\/02\/mesa-de-exploracion-general-la-mesa-de-examen-access-tm-de-brewer-cuenta-con-el-escalon-mas-seguro-y-mas-grande-en-el-mercado-qu.jpg\",\"width\":800,\"height\":800},{\"@type\":\"BreadcrumbList\",\"@id\":\"https:\/\/buscoequipomedico.com\/?product=mesa-de-exploracion-general#breadcrumb\",\"itemListElement\":[{\"@type\":\"ListItem\",\"position\":1,\"name\":\"Productos\",\"item\":\"https:\/\/buscoequipomedico.com\/shop\/\"},{\"@type\":\"ListItem\",\"position\":2,\"name\":\"MESA DE EXPLORACI\u00d3N GENERAL\"}]},{\"@type\":\"WebSite\",\"@id\":\"https:\/\/buscoequipomedico.com\/#website\",\"url\":\"https:\/\/buscoequipomedico.com\/\",\"name\":\"Tu mejor opci\u00f3n Equipo M\u00e9dico M\u00e9xico\",\"description\":\"Tienda de equipo m\u00e9dico\",\"publisher\":{\"@id\":\"https:\/\/buscoequipomedico.com\/#organization\"},\"potentialAction\":[{\"@type\":\"SearchAction\",\"target\":{\"@type\":\"EntryPoint\",\"urlTemplate\":\"https:\/\/buscoequipomedico.com\/?s={search_term_string}\"},\"query-input\":{\"@type\":\"PropertyValueSpecification\",\"valueRequired\":true,\"valueName\":\"search_term_string\"}}],\"inLanguage\":\"es\"},{\"@type\":\"Organization\",\"@id\":\"https:\/\/buscoequipomedico.com\/#organization\",\"name\":\"Tu mejor opci\u00f3n Equipo M\u00e9dico M\u00e9xico\",\"url\":\"https:\/\/buscoequipomedico.com\/\",\"logo\":{\"@type\":\"ImageObject\",\"inLanguage\":\"es\",\"@id\":\"https:\/\/buscoequipomedico.com\/#\/schema\/logo\/image\/\",\"url\":\"https:\/\/buscoequipomedico.com\/wp-content\/uploads\/2021\/07\/EMM-VPrincipal-scaled.jpg\",\"contentUrl\":\"https:\/\/buscoequipomedico.com\/wp-content\/uploads\/2021\/07\/EMM-VPrincipal-scaled.jpg\",\"width\":2560,\"height\":1058,\"caption\":\"Tu mejor opci\u00f3n Equipo M\u00e9dico M\u00e9xico\"},\"image\":{\"@id\":\"https:\/\/buscoequipomedico.com\/#\/schema\/logo\/image\/\"}}]}<\/script>\n<!-- \/ Yoast SEO plugin. -->","yoast_head_json":{"title":"MESA DE EXPLORACI\u00d3N GENERAL - Tu mejor opci\u00f3n Equipo M\u00e9dico M\u00e9xico","robots":{"index":"index","follow":"follow","max-snippet":"max-snippet:-1","max-image-preview":"max-image-preview:large","max-video-preview":"max-video-preview:-1"},"canonical":"https:\/\/buscoequipomedico.com\/?product=mesa-de-exploracion-general","og_locale":"es_ES","og_type":"article","og_title":"MESA DE EXPLORACI\u00d3N GENERAL - Tu mejor opci\u00f3n Equipo M\u00e9dico M\u00e9xico","og_description":"La Mesa de examen Access &#x2122; de Brewer cuenta con el escal\u00f3n m\u00e1s seguro y m\u00e1s grande en el mercado que permite a los pacientes obtener seguridad y f\u00e1cil acceso a la mesa. La mesa tambi\u00e9n ofrece abundante capacidad de almacenamiento con el sistema de paso a trav\u00e9s del caj\u00f3n de Brewer.","og_url":"https:\/\/buscoequipomedico.com\/?product=mesa-de-exploracion-general","og_site_name":"Tu mejor opci\u00f3n Equipo M\u00e9dico M\u00e9xico","article_modified_time":"2020-02-18T07:34:48+00:00","og_image":[{"width":800,"height":800,"url":"https:\/\/buscoequipomedico.com\/wp-content\/uploads\/2020\/02\/mesa-de-exploracion-general-la-mesa-de-examen-access-tm-de-brewer-cuenta-con-el-escalon-mas-seguro-y-mas-grande-en-el-mercado-qu.jpg","type":"image\/jpeg"}],"twitter_card":"summary_large_image","twitter_misc":{"Tiempo de lectura":"1 minuto"},"schema":{"@context":"https:\/\/schema.org","@graph":[{"@type":"WebPage","@id":"https:\/\/buscoequipomedico.com\/?product=mesa-de-exploracion-general","url":"https:\/\/buscoequipomedico.com\/?product=mesa-de-exploracion-general","name":"MESA DE EXPLORACI\u00d3N GENERAL - Tu mejor opci\u00f3n Equipo M\u00e9dico M\u00e9xico","isPartOf":{"@id":"https:\/\/buscoequipomedico.com\/#website"},"primaryImageOfPage":{"@id":"https:\/\/buscoequipomedico.com\/?product=mesa-de-exploracion-general#primaryimage"},"image":{"@id":"https:\/\/buscoequipomedico.com\/?product=mesa-de-exploracion-general#primaryimage"},"thumbnailUrl":"https:\/\/buscoequipomedico.com\/wp-content\/uploads\/2020\/02\/mesa-de-exploracion-general-la-mesa-de-examen-access-tm-de-brewer-cuenta-con-el-escalon-mas-seguro-y-mas-grande-en-el-mercado-qu.jpg","datePublished":"2020-02-18T07:34:45+00:00","dateModified":"2020-02-18T07:34:48+00:00","breadcrumb":{"@id":"https:\/\/buscoequipomedico.com\/?product=mesa-de-exploracion-general#breadcrumb"},"inLanguage":"es","potentialAction":[{"@type":"ReadAction","target":["https:\/\/buscoequipomedico.com\/?product=mesa-de-exploracion-general"]}]},{"@type":"ImageObject","inLanguage":"es","@id":"https:\/\/buscoequipomedico.com\/?product=mesa-de-exploracion-general#primaryimage","url":"https:\/\/buscoequipomedico.com\/wp-content\/uploads\/2020\/02\/mesa-de-exploracion-general-la-mesa-de-examen-access-tm-de-brewer-cuenta-con-el-escalon-mas-seguro-y-mas-grande-en-el-mercado-qu.jpg","contentUrl":"https:\/\/buscoequipomedico.com\/wp-content\/uploads\/2020\/02\/mesa-de-exploracion-general-la-mesa-de-examen-access-tm-de-brewer-cuenta-con-el-escalon-mas-seguro-y-mas-grande-en-el-mercado-qu.jpg","width":800,"height":800},{"@type":"BreadcrumbList","@id":"https:\/\/buscoequipomedico.com\/?product=mesa-de-exploracion-general#breadcrumb","itemListElement":[{"@type":"ListItem","position":1,"name":"Productos","item":"https:\/\/buscoequipomedico.com\/shop\/"},{"@type":"ListItem","position":2,"name":"MESA DE EXPLORACI\u00d3N GENERAL"}]},{"@type":"WebSite","@id":"https:\/\/buscoequipomedico.com\/#website","url":"https:\/\/buscoequipomedico.com\/","name":"Tu mejor opci\u00f3n Equipo M\u00e9dico M\u00e9xico","description":"Tienda de equipo m\u00e9dico","publisher":{"@id":"https:\/\/buscoequipomedico.com\/#organization"},"potentialAction":[{"@type":"SearchAction","target":{"@type":"EntryPoint","urlTemplate":"https:\/\/buscoequipomedico.com\/?s={search_term_string}"},"query-input":{"@type":"PropertyValueSpecification","valueRequired":true,"valueName":"search_term_string"}}],"inLanguage":"es"},{"@type":"Organization","@id":"https:\/\/buscoequipomedico.com\/#organization","name":"Tu mejor opci\u00f3n Equipo M\u00e9dico M\u00e9xico","url":"https:\/\/buscoequipomedico.com\/","logo":{"@type":"ImageObject","inLanguage":"es","@id":"https:\/\/buscoequipomedico.com\/#\/schema\/logo\/image\/","url":"https:\/\/buscoequipomedico.com\/wp-content\/uploads\/2021\/07\/EMM-VPrincipal-scaled.jpg","contentUrl":"https:\/\/buscoequipomedico.com\/wp-content\/uploads\/2021\/07\/EMM-VPrincipal-scaled.jpg","width":2560,"height":1058,"caption":"Tu mejor opci\u00f3n Equipo M\u00e9dico M\u00e9xico"},"image":{"@id":"https:\/\/buscoequipomedico.com\/#\/schema\/logo\/image\/"}}]}},"_links":{"self":[{"href":"https:\/\/buscoequipomedico.com\/index.php?rest_route=\/wp\/v2\/product\/12188","targetHints":{"allow":["GET"]}}],"collection":[{"href":"https:\/\/buscoequipomedico.com\/index.php?rest_route=\/wp\/v2\/product"}],"about":[{"href":"https:\/\/buscoequipomedico.com\/index.php?rest_route=\/wp\/v2\/types\/product"}],"wp:featuredmedia":[{"embeddable":true,"href":"https:\/\/buscoequipomedico.com\/index.php?rest_route=\/wp\/v2\/media\/12189"}],"wp:attachment":[{"href":"https:\/\/buscoequipomedico.com\/index.php?rest_route=%2Fwp%2Fv2%2Fmedia&parent=12188"}],"wp:term":[{"taxonomy":"product_brand","embeddable":true,"href":"https:\/\/buscoequipomedico.com\/index.php?rest_route=%2Fwp%2Fv2%2Fproduct_brand&post=12188"},{"taxonomy":"product_cat","embeddable":true,"href":"https:\/\/buscoequipomedico.com\/index.php?rest_route=%2Fwp%2Fv2%2Fproduct_cat&post=12188"},{"taxonomy":"product_tag","embeddable":true,"href":"https:\/\/buscoequipomedico.com\/index.php?rest_route=%2Fwp%2Fv2%2Fproduct_tag&post=12188"}],"curies":[{"name":"wp","href":"https:\/\/api.w.org\/{rel}","templated":true}]}}