{"id":12208,"date":"2020-02-18T07:34:50","date_gmt":"2020-02-18T07:34:50","guid":{"rendered":"https:\/\/equipomedicomexico-com.preview-domain.com\/product\/mesa-de-cirugia-mecanica\/"},"modified":"2020-02-18T07:34:51","modified_gmt":"2020-02-18T07:34:51","slug":"mesa-de-cirugia-mecanica","status":"publish","type":"product","link":"https:\/\/buscoequipomedico.com\/?product=mesa-de-cirugia-mecanica","title":{"rendered":"MESA DE CIRUG\u00cdA MEC\u00c1NICA"},"content":{"rendered":"<p><span>Caracteristicas<\/span><\/p>\n<ul>\n<li><span>Acceso de trabajo sin obst\u00e1culos<\/span><\/li>\n<li><span>Configuraci\u00f3n sencilla: tiempos de respuesta m\u00e1s r\u00e1pidos<\/span><\/li>\n<li><span>Compatible con unidades de rayos X y brazo en C<\/span><\/li>\n<li><span>Base de colch\u00f3n transl\u00facido de rayos X multifuncional de 4 secciones (5 secciones con secci\u00f3n de pierna dividida)<\/span><\/li>\n<li><span>Mesa m\u00f3vil con 3 ruedas antiest\u00e1ticas (di\u00e1metro 75 mm)<\/span><\/li>\n<li><span>Capacidad m\u00e1xima de elevaci\u00f3n 400 kg.<\/span><\/li>\n<li><span>Carga de trabajo segura 180 kg<\/span><\/li>\n<\/ul>\n","protected":false},"excerpt":{"rendered":"<p><span><span>La mesa de operaciones confiable y rentable 1650 ha sido una de las mesas de operaciones Merivaara m\u00e1s vendidas durante muchos a\u00f1os.\u00a0<\/span><span>Ahora se ha hecho a\u00fan m\u00e1s duradero con una base m\u00e1s estable y un nuevo dise\u00f1o de columna.\u00a0<\/span><span>La mesa de operaciones ofrece un mejor acceso al \u00e1rea de operaci\u00f3n a trav\u00e9s del dise\u00f1o de control mejorado.<\/span><\/span><\/p>\n<p><span>Este modelo de edici\u00f3n especial ofrece posibilidades de posici\u00f3n vers\u00e1tiles.<\/span><\/p>\n<p>\u00a0<\/p>\n<p><span>Mesa de operaciones 1650: una opci\u00f3n econ\u00f3mica y duradera para las necesidades de cirug\u00eda general.<\/span><\/p>\n","protected":false},"featured_media":12209,"template":"","meta":{"_joinchat":[]},"product_brand":[],"product_cat":[213],"product_tag":[],"class_list":{"0":"post-12208","1":"product","2":"type-product","3":"status-publish","4":"has-post-thumbnail","6":"product_cat-concentradores","7":"pa_marca-merivaara","9":"first","10":"instock","11":"purchasable","12":"product-type-simple"},"yoast_head":"<!-- This site is optimized with the Yoast SEO plugin v25.1 - https:\/\/yoast.com\/wordpress\/plugins\/seo\/ -->\n<title>MESA DE CIRUG\u00cdA MEC\u00c1NICA - Tu mejor opci\u00f3n Equipo M\u00e9dico M\u00e9xico<\/title>\n<meta name=\"robots\" content=\"index, follow, max-snippet:-1, max-image-preview:large, max-video-preview:-1\" \/>\n<link rel=\"canonical\" href=\"https:\/\/buscoequipomedico.com\/?product=mesa-de-cirugia-mecanica\" \/>\n<meta property=\"og:locale\" content=\"es_ES\" \/>\n<meta property=\"og:type\" content=\"article\" \/>\n<meta property=\"og:title\" content=\"MESA DE CIRUG\u00cdA MEC\u00c1NICA - Tu mejor opci\u00f3n Equipo M\u00e9dico M\u00e9xico\" \/>\n<meta property=\"og:description\" content=\"La mesa de operaciones confiable y rentable 1650 ha sido una de las mesas de operaciones Merivaara m\u00e1s vendidas durante muchos a\u00f1os.\u00a0Ahora se ha hecho a\u00fan m\u00e1s duradero con una base m\u00e1s estable y un nuevo dise\u00f1o de columna.\u00a0La mesa de operaciones ofrece un mejor acceso al \u00e1rea de operaci\u00f3n a trav\u00e9s del dise\u00f1o de control mejorado. Este modelo de edici\u00f3n especial ofrece posibilidades de posici\u00f3n vers\u00e1tiles. \u00a0 Mesa de operaciones 1650: una opci\u00f3n econ\u00f3mica y duradera para las necesidades de cirug\u00eda general.\" \/>\n<meta property=\"og:url\" content=\"https:\/\/buscoequipomedico.com\/?product=mesa-de-cirugia-mecanica\" \/>\n<meta property=\"og:site_name\" content=\"Tu mejor opci\u00f3n Equipo M\u00e9dico M\u00e9xico\" \/>\n<meta property=\"article:modified_time\" content=\"2020-02-18T07:34:51+00:00\" \/>\n<meta property=\"og:image\" content=\"https:\/\/buscoequipomedico.com\/wp-content\/uploads\/2020\/02\/mesa-de-cirugia-mecanica-la-mesa-de-operaciones-confiable-y-rentable-1650-ha-sido-una-de-las-mesas-de-operaciones-merivaara-mas.jpg\" \/>\n\t<meta property=\"og:image:width\" content=\"800\" \/>\n\t<meta property=\"og:image:height\" content=\"800\" \/>\n\t<meta property=\"og:image:type\" content=\"image\/jpeg\" \/>\n<meta name=\"twitter:card\" content=\"summary_large_image\" \/>\n<script type=\"application\/ld+json\" class=\"yoast-schema-graph\">{\"@context\":\"https:\/\/schema.org\",\"@graph\":[{\"@type\":\"WebPage\",\"@id\":\"https:\/\/buscoequipomedico.com\/?product=mesa-de-cirugia-mecanica\",\"url\":\"https:\/\/buscoequipomedico.com\/?product=mesa-de-cirugia-mecanica\",\"name\":\"MESA DE CIRUG\u00cdA MEC\u00c1NICA - Tu mejor opci\u00f3n Equipo M\u00e9dico M\u00e9xico\",\"isPartOf\":{\"@id\":\"https:\/\/buscoequipomedico.com\/#website\"},\"primaryImageOfPage\":{\"@id\":\"https:\/\/buscoequipomedico.com\/?product=mesa-de-cirugia-mecanica#primaryimage\"},\"image\":{\"@id\":\"https:\/\/buscoequipomedico.com\/?product=mesa-de-cirugia-mecanica#primaryimage\"},\"thumbnailUrl\":\"https:\/\/buscoequipomedico.com\/wp-content\/uploads\/2020\/02\/mesa-de-cirugia-mecanica-la-mesa-de-operaciones-confiable-y-rentable-1650-ha-sido-una-de-las-mesas-de-operaciones-merivaara-mas.jpg\",\"datePublished\":\"2020-02-18T07:34:50+00:00\",\"dateModified\":\"2020-02-18T07:34:51+00:00\",\"breadcrumb\":{\"@id\":\"https:\/\/buscoequipomedico.com\/?product=mesa-de-cirugia-mecanica#breadcrumb\"},\"inLanguage\":\"es\",\"potentialAction\":[{\"@type\":\"ReadAction\",\"target\":[\"https:\/\/buscoequipomedico.com\/?product=mesa-de-cirugia-mecanica\"]}]},{\"@type\":\"ImageObject\",\"inLanguage\":\"es\",\"@id\":\"https:\/\/buscoequipomedico.com\/?product=mesa-de-cirugia-mecanica#primaryimage\",\"url\":\"https:\/\/buscoequipomedico.com\/wp-content\/uploads\/2020\/02\/mesa-de-cirugia-mecanica-la-mesa-de-operaciones-confiable-y-rentable-1650-ha-sido-una-de-las-mesas-de-operaciones-merivaara-mas.jpg\",\"contentUrl\":\"https:\/\/buscoequipomedico.com\/wp-content\/uploads\/2020\/02\/mesa-de-cirugia-mecanica-la-mesa-de-operaciones-confiable-y-rentable-1650-ha-sido-una-de-las-mesas-de-operaciones-merivaara-mas.jpg\",\"width\":800,\"height\":800},{\"@type\":\"BreadcrumbList\",\"@id\":\"https:\/\/buscoequipomedico.com\/?product=mesa-de-cirugia-mecanica#breadcrumb\",\"itemListElement\":[{\"@type\":\"ListItem\",\"position\":1,\"name\":\"Productos\",\"item\":\"https:\/\/buscoequipomedico.com\/shop\/\"},{\"@type\":\"ListItem\",\"position\":2,\"name\":\"MESA DE CIRUG\u00cdA MEC\u00c1NICA\"}]},{\"@type\":\"WebSite\",\"@id\":\"https:\/\/buscoequipomedico.com\/#website\",\"url\":\"https:\/\/buscoequipomedico.com\/\",\"name\":\"Tu mejor opci\u00f3n Equipo M\u00e9dico M\u00e9xico\",\"description\":\"Tienda de equipo m\u00e9dico\",\"publisher\":{\"@id\":\"https:\/\/buscoequipomedico.com\/#organization\"},\"potentialAction\":[{\"@type\":\"SearchAction\",\"target\":{\"@type\":\"EntryPoint\",\"urlTemplate\":\"https:\/\/buscoequipomedico.com\/?s={search_term_string}\"},\"query-input\":{\"@type\":\"PropertyValueSpecification\",\"valueRequired\":true,\"valueName\":\"search_term_string\"}}],\"inLanguage\":\"es\"},{\"@type\":\"Organization\",\"@id\":\"https:\/\/buscoequipomedico.com\/#organization\",\"name\":\"Tu mejor opci\u00f3n Equipo M\u00e9dico M\u00e9xico\",\"url\":\"https:\/\/buscoequipomedico.com\/\",\"logo\":{\"@type\":\"ImageObject\",\"inLanguage\":\"es\",\"@id\":\"https:\/\/buscoequipomedico.com\/#\/schema\/logo\/image\/\",\"url\":\"https:\/\/buscoequipomedico.com\/wp-content\/uploads\/2021\/07\/EMM-VPrincipal-scaled.jpg\",\"contentUrl\":\"https:\/\/buscoequipomedico.com\/wp-content\/uploads\/2021\/07\/EMM-VPrincipal-scaled.jpg\",\"width\":2560,\"height\":1058,\"caption\":\"Tu mejor opci\u00f3n Equipo M\u00e9dico M\u00e9xico\"},\"image\":{\"@id\":\"https:\/\/buscoequipomedico.com\/#\/schema\/logo\/image\/\"}}]}<\/script>\n<!-- \/ Yoast SEO plugin. -->","yoast_head_json":{"title":"MESA DE CIRUG\u00cdA MEC\u00c1NICA - Tu mejor opci\u00f3n Equipo M\u00e9dico M\u00e9xico","robots":{"index":"index","follow":"follow","max-snippet":"max-snippet:-1","max-image-preview":"max-image-preview:large","max-video-preview":"max-video-preview:-1"},"canonical":"https:\/\/buscoequipomedico.com\/?product=mesa-de-cirugia-mecanica","og_locale":"es_ES","og_type":"article","og_title":"MESA DE CIRUG\u00cdA MEC\u00c1NICA - Tu mejor opci\u00f3n Equipo M\u00e9dico M\u00e9xico","og_description":"La mesa de operaciones confiable y rentable 1650 ha sido una de las mesas de operaciones Merivaara m\u00e1s vendidas durante muchos a\u00f1os.\u00a0Ahora se ha hecho a\u00fan m\u00e1s duradero con una base m\u00e1s estable y un nuevo dise\u00f1o de columna.\u00a0La mesa de operaciones ofrece un mejor acceso al \u00e1rea de operaci\u00f3n a trav\u00e9s del dise\u00f1o de control mejorado. Este modelo de edici\u00f3n especial ofrece posibilidades de posici\u00f3n vers\u00e1tiles. \u00a0 Mesa de operaciones 1650: una opci\u00f3n econ\u00f3mica y duradera para las necesidades de cirug\u00eda general.","og_url":"https:\/\/buscoequipomedico.com\/?product=mesa-de-cirugia-mecanica","og_site_name":"Tu mejor opci\u00f3n Equipo M\u00e9dico M\u00e9xico","article_modified_time":"2020-02-18T07:34:51+00:00","og_image":[{"width":800,"height":800,"url":"https:\/\/buscoequipomedico.com\/wp-content\/uploads\/2020\/02\/mesa-de-cirugia-mecanica-la-mesa-de-operaciones-confiable-y-rentable-1650-ha-sido-una-de-las-mesas-de-operaciones-merivaara-mas.jpg","type":"image\/jpeg"}],"twitter_card":"summary_large_image","schema":{"@context":"https:\/\/schema.org","@graph":[{"@type":"WebPage","@id":"https:\/\/buscoequipomedico.com\/?product=mesa-de-cirugia-mecanica","url":"https:\/\/buscoequipomedico.com\/?product=mesa-de-cirugia-mecanica","name":"MESA DE CIRUG\u00cdA MEC\u00c1NICA - Tu mejor opci\u00f3n Equipo M\u00e9dico M\u00e9xico","isPartOf":{"@id":"https:\/\/buscoequipomedico.com\/#website"},"primaryImageOfPage":{"@id":"https:\/\/buscoequipomedico.com\/?product=mesa-de-cirugia-mecanica#primaryimage"},"image":{"@id":"https:\/\/buscoequipomedico.com\/?product=mesa-de-cirugia-mecanica#primaryimage"},"thumbnailUrl":"https:\/\/buscoequipomedico.com\/wp-content\/uploads\/2020\/02\/mesa-de-cirugia-mecanica-la-mesa-de-operaciones-confiable-y-rentable-1650-ha-sido-una-de-las-mesas-de-operaciones-merivaara-mas.jpg","datePublished":"2020-02-18T07:34:50+00:00","dateModified":"2020-02-18T07:34:51+00:00","breadcrumb":{"@id":"https:\/\/buscoequipomedico.com\/?product=mesa-de-cirugia-mecanica#breadcrumb"},"inLanguage":"es","potentialAction":[{"@type":"ReadAction","target":["https:\/\/buscoequipomedico.com\/?product=mesa-de-cirugia-mecanica"]}]},{"@type":"ImageObject","inLanguage":"es","@id":"https:\/\/buscoequipomedico.com\/?product=mesa-de-cirugia-mecanica#primaryimage","url":"https:\/\/buscoequipomedico.com\/wp-content\/uploads\/2020\/02\/mesa-de-cirugia-mecanica-la-mesa-de-operaciones-confiable-y-rentable-1650-ha-sido-una-de-las-mesas-de-operaciones-merivaara-mas.jpg","contentUrl":"https:\/\/buscoequipomedico.com\/wp-content\/uploads\/2020\/02\/mesa-de-cirugia-mecanica-la-mesa-de-operaciones-confiable-y-rentable-1650-ha-sido-una-de-las-mesas-de-operaciones-merivaara-mas.jpg","width":800,"height":800},{"@type":"BreadcrumbList","@id":"https:\/\/buscoequipomedico.com\/?product=mesa-de-cirugia-mecanica#breadcrumb","itemListElement":[{"@type":"ListItem","position":1,"name":"Productos","item":"https:\/\/buscoequipomedico.com\/shop\/"},{"@type":"ListItem","position":2,"name":"MESA DE CIRUG\u00cdA MEC\u00c1NICA"}]},{"@type":"WebSite","@id":"https:\/\/buscoequipomedico.com\/#website","url":"https:\/\/buscoequipomedico.com\/","name":"Tu mejor opci\u00f3n Equipo M\u00e9dico M\u00e9xico","description":"Tienda de equipo m\u00e9dico","publisher":{"@id":"https:\/\/buscoequipomedico.com\/#organization"},"potentialAction":[{"@type":"SearchAction","target":{"@type":"EntryPoint","urlTemplate":"https:\/\/buscoequipomedico.com\/?s={search_term_string}"},"query-input":{"@type":"PropertyValueSpecification","valueRequired":true,"valueName":"search_term_string"}}],"inLanguage":"es"},{"@type":"Organization","@id":"https:\/\/buscoequipomedico.com\/#organization","name":"Tu mejor opci\u00f3n Equipo M\u00e9dico M\u00e9xico","url":"https:\/\/buscoequipomedico.com\/","logo":{"@type":"ImageObject","inLanguage":"es","@id":"https:\/\/buscoequipomedico.com\/#\/schema\/logo\/image\/","url":"https:\/\/buscoequipomedico.com\/wp-content\/uploads\/2021\/07\/EMM-VPrincipal-scaled.jpg","contentUrl":"https:\/\/buscoequipomedico.com\/wp-content\/uploads\/2021\/07\/EMM-VPrincipal-scaled.jpg","width":2560,"height":1058,"caption":"Tu mejor opci\u00f3n Equipo M\u00e9dico M\u00e9xico"},"image":{"@id":"https:\/\/buscoequipomedico.com\/#\/schema\/logo\/image\/"}}]}},"_links":{"self":[{"href":"https:\/\/buscoequipomedico.com\/index.php?rest_route=\/wp\/v2\/product\/12208","targetHints":{"allow":["GET"]}}],"collection":[{"href":"https:\/\/buscoequipomedico.com\/index.php?rest_route=\/wp\/v2\/product"}],"about":[{"href":"https:\/\/buscoequipomedico.com\/index.php?rest_route=\/wp\/v2\/types\/product"}],"wp:featuredmedia":[{"embeddable":true,"href":"https:\/\/buscoequipomedico.com\/index.php?rest_route=\/wp\/v2\/media\/12209"}],"wp:attachment":[{"href":"https:\/\/buscoequipomedico.com\/index.php?rest_route=%2Fwp%2Fv2%2Fmedia&parent=12208"}],"wp:term":[{"taxonomy":"product_brand","embeddable":true,"href":"https:\/\/buscoequipomedico.com\/index.php?rest_route=%2Fwp%2Fv2%2Fproduct_brand&post=12208"},{"taxonomy":"product_cat","embeddable":true,"href":"https:\/\/buscoequipomedico.com\/index.php?rest_route=%2Fwp%2Fv2%2Fproduct_cat&post=12208"},{"taxonomy":"product_tag","embeddable":true,"href":"https:\/\/buscoequipomedico.com\/index.php?rest_route=%2Fwp%2Fv2%2Fproduct_tag&post=12208"}],"curies":[{"name":"wp","href":"https:\/\/api.w.org\/{rel}","templated":true}]}}