{"id":12247,"date":"2020-02-18T07:34:56","date_gmt":"2020-02-18T07:34:56","guid":{"rendered":"https:\/\/equipomedicomexico-com.preview-domain.com\/product\/lampara-de-cirugia-doble-de-techo-5\/"},"modified":"2020-02-18T07:34:57","modified_gmt":"2020-02-18T07:34:57","slug":"lampara-de-cirugia-doble-de-techo-5","status":"publish","type":"product","link":"https:\/\/buscoequipomedico.com\/?product=lampara-de-cirugia-doble-de-techo-5","title":{"rendered":"L\u00e1mpara de cirug\u00eda doble de techo"},"content":{"rendered":"<p><span><span>PENTALED 30 es un aparato innovador hecho para garantizar un rendimiento sobresaliente.\u00a0<\/span><span>Est\u00e1 compuesto por 30 reflectores el\u00edpticos que se dividen en 6 m\u00f3dulos que tienen 5 LED cada uno.\u00a0<\/span><span>Los 30 reflectores el\u00edpticos reflejan los rayos de luz del LED de manera uniforme para brindar iluminaci\u00f3n tridimensional y eliminar las sombras en el \u00e1rea del procedimiento.<\/span><\/span><\/p>\n<p><span><span>Debido al principio de luz indirecta, PENTALED 30 no deslumbra al equipo quir\u00fargico.\u00a0<\/span><span>Adem\u00e1s, el tama\u00f1o del campo que est\u00e1 iluminado se puede ajustar mec\u00e1nicamente a trav\u00e9s del mango, dependiendo de la luz que necesita el equipo.\u00a0<\/span><span>El ajuste del campo de luz es un requisito esencial para cualquier l\u00e1mpara utilizada en cirug\u00eda.\u00a0<\/span><span>Adem\u00e1s, su mango puede ser esterilizado.\u00a0<\/span><span>Debido al menor tama\u00f1o y peso del reflector, el producto es m\u00e1s pr\u00e1ctico y m\u00e1s estable.<\/span><\/span><\/p>\n<p><span><span><\/span><\/span><\/p>\n<ul>\n<li>\n<p><span>Configuraci\u00f3n:<\/span><\/p>\n<p><span>Techo montado<\/span><\/p>\n<\/li>\n<li>\n<p><span>Fuente de luz:<\/span><\/p>\n<p><span>LED<\/span><\/p>\n<\/li>\n<li>\n<p><span>Otras caracter\u00edsticas:<\/span><\/p>\n<p><span>2 brazos<\/span><\/p>\n<\/li>\n<li>\n<p><span>Intensidad a 1 m:<\/span><\/p>\n<p><span>160,000 lx<\/span><\/p>\n<\/li>\n<\/ul>\n","protected":false},"excerpt":{"rendered":"<p><span>PENTALED 30 es un aparato innovador hecho para garantizar un rendimiento sobresaliente.\u00a0<\/span><span>Est\u00e1 compuesto por 30 reflectores el\u00edpticos que se dividen en 6 m\u00f3dulos que tienen 5 LED cada uno.\u00a0<\/span><span>Los 30 reflectores el\u00edpticos reflejan los rayos de luz del LED de manera uniforme para brindar iluminaci\u00f3n tridimensional y eliminar las sombras en el \u00e1rea del procedimiento.<\/span><\/p>\n","protected":false},"featured_media":12248,"template":"","meta":{"_joinchat":[]},"product_brand":[],"product_cat":[213],"product_tag":[],"class_list":{"0":"post-12247","1":"product","2":"type-product","3":"status-publish","4":"has-post-thumbnail","6":"product_cat-concentradores","7":"pa_marca-rimsa","9":"first","10":"instock","11":"purchasable","12":"product-type-simple"},"yoast_head":"<!-- This site is optimized with the Yoast SEO plugin v25.1 - https:\/\/yoast.com\/wordpress\/plugins\/seo\/ -->\n<title>L\u00e1mpara de cirug\u00eda doble de techo - Tu mejor opci\u00f3n Equipo M\u00e9dico M\u00e9xico<\/title>\n<meta name=\"robots\" content=\"index, follow, max-snippet:-1, max-image-preview:large, max-video-preview:-1\" \/>\n<link rel=\"canonical\" href=\"https:\/\/buscoequipomedico.com\/?product=lampara-de-cirugia-doble-de-techo-5\" \/>\n<meta property=\"og:locale\" content=\"es_ES\" \/>\n<meta property=\"og:type\" content=\"article\" \/>\n<meta property=\"og:title\" content=\"L\u00e1mpara de cirug\u00eda doble de techo - Tu mejor opci\u00f3n Equipo M\u00e9dico M\u00e9xico\" \/>\n<meta property=\"og:description\" content=\"PENTALED 30 es un aparato innovador hecho para garantizar un rendimiento sobresaliente.\u00a0Est\u00e1 compuesto por 30 reflectores el\u00edpticos que se dividen en 6 m\u00f3dulos que tienen 5 LED cada uno.\u00a0Los 30 reflectores el\u00edpticos reflejan los rayos de luz del LED de manera uniforme para brindar iluminaci\u00f3n tridimensional y eliminar las sombras en el \u00e1rea del procedimiento.\" \/>\n<meta property=\"og:url\" content=\"https:\/\/buscoequipomedico.com\/?product=lampara-de-cirugia-doble-de-techo-5\" \/>\n<meta property=\"og:site_name\" content=\"Tu mejor opci\u00f3n Equipo M\u00e9dico M\u00e9xico\" \/>\n<meta property=\"article:modified_time\" content=\"2020-02-18T07:34:57+00:00\" \/>\n<meta property=\"og:image\" content=\"https:\/\/buscoequipomedico.com\/wp-content\/uploads\/2020\/02\/lampara-de-cirugia-doble-de-techo-pentaled-30-es-un-aparato-innovador-hecho-para-garantizar-un-rendimiento-sobresaliente-esta-co.jpg\" \/>\n\t<meta property=\"og:image:width\" content=\"800\" \/>\n\t<meta property=\"og:image:height\" content=\"800\" \/>\n\t<meta property=\"og:image:type\" content=\"image\/jpeg\" \/>\n<meta name=\"twitter:card\" content=\"summary_large_image\" \/>\n<meta name=\"twitter:label1\" content=\"Tiempo de lectura\" \/>\n\t<meta name=\"twitter:data1\" content=\"1 minuto\" \/>\n<script type=\"application\/ld+json\" class=\"yoast-schema-graph\">{\"@context\":\"https:\/\/schema.org\",\"@graph\":[{\"@type\":\"WebPage\",\"@id\":\"https:\/\/buscoequipomedico.com\/?product=lampara-de-cirugia-doble-de-techo-5\",\"url\":\"https:\/\/buscoequipomedico.com\/?product=lampara-de-cirugia-doble-de-techo-5\",\"name\":\"L\u00e1mpara de cirug\u00eda doble de techo - Tu mejor opci\u00f3n Equipo M\u00e9dico M\u00e9xico\",\"isPartOf\":{\"@id\":\"https:\/\/buscoequipomedico.com\/#website\"},\"primaryImageOfPage\":{\"@id\":\"https:\/\/buscoequipomedico.com\/?product=lampara-de-cirugia-doble-de-techo-5#primaryimage\"},\"image\":{\"@id\":\"https:\/\/buscoequipomedico.com\/?product=lampara-de-cirugia-doble-de-techo-5#primaryimage\"},\"thumbnailUrl\":\"https:\/\/buscoequipomedico.com\/wp-content\/uploads\/2020\/02\/lampara-de-cirugia-doble-de-techo-pentaled-30-es-un-aparato-innovador-hecho-para-garantizar-un-rendimiento-sobresaliente-esta-co.jpg\",\"datePublished\":\"2020-02-18T07:34:56+00:00\",\"dateModified\":\"2020-02-18T07:34:57+00:00\",\"breadcrumb\":{\"@id\":\"https:\/\/buscoequipomedico.com\/?product=lampara-de-cirugia-doble-de-techo-5#breadcrumb\"},\"inLanguage\":\"es\",\"potentialAction\":[{\"@type\":\"ReadAction\",\"target\":[\"https:\/\/buscoequipomedico.com\/?product=lampara-de-cirugia-doble-de-techo-5\"]}]},{\"@type\":\"ImageObject\",\"inLanguage\":\"es\",\"@id\":\"https:\/\/buscoequipomedico.com\/?product=lampara-de-cirugia-doble-de-techo-5#primaryimage\",\"url\":\"https:\/\/buscoequipomedico.com\/wp-content\/uploads\/2020\/02\/lampara-de-cirugia-doble-de-techo-pentaled-30-es-un-aparato-innovador-hecho-para-garantizar-un-rendimiento-sobresaliente-esta-co.jpg\",\"contentUrl\":\"https:\/\/buscoequipomedico.com\/wp-content\/uploads\/2020\/02\/lampara-de-cirugia-doble-de-techo-pentaled-30-es-un-aparato-innovador-hecho-para-garantizar-un-rendimiento-sobresaliente-esta-co.jpg\",\"width\":800,\"height\":800},{\"@type\":\"BreadcrumbList\",\"@id\":\"https:\/\/buscoequipomedico.com\/?product=lampara-de-cirugia-doble-de-techo-5#breadcrumb\",\"itemListElement\":[{\"@type\":\"ListItem\",\"position\":1,\"name\":\"Productos\",\"item\":\"https:\/\/buscoequipomedico.com\/shop\/\"},{\"@type\":\"ListItem\",\"position\":2,\"name\":\"L\u00e1mpara de cirug\u00eda doble de techo\"}]},{\"@type\":\"WebSite\",\"@id\":\"https:\/\/buscoequipomedico.com\/#website\",\"url\":\"https:\/\/buscoequipomedico.com\/\",\"name\":\"Tu mejor opci\u00f3n Equipo M\u00e9dico M\u00e9xico\",\"description\":\"Tienda de equipo m\u00e9dico\",\"publisher\":{\"@id\":\"https:\/\/buscoequipomedico.com\/#organization\"},\"potentialAction\":[{\"@type\":\"SearchAction\",\"target\":{\"@type\":\"EntryPoint\",\"urlTemplate\":\"https:\/\/buscoequipomedico.com\/?s={search_term_string}\"},\"query-input\":{\"@type\":\"PropertyValueSpecification\",\"valueRequired\":true,\"valueName\":\"search_term_string\"}}],\"inLanguage\":\"es\"},{\"@type\":\"Organization\",\"@id\":\"https:\/\/buscoequipomedico.com\/#organization\",\"name\":\"Tu mejor opci\u00f3n Equipo M\u00e9dico M\u00e9xico\",\"url\":\"https:\/\/buscoequipomedico.com\/\",\"logo\":{\"@type\":\"ImageObject\",\"inLanguage\":\"es\",\"@id\":\"https:\/\/buscoequipomedico.com\/#\/schema\/logo\/image\/\",\"url\":\"https:\/\/buscoequipomedico.com\/wp-content\/uploads\/2021\/07\/EMM-VPrincipal-scaled.jpg\",\"contentUrl\":\"https:\/\/buscoequipomedico.com\/wp-content\/uploads\/2021\/07\/EMM-VPrincipal-scaled.jpg\",\"width\":2560,\"height\":1058,\"caption\":\"Tu mejor opci\u00f3n Equipo M\u00e9dico M\u00e9xico\"},\"image\":{\"@id\":\"https:\/\/buscoequipomedico.com\/#\/schema\/logo\/image\/\"}}]}<\/script>\n<!-- \/ Yoast SEO plugin. -->","yoast_head_json":{"title":"L\u00e1mpara de cirug\u00eda doble de techo - Tu mejor opci\u00f3n Equipo M\u00e9dico M\u00e9xico","robots":{"index":"index","follow":"follow","max-snippet":"max-snippet:-1","max-image-preview":"max-image-preview:large","max-video-preview":"max-video-preview:-1"},"canonical":"https:\/\/buscoequipomedico.com\/?product=lampara-de-cirugia-doble-de-techo-5","og_locale":"es_ES","og_type":"article","og_title":"L\u00e1mpara de cirug\u00eda doble de techo - Tu mejor opci\u00f3n Equipo M\u00e9dico M\u00e9xico","og_description":"PENTALED 30 es un aparato innovador hecho para garantizar un rendimiento sobresaliente.\u00a0Est\u00e1 compuesto por 30 reflectores el\u00edpticos que se dividen en 6 m\u00f3dulos que tienen 5 LED cada uno.\u00a0Los 30 reflectores el\u00edpticos reflejan los rayos de luz del LED de manera uniforme para brindar iluminaci\u00f3n tridimensional y eliminar las sombras en el \u00e1rea del procedimiento.","og_url":"https:\/\/buscoequipomedico.com\/?product=lampara-de-cirugia-doble-de-techo-5","og_site_name":"Tu mejor opci\u00f3n Equipo M\u00e9dico M\u00e9xico","article_modified_time":"2020-02-18T07:34:57+00:00","og_image":[{"width":800,"height":800,"url":"https:\/\/buscoequipomedico.com\/wp-content\/uploads\/2020\/02\/lampara-de-cirugia-doble-de-techo-pentaled-30-es-un-aparato-innovador-hecho-para-garantizar-un-rendimiento-sobresaliente-esta-co.jpg","type":"image\/jpeg"}],"twitter_card":"summary_large_image","twitter_misc":{"Tiempo de lectura":"1 minuto"},"schema":{"@context":"https:\/\/schema.org","@graph":[{"@type":"WebPage","@id":"https:\/\/buscoequipomedico.com\/?product=lampara-de-cirugia-doble-de-techo-5","url":"https:\/\/buscoequipomedico.com\/?product=lampara-de-cirugia-doble-de-techo-5","name":"L\u00e1mpara de cirug\u00eda doble de techo - Tu mejor opci\u00f3n Equipo M\u00e9dico M\u00e9xico","isPartOf":{"@id":"https:\/\/buscoequipomedico.com\/#website"},"primaryImageOfPage":{"@id":"https:\/\/buscoequipomedico.com\/?product=lampara-de-cirugia-doble-de-techo-5#primaryimage"},"image":{"@id":"https:\/\/buscoequipomedico.com\/?product=lampara-de-cirugia-doble-de-techo-5#primaryimage"},"thumbnailUrl":"https:\/\/buscoequipomedico.com\/wp-content\/uploads\/2020\/02\/lampara-de-cirugia-doble-de-techo-pentaled-30-es-un-aparato-innovador-hecho-para-garantizar-un-rendimiento-sobresaliente-esta-co.jpg","datePublished":"2020-02-18T07:34:56+00:00","dateModified":"2020-02-18T07:34:57+00:00","breadcrumb":{"@id":"https:\/\/buscoequipomedico.com\/?product=lampara-de-cirugia-doble-de-techo-5#breadcrumb"},"inLanguage":"es","potentialAction":[{"@type":"ReadAction","target":["https:\/\/buscoequipomedico.com\/?product=lampara-de-cirugia-doble-de-techo-5"]}]},{"@type":"ImageObject","inLanguage":"es","@id":"https:\/\/buscoequipomedico.com\/?product=lampara-de-cirugia-doble-de-techo-5#primaryimage","url":"https:\/\/buscoequipomedico.com\/wp-content\/uploads\/2020\/02\/lampara-de-cirugia-doble-de-techo-pentaled-30-es-un-aparato-innovador-hecho-para-garantizar-un-rendimiento-sobresaliente-esta-co.jpg","contentUrl":"https:\/\/buscoequipomedico.com\/wp-content\/uploads\/2020\/02\/lampara-de-cirugia-doble-de-techo-pentaled-30-es-un-aparato-innovador-hecho-para-garantizar-un-rendimiento-sobresaliente-esta-co.jpg","width":800,"height":800},{"@type":"BreadcrumbList","@id":"https:\/\/buscoequipomedico.com\/?product=lampara-de-cirugia-doble-de-techo-5#breadcrumb","itemListElement":[{"@type":"ListItem","position":1,"name":"Productos","item":"https:\/\/buscoequipomedico.com\/shop\/"},{"@type":"ListItem","position":2,"name":"L\u00e1mpara de cirug\u00eda doble de techo"}]},{"@type":"WebSite","@id":"https:\/\/buscoequipomedico.com\/#website","url":"https:\/\/buscoequipomedico.com\/","name":"Tu mejor opci\u00f3n Equipo M\u00e9dico M\u00e9xico","description":"Tienda de equipo m\u00e9dico","publisher":{"@id":"https:\/\/buscoequipomedico.com\/#organization"},"potentialAction":[{"@type":"SearchAction","target":{"@type":"EntryPoint","urlTemplate":"https:\/\/buscoequipomedico.com\/?s={search_term_string}"},"query-input":{"@type":"PropertyValueSpecification","valueRequired":true,"valueName":"search_term_string"}}],"inLanguage":"es"},{"@type":"Organization","@id":"https:\/\/buscoequipomedico.com\/#organization","name":"Tu mejor opci\u00f3n Equipo M\u00e9dico M\u00e9xico","url":"https:\/\/buscoequipomedico.com\/","logo":{"@type":"ImageObject","inLanguage":"es","@id":"https:\/\/buscoequipomedico.com\/#\/schema\/logo\/image\/","url":"https:\/\/buscoequipomedico.com\/wp-content\/uploads\/2021\/07\/EMM-VPrincipal-scaled.jpg","contentUrl":"https:\/\/buscoequipomedico.com\/wp-content\/uploads\/2021\/07\/EMM-VPrincipal-scaled.jpg","width":2560,"height":1058,"caption":"Tu mejor opci\u00f3n Equipo M\u00e9dico M\u00e9xico"},"image":{"@id":"https:\/\/buscoequipomedico.com\/#\/schema\/logo\/image\/"}}]}},"_links":{"self":[{"href":"https:\/\/buscoequipomedico.com\/index.php?rest_route=\/wp\/v2\/product\/12247","targetHints":{"allow":["GET"]}}],"collection":[{"href":"https:\/\/buscoequipomedico.com\/index.php?rest_route=\/wp\/v2\/product"}],"about":[{"href":"https:\/\/buscoequipomedico.com\/index.php?rest_route=\/wp\/v2\/types\/product"}],"wp:featuredmedia":[{"embeddable":true,"href":"https:\/\/buscoequipomedico.com\/index.php?rest_route=\/wp\/v2\/media\/12248"}],"wp:attachment":[{"href":"https:\/\/buscoequipomedico.com\/index.php?rest_route=%2Fwp%2Fv2%2Fmedia&parent=12247"}],"wp:term":[{"taxonomy":"product_brand","embeddable":true,"href":"https:\/\/buscoequipomedico.com\/index.php?rest_route=%2Fwp%2Fv2%2Fproduct_brand&post=12247"},{"taxonomy":"product_cat","embeddable":true,"href":"https:\/\/buscoequipomedico.com\/index.php?rest_route=%2Fwp%2Fv2%2Fproduct_cat&post=12247"},{"taxonomy":"product_tag","embeddable":true,"href":"https:\/\/buscoequipomedico.com\/index.php?rest_route=%2Fwp%2Fv2%2Fproduct_tag&post=12247"}],"curies":[{"name":"wp","href":"https:\/\/api.w.org\/{rel}","templated":true}]}}