{"id":12287,"date":"2020-02-18T07:35:01","date_gmt":"2020-02-18T07:35:01","guid":{"rendered":"https:\/\/equipomedicomexico-com.preview-domain.com\/product\/dispositivo-de-diseccion-ultrasonica\/"},"modified":"2020-02-18T07:35:03","modified_gmt":"2020-02-18T07:35:03","slug":"dispositivo-de-diseccion-ultrasonica","status":"publish","type":"product","link":"https:\/\/buscoequipomedico.com\/?product=dispositivo-de-diseccion-ultrasonica","title":{"rendered":"DISPOSITIVO DE DISECCI\u00d3N ULTRAS\u00d3NICA"},"content":{"rendered":"<p>Su dise\u00f1o y tecnolog\u00eda inal\u00e1mbrica facilita la liberta de movimientos en el quir\u00f3fano y una configuraci\u00f3n m\u00e1s r\u00e1pida y simple.<\/p>\n<p>El dispositivo Sonicision&#x2122; puede utilizarse en procedimientos abiertos como:<\/p>\n<table cellpadding=\"0\" cellspacing=\"0\" border=\"0\">\n<tbody>\n<tr>\n<td valign=\"top\">\n<ul>\n<li>Bari\u00e1trica<\/li>\n<li>Colorrectal<\/li>\n<li>Ginecolog\u00eda<\/li>\n<li>Tor\u00e1cica<\/li>\n<\/ul>\n<\/td>\n<td valign=\"top\">\n<ul>\n<li>Urolog\u00eda<\/li>\n<li>General<\/li>\n<li>Cirug\u00eda pl\u00e1stica<\/li>\n<li>Estructuras ortop\u00e9dicas (como columna vertebral y articulaciones)<\/li>\n<\/ul>\n<\/td>\n<\/tr>\n<\/tbody>\n<\/table>\n","protected":false},"excerpt":{"rendered":"<p><span>El sistema Sonicision&#x2122; es el primer sistema de disecci\u00f3n ultras\u00f3nica inal\u00e1mbrico de la industria que ofrece el cat\u00e1logo m\u00e1s amplio y la mayor facilidad de estandarizaci\u00f3n.\u00a0<\/span><\/p>\n","protected":false},"featured_media":12288,"template":"","meta":{"_joinchat":[]},"product_brand":[],"product_cat":[213],"product_tag":[],"class_list":{"0":"post-12287","1":"product","2":"type-product","3":"status-publish","4":"has-post-thumbnail","6":"product_cat-concentradores","7":"pa_marca-valleylab","9":"first","10":"instock","11":"purchasable","12":"product-type-simple"},"yoast_head":"<!-- This site is optimized with the Yoast SEO plugin v25.1 - https:\/\/yoast.com\/wordpress\/plugins\/seo\/ -->\n<title>DISPOSITIVO DE DISECCI\u00d3N ULTRAS\u00d3NICA - Tu mejor opci\u00f3n Equipo M\u00e9dico M\u00e9xico<\/title>\n<meta name=\"robots\" content=\"index, follow, max-snippet:-1, max-image-preview:large, max-video-preview:-1\" \/>\n<link rel=\"canonical\" href=\"https:\/\/buscoequipomedico.com\/?product=dispositivo-de-diseccion-ultrasonica\" \/>\n<meta property=\"og:locale\" content=\"es_ES\" \/>\n<meta property=\"og:type\" content=\"article\" \/>\n<meta property=\"og:title\" content=\"DISPOSITIVO DE DISECCI\u00d3N ULTRAS\u00d3NICA - Tu mejor opci\u00f3n Equipo M\u00e9dico M\u00e9xico\" \/>\n<meta property=\"og:description\" content=\"El sistema Sonicision&#x2122; es el primer sistema de disecci\u00f3n ultras\u00f3nica inal\u00e1mbrico de la industria que ofrece el cat\u00e1logo m\u00e1s amplio y la mayor facilidad de estandarizaci\u00f3n.\u00a0\" \/>\n<meta property=\"og:url\" content=\"https:\/\/buscoequipomedico.com\/?product=dispositivo-de-diseccion-ultrasonica\" \/>\n<meta property=\"og:site_name\" content=\"Tu mejor opci\u00f3n Equipo M\u00e9dico M\u00e9xico\" \/>\n<meta property=\"article:modified_time\" content=\"2020-02-18T07:35:03+00:00\" \/>\n<meta property=\"og:image\" content=\"https:\/\/buscoequipomedico.com\/wp-content\/uploads\/2020\/02\/dispositivo-de-diseccion-ultrasonica-el-sistema-sonicisiontm-es-el-primer-sistema-de-diseccion-ultrasonica-inalambrico-de-la-ind.jpg\" \/>\n\t<meta property=\"og:image:width\" content=\"800\" \/>\n\t<meta property=\"og:image:height\" content=\"800\" \/>\n\t<meta property=\"og:image:type\" content=\"image\/jpeg\" \/>\n<meta name=\"twitter:card\" content=\"summary_large_image\" \/>\n<script type=\"application\/ld+json\" class=\"yoast-schema-graph\">{\"@context\":\"https:\/\/schema.org\",\"@graph\":[{\"@type\":\"WebPage\",\"@id\":\"https:\/\/buscoequipomedico.com\/?product=dispositivo-de-diseccion-ultrasonica\",\"url\":\"https:\/\/buscoequipomedico.com\/?product=dispositivo-de-diseccion-ultrasonica\",\"name\":\"DISPOSITIVO DE DISECCI\u00d3N ULTRAS\u00d3NICA - Tu mejor opci\u00f3n Equipo M\u00e9dico M\u00e9xico\",\"isPartOf\":{\"@id\":\"https:\/\/buscoequipomedico.com\/#website\"},\"primaryImageOfPage\":{\"@id\":\"https:\/\/buscoequipomedico.com\/?product=dispositivo-de-diseccion-ultrasonica#primaryimage\"},\"image\":{\"@id\":\"https:\/\/buscoequipomedico.com\/?product=dispositivo-de-diseccion-ultrasonica#primaryimage\"},\"thumbnailUrl\":\"https:\/\/buscoequipomedico.com\/wp-content\/uploads\/2020\/02\/dispositivo-de-diseccion-ultrasonica-el-sistema-sonicisiontm-es-el-primer-sistema-de-diseccion-ultrasonica-inalambrico-de-la-ind.jpg\",\"datePublished\":\"2020-02-18T07:35:01+00:00\",\"dateModified\":\"2020-02-18T07:35:03+00:00\",\"breadcrumb\":{\"@id\":\"https:\/\/buscoequipomedico.com\/?product=dispositivo-de-diseccion-ultrasonica#breadcrumb\"},\"inLanguage\":\"es\",\"potentialAction\":[{\"@type\":\"ReadAction\",\"target\":[\"https:\/\/buscoequipomedico.com\/?product=dispositivo-de-diseccion-ultrasonica\"]}]},{\"@type\":\"ImageObject\",\"inLanguage\":\"es\",\"@id\":\"https:\/\/buscoequipomedico.com\/?product=dispositivo-de-diseccion-ultrasonica#primaryimage\",\"url\":\"https:\/\/buscoequipomedico.com\/wp-content\/uploads\/2020\/02\/dispositivo-de-diseccion-ultrasonica-el-sistema-sonicisiontm-es-el-primer-sistema-de-diseccion-ultrasonica-inalambrico-de-la-ind.jpg\",\"contentUrl\":\"https:\/\/buscoequipomedico.com\/wp-content\/uploads\/2020\/02\/dispositivo-de-diseccion-ultrasonica-el-sistema-sonicisiontm-es-el-primer-sistema-de-diseccion-ultrasonica-inalambrico-de-la-ind.jpg\",\"width\":800,\"height\":800},{\"@type\":\"BreadcrumbList\",\"@id\":\"https:\/\/buscoequipomedico.com\/?product=dispositivo-de-diseccion-ultrasonica#breadcrumb\",\"itemListElement\":[{\"@type\":\"ListItem\",\"position\":1,\"name\":\"Productos\",\"item\":\"https:\/\/buscoequipomedico.com\/shop\/\"},{\"@type\":\"ListItem\",\"position\":2,\"name\":\"DISPOSITIVO DE DISECCI\u00d3N ULTRAS\u00d3NICA\"}]},{\"@type\":\"WebSite\",\"@id\":\"https:\/\/buscoequipomedico.com\/#website\",\"url\":\"https:\/\/buscoequipomedico.com\/\",\"name\":\"Tu mejor opci\u00f3n Equipo M\u00e9dico M\u00e9xico\",\"description\":\"Tienda de equipo m\u00e9dico\",\"publisher\":{\"@id\":\"https:\/\/buscoequipomedico.com\/#organization\"},\"potentialAction\":[{\"@type\":\"SearchAction\",\"target\":{\"@type\":\"EntryPoint\",\"urlTemplate\":\"https:\/\/buscoequipomedico.com\/?s={search_term_string}\"},\"query-input\":{\"@type\":\"PropertyValueSpecification\",\"valueRequired\":true,\"valueName\":\"search_term_string\"}}],\"inLanguage\":\"es\"},{\"@type\":\"Organization\",\"@id\":\"https:\/\/buscoequipomedico.com\/#organization\",\"name\":\"Tu mejor opci\u00f3n Equipo M\u00e9dico M\u00e9xico\",\"url\":\"https:\/\/buscoequipomedico.com\/\",\"logo\":{\"@type\":\"ImageObject\",\"inLanguage\":\"es\",\"@id\":\"https:\/\/buscoequipomedico.com\/#\/schema\/logo\/image\/\",\"url\":\"https:\/\/buscoequipomedico.com\/wp-content\/uploads\/2021\/07\/EMM-VPrincipal-scaled.jpg\",\"contentUrl\":\"https:\/\/buscoequipomedico.com\/wp-content\/uploads\/2021\/07\/EMM-VPrincipal-scaled.jpg\",\"width\":2560,\"height\":1058,\"caption\":\"Tu mejor opci\u00f3n Equipo M\u00e9dico M\u00e9xico\"},\"image\":{\"@id\":\"https:\/\/buscoequipomedico.com\/#\/schema\/logo\/image\/\"}}]}<\/script>\n<!-- \/ Yoast SEO plugin. -->","yoast_head_json":{"title":"DISPOSITIVO DE DISECCI\u00d3N ULTRAS\u00d3NICA - Tu mejor opci\u00f3n Equipo M\u00e9dico M\u00e9xico","robots":{"index":"index","follow":"follow","max-snippet":"max-snippet:-1","max-image-preview":"max-image-preview:large","max-video-preview":"max-video-preview:-1"},"canonical":"https:\/\/buscoequipomedico.com\/?product=dispositivo-de-diseccion-ultrasonica","og_locale":"es_ES","og_type":"article","og_title":"DISPOSITIVO DE DISECCI\u00d3N ULTRAS\u00d3NICA - Tu mejor opci\u00f3n Equipo M\u00e9dico M\u00e9xico","og_description":"El sistema Sonicision&#x2122; es el primer sistema de disecci\u00f3n ultras\u00f3nica inal\u00e1mbrico de la industria que ofrece el cat\u00e1logo m\u00e1s amplio y la mayor facilidad de estandarizaci\u00f3n.\u00a0","og_url":"https:\/\/buscoequipomedico.com\/?product=dispositivo-de-diseccion-ultrasonica","og_site_name":"Tu mejor opci\u00f3n Equipo M\u00e9dico M\u00e9xico","article_modified_time":"2020-02-18T07:35:03+00:00","og_image":[{"width":800,"height":800,"url":"https:\/\/buscoequipomedico.com\/wp-content\/uploads\/2020\/02\/dispositivo-de-diseccion-ultrasonica-el-sistema-sonicisiontm-es-el-primer-sistema-de-diseccion-ultrasonica-inalambrico-de-la-ind.jpg","type":"image\/jpeg"}],"twitter_card":"summary_large_image","schema":{"@context":"https:\/\/schema.org","@graph":[{"@type":"WebPage","@id":"https:\/\/buscoequipomedico.com\/?product=dispositivo-de-diseccion-ultrasonica","url":"https:\/\/buscoequipomedico.com\/?product=dispositivo-de-diseccion-ultrasonica","name":"DISPOSITIVO DE DISECCI\u00d3N ULTRAS\u00d3NICA - Tu mejor opci\u00f3n Equipo M\u00e9dico M\u00e9xico","isPartOf":{"@id":"https:\/\/buscoequipomedico.com\/#website"},"primaryImageOfPage":{"@id":"https:\/\/buscoequipomedico.com\/?product=dispositivo-de-diseccion-ultrasonica#primaryimage"},"image":{"@id":"https:\/\/buscoequipomedico.com\/?product=dispositivo-de-diseccion-ultrasonica#primaryimage"},"thumbnailUrl":"https:\/\/buscoequipomedico.com\/wp-content\/uploads\/2020\/02\/dispositivo-de-diseccion-ultrasonica-el-sistema-sonicisiontm-es-el-primer-sistema-de-diseccion-ultrasonica-inalambrico-de-la-ind.jpg","datePublished":"2020-02-18T07:35:01+00:00","dateModified":"2020-02-18T07:35:03+00:00","breadcrumb":{"@id":"https:\/\/buscoequipomedico.com\/?product=dispositivo-de-diseccion-ultrasonica#breadcrumb"},"inLanguage":"es","potentialAction":[{"@type":"ReadAction","target":["https:\/\/buscoequipomedico.com\/?product=dispositivo-de-diseccion-ultrasonica"]}]},{"@type":"ImageObject","inLanguage":"es","@id":"https:\/\/buscoequipomedico.com\/?product=dispositivo-de-diseccion-ultrasonica#primaryimage","url":"https:\/\/buscoequipomedico.com\/wp-content\/uploads\/2020\/02\/dispositivo-de-diseccion-ultrasonica-el-sistema-sonicisiontm-es-el-primer-sistema-de-diseccion-ultrasonica-inalambrico-de-la-ind.jpg","contentUrl":"https:\/\/buscoequipomedico.com\/wp-content\/uploads\/2020\/02\/dispositivo-de-diseccion-ultrasonica-el-sistema-sonicisiontm-es-el-primer-sistema-de-diseccion-ultrasonica-inalambrico-de-la-ind.jpg","width":800,"height":800},{"@type":"BreadcrumbList","@id":"https:\/\/buscoequipomedico.com\/?product=dispositivo-de-diseccion-ultrasonica#breadcrumb","itemListElement":[{"@type":"ListItem","position":1,"name":"Productos","item":"https:\/\/buscoequipomedico.com\/shop\/"},{"@type":"ListItem","position":2,"name":"DISPOSITIVO DE DISECCI\u00d3N ULTRAS\u00d3NICA"}]},{"@type":"WebSite","@id":"https:\/\/buscoequipomedico.com\/#website","url":"https:\/\/buscoequipomedico.com\/","name":"Tu mejor opci\u00f3n Equipo M\u00e9dico M\u00e9xico","description":"Tienda de equipo m\u00e9dico","publisher":{"@id":"https:\/\/buscoequipomedico.com\/#organization"},"potentialAction":[{"@type":"SearchAction","target":{"@type":"EntryPoint","urlTemplate":"https:\/\/buscoequipomedico.com\/?s={search_term_string}"},"query-input":{"@type":"PropertyValueSpecification","valueRequired":true,"valueName":"search_term_string"}}],"inLanguage":"es"},{"@type":"Organization","@id":"https:\/\/buscoequipomedico.com\/#organization","name":"Tu mejor opci\u00f3n Equipo M\u00e9dico M\u00e9xico","url":"https:\/\/buscoequipomedico.com\/","logo":{"@type":"ImageObject","inLanguage":"es","@id":"https:\/\/buscoequipomedico.com\/#\/schema\/logo\/image\/","url":"https:\/\/buscoequipomedico.com\/wp-content\/uploads\/2021\/07\/EMM-VPrincipal-scaled.jpg","contentUrl":"https:\/\/buscoequipomedico.com\/wp-content\/uploads\/2021\/07\/EMM-VPrincipal-scaled.jpg","width":2560,"height":1058,"caption":"Tu mejor opci\u00f3n Equipo M\u00e9dico M\u00e9xico"},"image":{"@id":"https:\/\/buscoequipomedico.com\/#\/schema\/logo\/image\/"}}]}},"_links":{"self":[{"href":"https:\/\/buscoequipomedico.com\/index.php?rest_route=\/wp\/v2\/product\/12287","targetHints":{"allow":["GET"]}}],"collection":[{"href":"https:\/\/buscoequipomedico.com\/index.php?rest_route=\/wp\/v2\/product"}],"about":[{"href":"https:\/\/buscoequipomedico.com\/index.php?rest_route=\/wp\/v2\/types\/product"}],"wp:featuredmedia":[{"embeddable":true,"href":"https:\/\/buscoequipomedico.com\/index.php?rest_route=\/wp\/v2\/media\/12288"}],"wp:attachment":[{"href":"https:\/\/buscoequipomedico.com\/index.php?rest_route=%2Fwp%2Fv2%2Fmedia&parent=12287"}],"wp:term":[{"taxonomy":"product_brand","embeddable":true,"href":"https:\/\/buscoequipomedico.com\/index.php?rest_route=%2Fwp%2Fv2%2Fproduct_brand&post=12287"},{"taxonomy":"product_cat","embeddable":true,"href":"https:\/\/buscoequipomedico.com\/index.php?rest_route=%2Fwp%2Fv2%2Fproduct_cat&post=12287"},{"taxonomy":"product_tag","embeddable":true,"href":"https:\/\/buscoequipomedico.com\/index.php?rest_route=%2Fwp%2Fv2%2Fproduct_tag&post=12287"}],"curies":[{"name":"wp","href":"https:\/\/api.w.org\/{rel}","templated":true}]}}