{"id":12293,"date":"2020-02-18T07:35:01","date_gmt":"2020-02-18T07:35:01","guid":{"rendered":"https:\/\/equipomedicomexico-com.preview-domain.com\/product\/capnostream-35-monitor-respirador-portatil-us\/"},"modified":"2020-02-18T07:35:04","modified_gmt":"2020-02-18T07:35:04","slug":"capnostream-35-monitor-respirador-portatil-us","status":"publish","type":"product","link":"https:\/\/buscoequipomedico.com\/?product=capnostream-35-monitor-respirador-portatil-us","title":{"rendered":"CAPNOSTREAM 35 MONITOR RESPIRADOR PORTATIL, US"},"content":{"rendered":"<h3><span>Caracteristicas<\/span><\/h3>\n<ul>\n<li>\n<span>Monitoreo continuo, no invasivo, en tiempo real del estado respiratorio de etCO\u00a0<\/span><span><span><span>2<\/span><\/span><\/span><span>\u00a0, SpO\u00a0<\/span><span><span><span>2<\/span><\/span><\/span><span>\u00a0, frecuencia respiratoria y frecuencia del pulso.<\/span>\n<\/li>\n<li><span>Puede ayudar a aumentar las oportunidades para que los m\u00e9dicos identifiquen los eventos respiratorios antes e intervengan antes al monitorear a los pacientes en el piso de cuidados generales, en el departamento de emergencias y en la sala de recuperaci\u00f3n, durante la sedaci\u00f3n de procedimiento y durante el transporte intrahospitalario y prehospitalario.<\/span><\/li>\n<li><span><span>Destinado a su uso con pacientes de cualquier edad;\u00a0<\/span><span>adulto, pedi\u00e1trico, infante a neonato;\u00a0<\/span><span>intubado a no intubado, con l\u00edneas de muestreo desarrolladas espec\u00edficamente para el tipo de paciente y el caso de uso.<\/span><\/span><\/li>\n<li><span>Dise\u00f1o robusto, liviano, a prueba de golpes y ergon\u00f3mico que es tan funcional en el entorno hospitalario como lo es en el transporte a\u00e9reo y terrestre.<\/span><\/li>\n<\/ul>\n<h4><span>Algoritmos inteligentes y capacidades de alarma inteligente:<\/span><\/h4>\n<ul>\n<li>\n<span>El algoritmo Integrated Pulmonary Index &#x2122; combina cuatro medidas en tiempo real: etCO\u00a0<\/span><span><span><span>2<\/span><\/span><\/span><span>\u00a0, SpO\u00a0<\/span><span><span><span>2<\/span><\/span><\/span><span>\u00a0, frecuencia respiratoria y frecuencia del pulso, para proporcionar una evaluaci\u00f3n inclusiva del estado respiratorio de un paciente en un solo n\u00famero.<\/span>\n<\/li>\n<li><span>El algoritmo Apnea-Sat Alert &#x2122; proporciona informaci\u00f3n pr\u00e1ctica para prevenir potencialmente eventos respiratorios adversos con informes resumidos de eventos de apnea recurrentes por hora, as\u00ed como desaturaciones de ox\u00edgeno.<\/span><\/li>\n<li><span><span>La tecnolog\u00eda de gesti\u00f3n inteligente de alarmas puede reducir las alarmas respiratorias cl\u00ednicamente insignificantes y proporciona una indicaci\u00f3n m\u00e1s clara del estado del paciente al tiempo que preserva la vigilancia de la alarma.\u00a0<\/span><span>La tecnolog\u00eda de alarma inteligente incluye la gesti\u00f3n de alarmas SatSeconds &#x2122; de oximetr\u00eda de pulso Nellcor &#x2122; y el algoritmo Smart Alarm for Respiratory Analysis &#x2122; (SARA).<\/span><\/span><\/li>\n<\/ul>\n<h4><span>Capacidades de gesti\u00f3n de datos:<\/span><\/h4>\n<ul>\n<li><span>Los datos del paciente se pueden enviar de forma inal\u00e1mbrica a la plataforma virtual de monitorizaci\u00f3n de pacientes Vital Sync &#x2122;, lo que proporciona la flexibilidad para ver la informaci\u00f3n del paciente en cualquier dispositivo web, EMR o sistema de informaci\u00f3n cl\u00ednica.<\/span><\/li>\n<li><span>Los datos del paciente pueden almacenarse en una unidad USB o tarjeta SD, imprimirse y transferirse a otros sistemas de datos.<\/span><\/li>\n<\/ul>\n","protected":false},"excerpt":{"rendered":"<p><span><span>Desde la sedaci\u00f3n de procedimiento hasta el piso de atenci\u00f3n general, el acceso confiable al estado respiratorio es vital para proporcionar atenci\u00f3n integral.\u00a0<\/span><span>El monitor respiratorio port\u00e1til Capnostream &#x2122; 35 brinda monitoreo continuo y en tiempo real del estado respiratorio de su paciente midiendo etCO\u00a0<\/span><\/span><span><span><span>2<\/span><\/span><\/span><span>\u00a0, SpO\u00a0<\/span><span><span><span>2<\/span><\/span><\/span><span><span>\u00a0, frecuencia respiratoria y frecuencia card\u00edaca.\u00a0<\/span><span>El monitor Capnostream &#x2122; 35 est\u00e1 dise\u00f1ado para monitorear en pr\u00e1cticamente cualquier entorno cl\u00ednico.<\/span><\/span><\/p>\n<p><span><span>El monitor respiratorio port\u00e1til Capnostream &#x2122; 35 le ofrece un monitoreo respiratorio integral para ayudarlo a responder antes e intervenir antes si su paciente muestra signos de compromiso respiratorio.\u00a0<\/span><span>El monitor proporciona informaci\u00f3n para ayudar a apoyar las decisiones cl\u00ednicas y puede mejorar el flujo de trabajo.<\/span><\/span><\/p>\n","protected":false},"featured_media":12294,"template":"","meta":{"_joinchat":[]},"product_brand":[],"product_cat":[213],"product_tag":[],"class_list":{"0":"post-12293","1":"product","2":"type-product","3":"status-publish","4":"has-post-thumbnail","6":"product_cat-concentradores","7":"pa_marca-nellcor","9":"first","10":"instock","11":"purchasable","12":"product-type-simple"},"yoast_head":"<!-- This site is optimized with the Yoast SEO plugin v25.1 - https:\/\/yoast.com\/wordpress\/plugins\/seo\/ -->\n<title>CAPNOSTREAM 35 MONITOR RESPIRADOR PORTATIL, US - Tu mejor opci\u00f3n Equipo M\u00e9dico M\u00e9xico<\/title>\n<meta name=\"robots\" content=\"index, follow, max-snippet:-1, max-image-preview:large, max-video-preview:-1\" \/>\n<link rel=\"canonical\" href=\"https:\/\/buscoequipomedico.com\/?product=capnostream-35-monitor-respirador-portatil-us\" \/>\n<meta property=\"og:locale\" content=\"es_ES\" \/>\n<meta property=\"og:type\" content=\"article\" \/>\n<meta property=\"og:title\" content=\"CAPNOSTREAM 35 MONITOR RESPIRADOR PORTATIL, US - Tu mejor opci\u00f3n Equipo M\u00e9dico M\u00e9xico\" \/>\n<meta property=\"og:description\" content=\"Desde la sedaci\u00f3n de procedimiento hasta el piso de atenci\u00f3n general, el acceso confiable al estado respiratorio es vital para proporcionar atenci\u00f3n integral.\u00a0El monitor respiratorio port\u00e1til Capnostream &#x2122; 35 brinda monitoreo continuo y en tiempo real del estado respiratorio de su paciente midiendo etCO\u00a02\u00a0, SpO\u00a02\u00a0, frecuencia respiratoria y frecuencia card\u00edaca.\u00a0El monitor Capnostream &#x2122; 35 est\u00e1 dise\u00f1ado para monitorear en pr\u00e1cticamente cualquier entorno cl\u00ednico. El monitor respiratorio port\u00e1til Capnostream &#x2122; 35 le ofrece un monitoreo respiratorio integral para ayudarlo a responder antes e intervenir antes si su paciente muestra signos de compromiso respiratorio.\u00a0El monitor proporciona informaci\u00f3n para ayudar a apoyar las decisiones cl\u00ednicas y puede mejorar el flujo de trabajo.\" \/>\n<meta property=\"og:url\" content=\"https:\/\/buscoequipomedico.com\/?product=capnostream-35-monitor-respirador-portatil-us\" \/>\n<meta property=\"og:site_name\" content=\"Tu mejor opci\u00f3n Equipo M\u00e9dico M\u00e9xico\" \/>\n<meta property=\"article:modified_time\" content=\"2020-02-18T07:35:04+00:00\" \/>\n<meta property=\"og:image\" content=\"https:\/\/buscoequipomedico.com\/wp-content\/uploads\/2020\/02\/capnostream-35-monitor-respirador-portatil-us-desde-la-sedacion-de-procedimiento-hasta-el-piso-de-atencion-general-el-acceso-con.jpg\" \/>\n\t<meta property=\"og:image:width\" content=\"800\" \/>\n\t<meta property=\"og:image:height\" content=\"800\" \/>\n\t<meta property=\"og:image:type\" content=\"image\/jpeg\" \/>\n<meta name=\"twitter:card\" content=\"summary_large_image\" \/>\n<meta name=\"twitter:label1\" content=\"Tiempo de lectura\" \/>\n\t<meta name=\"twitter:data1\" content=\"2 minutos\" \/>\n<script type=\"application\/ld+json\" class=\"yoast-schema-graph\">{\"@context\":\"https:\/\/schema.org\",\"@graph\":[{\"@type\":\"WebPage\",\"@id\":\"https:\/\/buscoequipomedico.com\/?product=capnostream-35-monitor-respirador-portatil-us\",\"url\":\"https:\/\/buscoequipomedico.com\/?product=capnostream-35-monitor-respirador-portatil-us\",\"name\":\"CAPNOSTREAM 35 MONITOR RESPIRADOR PORTATIL, US - Tu mejor opci\u00f3n Equipo M\u00e9dico M\u00e9xico\",\"isPartOf\":{\"@id\":\"https:\/\/buscoequipomedico.com\/#website\"},\"primaryImageOfPage\":{\"@id\":\"https:\/\/buscoequipomedico.com\/?product=capnostream-35-monitor-respirador-portatil-us#primaryimage\"},\"image\":{\"@id\":\"https:\/\/buscoequipomedico.com\/?product=capnostream-35-monitor-respirador-portatil-us#primaryimage\"},\"thumbnailUrl\":\"https:\/\/buscoequipomedico.com\/wp-content\/uploads\/2020\/02\/capnostream-35-monitor-respirador-portatil-us-desde-la-sedacion-de-procedimiento-hasta-el-piso-de-atencion-general-el-acceso-con.jpg\",\"datePublished\":\"2020-02-18T07:35:01+00:00\",\"dateModified\":\"2020-02-18T07:35:04+00:00\",\"breadcrumb\":{\"@id\":\"https:\/\/buscoequipomedico.com\/?product=capnostream-35-monitor-respirador-portatil-us#breadcrumb\"},\"inLanguage\":\"es\",\"potentialAction\":[{\"@type\":\"ReadAction\",\"target\":[\"https:\/\/buscoequipomedico.com\/?product=capnostream-35-monitor-respirador-portatil-us\"]}]},{\"@type\":\"ImageObject\",\"inLanguage\":\"es\",\"@id\":\"https:\/\/buscoequipomedico.com\/?product=capnostream-35-monitor-respirador-portatil-us#primaryimage\",\"url\":\"https:\/\/buscoequipomedico.com\/wp-content\/uploads\/2020\/02\/capnostream-35-monitor-respirador-portatil-us-desde-la-sedacion-de-procedimiento-hasta-el-piso-de-atencion-general-el-acceso-con.jpg\",\"contentUrl\":\"https:\/\/buscoequipomedico.com\/wp-content\/uploads\/2020\/02\/capnostream-35-monitor-respirador-portatil-us-desde-la-sedacion-de-procedimiento-hasta-el-piso-de-atencion-general-el-acceso-con.jpg\",\"width\":800,\"height\":800},{\"@type\":\"BreadcrumbList\",\"@id\":\"https:\/\/buscoequipomedico.com\/?product=capnostream-35-monitor-respirador-portatil-us#breadcrumb\",\"itemListElement\":[{\"@type\":\"ListItem\",\"position\":1,\"name\":\"Productos\",\"item\":\"https:\/\/buscoequipomedico.com\/shop\/\"},{\"@type\":\"ListItem\",\"position\":2,\"name\":\"CAPNOSTREAM 35 MONITOR RESPIRADOR PORTATIL, US\"}]},{\"@type\":\"WebSite\",\"@id\":\"https:\/\/buscoequipomedico.com\/#website\",\"url\":\"https:\/\/buscoequipomedico.com\/\",\"name\":\"Tu mejor opci\u00f3n Equipo M\u00e9dico M\u00e9xico\",\"description\":\"Tienda de equipo m\u00e9dico\",\"publisher\":{\"@id\":\"https:\/\/buscoequipomedico.com\/#organization\"},\"potentialAction\":[{\"@type\":\"SearchAction\",\"target\":{\"@type\":\"EntryPoint\",\"urlTemplate\":\"https:\/\/buscoequipomedico.com\/?s={search_term_string}\"},\"query-input\":{\"@type\":\"PropertyValueSpecification\",\"valueRequired\":true,\"valueName\":\"search_term_string\"}}],\"inLanguage\":\"es\"},{\"@type\":\"Organization\",\"@id\":\"https:\/\/buscoequipomedico.com\/#organization\",\"name\":\"Tu mejor opci\u00f3n Equipo M\u00e9dico M\u00e9xico\",\"url\":\"https:\/\/buscoequipomedico.com\/\",\"logo\":{\"@type\":\"ImageObject\",\"inLanguage\":\"es\",\"@id\":\"https:\/\/buscoequipomedico.com\/#\/schema\/logo\/image\/\",\"url\":\"https:\/\/buscoequipomedico.com\/wp-content\/uploads\/2021\/07\/EMM-VPrincipal-scaled.jpg\",\"contentUrl\":\"https:\/\/buscoequipomedico.com\/wp-content\/uploads\/2021\/07\/EMM-VPrincipal-scaled.jpg\",\"width\":2560,\"height\":1058,\"caption\":\"Tu mejor opci\u00f3n Equipo M\u00e9dico M\u00e9xico\"},\"image\":{\"@id\":\"https:\/\/buscoequipomedico.com\/#\/schema\/logo\/image\/\"}}]}<\/script>\n<!-- \/ Yoast SEO plugin. -->","yoast_head_json":{"title":"CAPNOSTREAM 35 MONITOR RESPIRADOR PORTATIL, US - Tu mejor opci\u00f3n Equipo M\u00e9dico M\u00e9xico","robots":{"index":"index","follow":"follow","max-snippet":"max-snippet:-1","max-image-preview":"max-image-preview:large","max-video-preview":"max-video-preview:-1"},"canonical":"https:\/\/buscoequipomedico.com\/?product=capnostream-35-monitor-respirador-portatil-us","og_locale":"es_ES","og_type":"article","og_title":"CAPNOSTREAM 35 MONITOR RESPIRADOR PORTATIL, US - Tu mejor opci\u00f3n Equipo M\u00e9dico M\u00e9xico","og_description":"Desde la sedaci\u00f3n de procedimiento hasta el piso de atenci\u00f3n general, el acceso confiable al estado respiratorio es vital para proporcionar atenci\u00f3n integral.\u00a0El monitor respiratorio port\u00e1til Capnostream &#x2122; 35 brinda monitoreo continuo y en tiempo real del estado respiratorio de su paciente midiendo etCO\u00a02\u00a0, SpO\u00a02\u00a0, frecuencia respiratoria y frecuencia card\u00edaca.\u00a0El monitor Capnostream &#x2122; 35 est\u00e1 dise\u00f1ado para monitorear en pr\u00e1cticamente cualquier entorno cl\u00ednico. El monitor respiratorio port\u00e1til Capnostream &#x2122; 35 le ofrece un monitoreo respiratorio integral para ayudarlo a responder antes e intervenir antes si su paciente muestra signos de compromiso respiratorio.\u00a0El monitor proporciona informaci\u00f3n para ayudar a apoyar las decisiones cl\u00ednicas y puede mejorar el flujo de trabajo.","og_url":"https:\/\/buscoequipomedico.com\/?product=capnostream-35-monitor-respirador-portatil-us","og_site_name":"Tu mejor opci\u00f3n Equipo M\u00e9dico M\u00e9xico","article_modified_time":"2020-02-18T07:35:04+00:00","og_image":[{"width":800,"height":800,"url":"https:\/\/buscoequipomedico.com\/wp-content\/uploads\/2020\/02\/capnostream-35-monitor-respirador-portatil-us-desde-la-sedacion-de-procedimiento-hasta-el-piso-de-atencion-general-el-acceso-con.jpg","type":"image\/jpeg"}],"twitter_card":"summary_large_image","twitter_misc":{"Tiempo de lectura":"2 minutos"},"schema":{"@context":"https:\/\/schema.org","@graph":[{"@type":"WebPage","@id":"https:\/\/buscoequipomedico.com\/?product=capnostream-35-monitor-respirador-portatil-us","url":"https:\/\/buscoequipomedico.com\/?product=capnostream-35-monitor-respirador-portatil-us","name":"CAPNOSTREAM 35 MONITOR RESPIRADOR PORTATIL, US - Tu mejor opci\u00f3n Equipo M\u00e9dico M\u00e9xico","isPartOf":{"@id":"https:\/\/buscoequipomedico.com\/#website"},"primaryImageOfPage":{"@id":"https:\/\/buscoequipomedico.com\/?product=capnostream-35-monitor-respirador-portatil-us#primaryimage"},"image":{"@id":"https:\/\/buscoequipomedico.com\/?product=capnostream-35-monitor-respirador-portatil-us#primaryimage"},"thumbnailUrl":"https:\/\/buscoequipomedico.com\/wp-content\/uploads\/2020\/02\/capnostream-35-monitor-respirador-portatil-us-desde-la-sedacion-de-procedimiento-hasta-el-piso-de-atencion-general-el-acceso-con.jpg","datePublished":"2020-02-18T07:35:01+00:00","dateModified":"2020-02-18T07:35:04+00:00","breadcrumb":{"@id":"https:\/\/buscoequipomedico.com\/?product=capnostream-35-monitor-respirador-portatil-us#breadcrumb"},"inLanguage":"es","potentialAction":[{"@type":"ReadAction","target":["https:\/\/buscoequipomedico.com\/?product=capnostream-35-monitor-respirador-portatil-us"]}]},{"@type":"ImageObject","inLanguage":"es","@id":"https:\/\/buscoequipomedico.com\/?product=capnostream-35-monitor-respirador-portatil-us#primaryimage","url":"https:\/\/buscoequipomedico.com\/wp-content\/uploads\/2020\/02\/capnostream-35-monitor-respirador-portatil-us-desde-la-sedacion-de-procedimiento-hasta-el-piso-de-atencion-general-el-acceso-con.jpg","contentUrl":"https:\/\/buscoequipomedico.com\/wp-content\/uploads\/2020\/02\/capnostream-35-monitor-respirador-portatil-us-desde-la-sedacion-de-procedimiento-hasta-el-piso-de-atencion-general-el-acceso-con.jpg","width":800,"height":800},{"@type":"BreadcrumbList","@id":"https:\/\/buscoequipomedico.com\/?product=capnostream-35-monitor-respirador-portatil-us#breadcrumb","itemListElement":[{"@type":"ListItem","position":1,"name":"Productos","item":"https:\/\/buscoequipomedico.com\/shop\/"},{"@type":"ListItem","position":2,"name":"CAPNOSTREAM 35 MONITOR RESPIRADOR PORTATIL, US"}]},{"@type":"WebSite","@id":"https:\/\/buscoequipomedico.com\/#website","url":"https:\/\/buscoequipomedico.com\/","name":"Tu mejor opci\u00f3n Equipo M\u00e9dico M\u00e9xico","description":"Tienda de equipo m\u00e9dico","publisher":{"@id":"https:\/\/buscoequipomedico.com\/#organization"},"potentialAction":[{"@type":"SearchAction","target":{"@type":"EntryPoint","urlTemplate":"https:\/\/buscoequipomedico.com\/?s={search_term_string}"},"query-input":{"@type":"PropertyValueSpecification","valueRequired":true,"valueName":"search_term_string"}}],"inLanguage":"es"},{"@type":"Organization","@id":"https:\/\/buscoequipomedico.com\/#organization","name":"Tu mejor opci\u00f3n Equipo M\u00e9dico M\u00e9xico","url":"https:\/\/buscoequipomedico.com\/","logo":{"@type":"ImageObject","inLanguage":"es","@id":"https:\/\/buscoequipomedico.com\/#\/schema\/logo\/image\/","url":"https:\/\/buscoequipomedico.com\/wp-content\/uploads\/2021\/07\/EMM-VPrincipal-scaled.jpg","contentUrl":"https:\/\/buscoequipomedico.com\/wp-content\/uploads\/2021\/07\/EMM-VPrincipal-scaled.jpg","width":2560,"height":1058,"caption":"Tu mejor opci\u00f3n Equipo M\u00e9dico M\u00e9xico"},"image":{"@id":"https:\/\/buscoequipomedico.com\/#\/schema\/logo\/image\/"}}]}},"_links":{"self":[{"href":"https:\/\/buscoequipomedico.com\/index.php?rest_route=\/wp\/v2\/product\/12293","targetHints":{"allow":["GET"]}}],"collection":[{"href":"https:\/\/buscoequipomedico.com\/index.php?rest_route=\/wp\/v2\/product"}],"about":[{"href":"https:\/\/buscoequipomedico.com\/index.php?rest_route=\/wp\/v2\/types\/product"}],"wp:featuredmedia":[{"embeddable":true,"href":"https:\/\/buscoequipomedico.com\/index.php?rest_route=\/wp\/v2\/media\/12294"}],"wp:attachment":[{"href":"https:\/\/buscoequipomedico.com\/index.php?rest_route=%2Fwp%2Fv2%2Fmedia&parent=12293"}],"wp:term":[{"taxonomy":"product_brand","embeddable":true,"href":"https:\/\/buscoequipomedico.com\/index.php?rest_route=%2Fwp%2Fv2%2Fproduct_brand&post=12293"},{"taxonomy":"product_cat","embeddable":true,"href":"https:\/\/buscoequipomedico.com\/index.php?rest_route=%2Fwp%2Fv2%2Fproduct_cat&post=12293"},{"taxonomy":"product_tag","embeddable":true,"href":"https:\/\/buscoequipomedico.com\/index.php?rest_route=%2Fwp%2Fv2%2Fproduct_tag&post=12293"}],"curies":[{"name":"wp","href":"https:\/\/api.w.org\/{rel}","templated":true}]}}