{"id":12305,"date":"2020-02-18T07:35:01","date_gmt":"2020-02-18T07:35:01","guid":{"rendered":"https:\/\/equipomedicomexico-com.preview-domain.com\/product\/unidad-de-anestesia-intermedia-y-basica\/"},"modified":"2020-02-18T07:35:05","modified_gmt":"2020-02-18T07:35:05","slug":"unidad-de-anestesia-intermedia-y-basica","status":"publish","type":"product","link":"https:\/\/buscoequipomedico.com\/?product=unidad-de-anestesia-intermedia-y-basica","title":{"rendered":"UNIDAD DE ANESTESIA INTERMEDIA y B\u00c1SICA"},"content":{"rendered":"<ul>\n<li><span>Una huella peque\u00f1a permite al usuario final operar la m\u00e1quina de anestesia desde una posici\u00f3n de pie o sentada, lo que la convierte en una soluci\u00f3n vers\u00e1til.<\/span><\/li>\n<li><span>Pantalla t\u00e1ctil en color vertical de 15 pulgadas para una utilizaci\u00f3n \u00f3ptima, con una interfaz gr\u00e1fica intuitiva y f\u00e1cil de usar con dos formas de onda y bucles.<\/span><\/li>\n<li><span>Amplias capacidades de ventilaci\u00f3n, lo que lo hace adecuado para una amplia gama de pacientes, desde reci\u00e9n nacidos hasta adultos.<\/span><\/li>\n<\/ul>\n<p><span>El Dameca AX500 ofrece amplias capacidades de ventilaci\u00f3n, lo que lo hace adecuado para el despliegue con una amplia gama de pacientes, desde reci\u00e9n nacidos hasta adultos.\u00a0<\/span><span>Adem\u00e1s de la ventilaci\u00f3n controlada por presi\u00f3n (PCV) y la ventilaci\u00f3n controlada por volumen (VCV), el Dameca AX500 cuenta con ventilaci\u00f3n obligatoria intermitente sincronizada (SIMV), dos modos de ventilaci\u00f3n compatibles (VSV, PSV) y objetivo de volumen regulado por presi\u00f3n ( PRVT) para usar con sus pacientes m\u00e1s fr\u00e1giles.<\/span><span><span><br \/><\/span><\/span><\/p>\n","protected":false},"excerpt":{"rendered":"<p><span>Dameca AX500 es una soluci\u00f3n integral de anestesia desarrollada y dise\u00f1ada como respuesta directa a los desaf\u00edos, flujos de trabajo y objetivos cl\u00ednicos y operativos del usuario final.\u00a0<\/span><span>El resultado es una soluci\u00f3n de anestesia compacta y escalable, que se puede implementar en una amplia gama de entornos de quir\u00f3fano y administrar anestesia superior.<\/span><\/p>\n","protected":false},"featured_media":12306,"template":"","meta":{"_joinchat":[]},"product_brand":[],"product_cat":[213],"product_tag":[],"class_list":{"0":"post-12305","1":"product","2":"type-product","3":"status-publish","4":"has-post-thumbnail","6":"product_cat-concentradores","7":"pa_marca-dameca","9":"first","10":"instock","11":"purchasable","12":"product-type-simple"},"yoast_head":"<!-- This site is optimized with the Yoast SEO plugin v25.1 - https:\/\/yoast.com\/wordpress\/plugins\/seo\/ -->\n<title>UNIDAD DE ANESTESIA INTERMEDIA y B\u00c1SICA - Tu mejor opci\u00f3n Equipo M\u00e9dico M\u00e9xico<\/title>\n<meta name=\"robots\" content=\"index, follow, max-snippet:-1, max-image-preview:large, max-video-preview:-1\" \/>\n<link rel=\"canonical\" href=\"https:\/\/buscoequipomedico.com\/?product=unidad-de-anestesia-intermedia-y-basica\" \/>\n<meta property=\"og:locale\" content=\"es_ES\" \/>\n<meta property=\"og:type\" content=\"article\" \/>\n<meta property=\"og:title\" content=\"UNIDAD DE ANESTESIA INTERMEDIA y B\u00c1SICA - Tu mejor opci\u00f3n Equipo M\u00e9dico M\u00e9xico\" \/>\n<meta property=\"og:description\" content=\"Dameca AX500 es una soluci\u00f3n integral de anestesia desarrollada y dise\u00f1ada como respuesta directa a los desaf\u00edos, flujos de trabajo y objetivos cl\u00ednicos y operativos del usuario final.\u00a0El resultado es una soluci\u00f3n de anestesia compacta y escalable, que se puede implementar en una amplia gama de entornos de quir\u00f3fano y administrar anestesia superior.\" \/>\n<meta property=\"og:url\" content=\"https:\/\/buscoequipomedico.com\/?product=unidad-de-anestesia-intermedia-y-basica\" \/>\n<meta property=\"og:site_name\" content=\"Tu mejor opci\u00f3n Equipo M\u00e9dico M\u00e9xico\" \/>\n<meta property=\"article:modified_time\" content=\"2020-02-18T07:35:05+00:00\" \/>\n<meta property=\"og:image\" content=\"https:\/\/buscoequipomedico.com\/wp-content\/uploads\/2020\/02\/unidad-de-anestesia-intermedia-y-basica-dameca-ax500-es-una-solucion-integral-de-anestesia-desarrollada-y-disenada-como-respuest.jpg\" \/>\n\t<meta property=\"og:image:width\" content=\"800\" \/>\n\t<meta property=\"og:image:height\" content=\"800\" \/>\n\t<meta property=\"og:image:type\" content=\"image\/jpeg\" \/>\n<meta name=\"twitter:card\" content=\"summary_large_image\" \/>\n<meta name=\"twitter:label1\" content=\"Tiempo de lectura\" \/>\n\t<meta name=\"twitter:data1\" content=\"1 minuto\" \/>\n<script type=\"application\/ld+json\" class=\"yoast-schema-graph\">{\"@context\":\"https:\/\/schema.org\",\"@graph\":[{\"@type\":\"WebPage\",\"@id\":\"https:\/\/buscoequipomedico.com\/?product=unidad-de-anestesia-intermedia-y-basica\",\"url\":\"https:\/\/buscoequipomedico.com\/?product=unidad-de-anestesia-intermedia-y-basica\",\"name\":\"UNIDAD DE ANESTESIA INTERMEDIA y B\u00c1SICA - Tu mejor opci\u00f3n Equipo M\u00e9dico M\u00e9xico\",\"isPartOf\":{\"@id\":\"https:\/\/buscoequipomedico.com\/#website\"},\"primaryImageOfPage\":{\"@id\":\"https:\/\/buscoequipomedico.com\/?product=unidad-de-anestesia-intermedia-y-basica#primaryimage\"},\"image\":{\"@id\":\"https:\/\/buscoequipomedico.com\/?product=unidad-de-anestesia-intermedia-y-basica#primaryimage\"},\"thumbnailUrl\":\"https:\/\/buscoequipomedico.com\/wp-content\/uploads\/2020\/02\/unidad-de-anestesia-intermedia-y-basica-dameca-ax500-es-una-solucion-integral-de-anestesia-desarrollada-y-disenada-como-respuest.jpg\",\"datePublished\":\"2020-02-18T07:35:01+00:00\",\"dateModified\":\"2020-02-18T07:35:05+00:00\",\"breadcrumb\":{\"@id\":\"https:\/\/buscoequipomedico.com\/?product=unidad-de-anestesia-intermedia-y-basica#breadcrumb\"},\"inLanguage\":\"es\",\"potentialAction\":[{\"@type\":\"ReadAction\",\"target\":[\"https:\/\/buscoequipomedico.com\/?product=unidad-de-anestesia-intermedia-y-basica\"]}]},{\"@type\":\"ImageObject\",\"inLanguage\":\"es\",\"@id\":\"https:\/\/buscoequipomedico.com\/?product=unidad-de-anestesia-intermedia-y-basica#primaryimage\",\"url\":\"https:\/\/buscoequipomedico.com\/wp-content\/uploads\/2020\/02\/unidad-de-anestesia-intermedia-y-basica-dameca-ax500-es-una-solucion-integral-de-anestesia-desarrollada-y-disenada-como-respuest.jpg\",\"contentUrl\":\"https:\/\/buscoequipomedico.com\/wp-content\/uploads\/2020\/02\/unidad-de-anestesia-intermedia-y-basica-dameca-ax500-es-una-solucion-integral-de-anestesia-desarrollada-y-disenada-como-respuest.jpg\",\"width\":800,\"height\":800},{\"@type\":\"BreadcrumbList\",\"@id\":\"https:\/\/buscoequipomedico.com\/?product=unidad-de-anestesia-intermedia-y-basica#breadcrumb\",\"itemListElement\":[{\"@type\":\"ListItem\",\"position\":1,\"name\":\"Productos\",\"item\":\"https:\/\/buscoequipomedico.com\/shop\/\"},{\"@type\":\"ListItem\",\"position\":2,\"name\":\"UNIDAD DE ANESTESIA INTERMEDIA y B\u00c1SICA\"}]},{\"@type\":\"WebSite\",\"@id\":\"https:\/\/buscoequipomedico.com\/#website\",\"url\":\"https:\/\/buscoequipomedico.com\/\",\"name\":\"Tu mejor opci\u00f3n Equipo M\u00e9dico M\u00e9xico\",\"description\":\"Tienda de equipo m\u00e9dico\",\"publisher\":{\"@id\":\"https:\/\/buscoequipomedico.com\/#organization\"},\"potentialAction\":[{\"@type\":\"SearchAction\",\"target\":{\"@type\":\"EntryPoint\",\"urlTemplate\":\"https:\/\/buscoequipomedico.com\/?s={search_term_string}\"},\"query-input\":{\"@type\":\"PropertyValueSpecification\",\"valueRequired\":true,\"valueName\":\"search_term_string\"}}],\"inLanguage\":\"es\"},{\"@type\":\"Organization\",\"@id\":\"https:\/\/buscoequipomedico.com\/#organization\",\"name\":\"Tu mejor opci\u00f3n Equipo M\u00e9dico M\u00e9xico\",\"url\":\"https:\/\/buscoequipomedico.com\/\",\"logo\":{\"@type\":\"ImageObject\",\"inLanguage\":\"es\",\"@id\":\"https:\/\/buscoequipomedico.com\/#\/schema\/logo\/image\/\",\"url\":\"https:\/\/buscoequipomedico.com\/wp-content\/uploads\/2021\/07\/EMM-VPrincipal-scaled.jpg\",\"contentUrl\":\"https:\/\/buscoequipomedico.com\/wp-content\/uploads\/2021\/07\/EMM-VPrincipal-scaled.jpg\",\"width\":2560,\"height\":1058,\"caption\":\"Tu mejor opci\u00f3n Equipo M\u00e9dico M\u00e9xico\"},\"image\":{\"@id\":\"https:\/\/buscoequipomedico.com\/#\/schema\/logo\/image\/\"}}]}<\/script>\n<!-- \/ Yoast SEO plugin. -->","yoast_head_json":{"title":"UNIDAD DE ANESTESIA INTERMEDIA y B\u00c1SICA - Tu mejor opci\u00f3n Equipo M\u00e9dico M\u00e9xico","robots":{"index":"index","follow":"follow","max-snippet":"max-snippet:-1","max-image-preview":"max-image-preview:large","max-video-preview":"max-video-preview:-1"},"canonical":"https:\/\/buscoequipomedico.com\/?product=unidad-de-anestesia-intermedia-y-basica","og_locale":"es_ES","og_type":"article","og_title":"UNIDAD DE ANESTESIA INTERMEDIA y B\u00c1SICA - Tu mejor opci\u00f3n Equipo M\u00e9dico M\u00e9xico","og_description":"Dameca AX500 es una soluci\u00f3n integral de anestesia desarrollada y dise\u00f1ada como respuesta directa a los desaf\u00edos, flujos de trabajo y objetivos cl\u00ednicos y operativos del usuario final.\u00a0El resultado es una soluci\u00f3n de anestesia compacta y escalable, que se puede implementar en una amplia gama de entornos de quir\u00f3fano y administrar anestesia superior.","og_url":"https:\/\/buscoequipomedico.com\/?product=unidad-de-anestesia-intermedia-y-basica","og_site_name":"Tu mejor opci\u00f3n Equipo M\u00e9dico M\u00e9xico","article_modified_time":"2020-02-18T07:35:05+00:00","og_image":[{"width":800,"height":800,"url":"https:\/\/buscoequipomedico.com\/wp-content\/uploads\/2020\/02\/unidad-de-anestesia-intermedia-y-basica-dameca-ax500-es-una-solucion-integral-de-anestesia-desarrollada-y-disenada-como-respuest.jpg","type":"image\/jpeg"}],"twitter_card":"summary_large_image","twitter_misc":{"Tiempo de lectura":"1 minuto"},"schema":{"@context":"https:\/\/schema.org","@graph":[{"@type":"WebPage","@id":"https:\/\/buscoequipomedico.com\/?product=unidad-de-anestesia-intermedia-y-basica","url":"https:\/\/buscoequipomedico.com\/?product=unidad-de-anestesia-intermedia-y-basica","name":"UNIDAD DE ANESTESIA INTERMEDIA y B\u00c1SICA - Tu mejor opci\u00f3n Equipo M\u00e9dico M\u00e9xico","isPartOf":{"@id":"https:\/\/buscoequipomedico.com\/#website"},"primaryImageOfPage":{"@id":"https:\/\/buscoequipomedico.com\/?product=unidad-de-anestesia-intermedia-y-basica#primaryimage"},"image":{"@id":"https:\/\/buscoequipomedico.com\/?product=unidad-de-anestesia-intermedia-y-basica#primaryimage"},"thumbnailUrl":"https:\/\/buscoequipomedico.com\/wp-content\/uploads\/2020\/02\/unidad-de-anestesia-intermedia-y-basica-dameca-ax500-es-una-solucion-integral-de-anestesia-desarrollada-y-disenada-como-respuest.jpg","datePublished":"2020-02-18T07:35:01+00:00","dateModified":"2020-02-18T07:35:05+00:00","breadcrumb":{"@id":"https:\/\/buscoequipomedico.com\/?product=unidad-de-anestesia-intermedia-y-basica#breadcrumb"},"inLanguage":"es","potentialAction":[{"@type":"ReadAction","target":["https:\/\/buscoequipomedico.com\/?product=unidad-de-anestesia-intermedia-y-basica"]}]},{"@type":"ImageObject","inLanguage":"es","@id":"https:\/\/buscoequipomedico.com\/?product=unidad-de-anestesia-intermedia-y-basica#primaryimage","url":"https:\/\/buscoequipomedico.com\/wp-content\/uploads\/2020\/02\/unidad-de-anestesia-intermedia-y-basica-dameca-ax500-es-una-solucion-integral-de-anestesia-desarrollada-y-disenada-como-respuest.jpg","contentUrl":"https:\/\/buscoequipomedico.com\/wp-content\/uploads\/2020\/02\/unidad-de-anestesia-intermedia-y-basica-dameca-ax500-es-una-solucion-integral-de-anestesia-desarrollada-y-disenada-como-respuest.jpg","width":800,"height":800},{"@type":"BreadcrumbList","@id":"https:\/\/buscoequipomedico.com\/?product=unidad-de-anestesia-intermedia-y-basica#breadcrumb","itemListElement":[{"@type":"ListItem","position":1,"name":"Productos","item":"https:\/\/buscoequipomedico.com\/shop\/"},{"@type":"ListItem","position":2,"name":"UNIDAD DE ANESTESIA INTERMEDIA y B\u00c1SICA"}]},{"@type":"WebSite","@id":"https:\/\/buscoequipomedico.com\/#website","url":"https:\/\/buscoequipomedico.com\/","name":"Tu mejor opci\u00f3n Equipo M\u00e9dico M\u00e9xico","description":"Tienda de equipo m\u00e9dico","publisher":{"@id":"https:\/\/buscoequipomedico.com\/#organization"},"potentialAction":[{"@type":"SearchAction","target":{"@type":"EntryPoint","urlTemplate":"https:\/\/buscoequipomedico.com\/?s={search_term_string}"},"query-input":{"@type":"PropertyValueSpecification","valueRequired":true,"valueName":"search_term_string"}}],"inLanguage":"es"},{"@type":"Organization","@id":"https:\/\/buscoequipomedico.com\/#organization","name":"Tu mejor opci\u00f3n Equipo M\u00e9dico M\u00e9xico","url":"https:\/\/buscoequipomedico.com\/","logo":{"@type":"ImageObject","inLanguage":"es","@id":"https:\/\/buscoequipomedico.com\/#\/schema\/logo\/image\/","url":"https:\/\/buscoequipomedico.com\/wp-content\/uploads\/2021\/07\/EMM-VPrincipal-scaled.jpg","contentUrl":"https:\/\/buscoequipomedico.com\/wp-content\/uploads\/2021\/07\/EMM-VPrincipal-scaled.jpg","width":2560,"height":1058,"caption":"Tu mejor opci\u00f3n Equipo M\u00e9dico M\u00e9xico"},"image":{"@id":"https:\/\/buscoequipomedico.com\/#\/schema\/logo\/image\/"}}]}},"_links":{"self":[{"href":"https:\/\/buscoequipomedico.com\/index.php?rest_route=\/wp\/v2\/product\/12305","targetHints":{"allow":["GET"]}}],"collection":[{"href":"https:\/\/buscoequipomedico.com\/index.php?rest_route=\/wp\/v2\/product"}],"about":[{"href":"https:\/\/buscoequipomedico.com\/index.php?rest_route=\/wp\/v2\/types\/product"}],"wp:featuredmedia":[{"embeddable":true,"href":"https:\/\/buscoequipomedico.com\/index.php?rest_route=\/wp\/v2\/media\/12306"}],"wp:attachment":[{"href":"https:\/\/buscoequipomedico.com\/index.php?rest_route=%2Fwp%2Fv2%2Fmedia&parent=12305"}],"wp:term":[{"taxonomy":"product_brand","embeddable":true,"href":"https:\/\/buscoequipomedico.com\/index.php?rest_route=%2Fwp%2Fv2%2Fproduct_brand&post=12305"},{"taxonomy":"product_cat","embeddable":true,"href":"https:\/\/buscoequipomedico.com\/index.php?rest_route=%2Fwp%2Fv2%2Fproduct_cat&post=12305"},{"taxonomy":"product_tag","embeddable":true,"href":"https:\/\/buscoequipomedico.com\/index.php?rest_route=%2Fwp%2Fv2%2Fproduct_tag&post=12305"}],"curies":[{"name":"wp","href":"https:\/\/api.w.org\/{rel}","templated":true}]}}