{"id":12333,"date":"2020-02-18T07:35:06","date_gmt":"2020-02-18T07:35:06","guid":{"rendered":"https:\/\/equipomedicomexico-com.preview-domain.com\/product\/desfibrilador-monitor-con-marcapasos-y-spo2\/"},"modified":"2020-02-18T07:35:09","modified_gmt":"2020-02-18T07:35:09","slug":"desfibrilador-monitor-con-marcapasos-y-spo2","status":"publish","type":"product","link":"https:\/\/buscoequipomedico.com\/?product=desfibrilador-monitor-con-marcapasos-y-spo2","title":{"rendered":"DESFIBRILADOR &#8211; MONITOR con MARCAPASOS y SpO2"},"content":{"rendered":"<p>Este desfibrilador viene a color de punto pantalla LCD activa. Las formas de onda se muestran durante 3,7 segundos y las instrucciones y avisos guiar\u00e1n al usuario. Una bater\u00eda interna se utiliza como una copia de seguridad de alrededor de 2-3 horas. El tiempo total de carga de la bater\u00eda es de 4 horas. La impresora imprimir\u00e1 tiras continuas de informaci\u00f3n para el paciente. Hay alarmas para todos los par\u00e1metros.<\/p>\n<p>El ECG se puede supervisar con 3 o 5 cables del alambre ECG. Las paletas est\u00e1n disponibles como opci\u00f3n con la compra. Hay muchas indicaciones de voz para las advertencias seleccionadas. El SpO2 utiliza el set de Masimo. Una configuraci\u00f3n adicional est\u00e1 disponible para la compatibilidad con los sensores Nellcor Select. La frecuencia y el alcance del pulso son muy precisos. Este dispositivo es capaz de transferir datos, y almacenar los datos del paciente y los registros de forma de onda ECG. El usuario puede seleccionar e imprimir informes de la informaci\u00f3n almacenada.<\/p>\n","protected":false},"excerpt":{"rendered":"<p><span>El Medtronic Lifepak 20e es un desfibrilador confiable y f\u00e1cil de usar. El asa en conjunci\u00f3n con la estatura ligera, permite que esta m\u00e1quina sea transportada a dondequiera que un paciente pueda estar. Las formas de onda y la pantalla son f\u00e1ciles de leer, de modo que la desfibrilaci\u00f3n puede aplicarse r\u00e1pida y eficazmente. Este desfibrilador puede utilizarse como FAE. Esta m\u00e1quina es f\u00e1cil de mantener y de servicio.<\/span><\/p>\n","protected":false},"featured_media":12334,"template":"","meta":{"_joinchat":[]},"product_brand":[],"product_cat":[213],"product_tag":[],"class_list":{"0":"post-12333","1":"product","2":"type-product","3":"status-publish","4":"has-post-thumbnail","6":"product_cat-concentradores","7":"pa_marca-physio-control","9":"first","10":"instock","11":"purchasable","12":"product-type-simple"},"yoast_head":"<!-- This site is optimized with the Yoast SEO plugin v25.1 - https:\/\/yoast.com\/wordpress\/plugins\/seo\/ -->\n<title>DESFIBRILADOR - MONITOR con MARCAPASOS y SpO2 - Tu mejor opci\u00f3n Equipo M\u00e9dico M\u00e9xico<\/title>\n<meta name=\"robots\" content=\"index, follow, max-snippet:-1, max-image-preview:large, max-video-preview:-1\" \/>\n<link rel=\"canonical\" href=\"https:\/\/buscoequipomedico.com\/?product=desfibrilador-monitor-con-marcapasos-y-spo2\" \/>\n<meta property=\"og:locale\" content=\"es_ES\" \/>\n<meta property=\"og:type\" content=\"article\" \/>\n<meta property=\"og:title\" content=\"DESFIBRILADOR - MONITOR con MARCAPASOS y SpO2 - Tu mejor opci\u00f3n Equipo M\u00e9dico M\u00e9xico\" \/>\n<meta property=\"og:description\" content=\"El Medtronic Lifepak 20e es un desfibrilador confiable y f\u00e1cil de usar. El asa en conjunci\u00f3n con la estatura ligera, permite que esta m\u00e1quina sea transportada a dondequiera que un paciente pueda estar. Las formas de onda y la pantalla son f\u00e1ciles de leer, de modo que la desfibrilaci\u00f3n puede aplicarse r\u00e1pida y eficazmente. Este desfibrilador puede utilizarse como FAE. Esta m\u00e1quina es f\u00e1cil de mantener y de servicio.\" \/>\n<meta property=\"og:url\" content=\"https:\/\/buscoequipomedico.com\/?product=desfibrilador-monitor-con-marcapasos-y-spo2\" \/>\n<meta property=\"og:site_name\" content=\"Tu mejor opci\u00f3n Equipo M\u00e9dico M\u00e9xico\" \/>\n<meta property=\"article:modified_time\" content=\"2020-02-18T07:35:09+00:00\" \/>\n<meta property=\"og:image\" content=\"https:\/\/buscoequipomedico.com\/wp-content\/uploads\/2020\/02\/desfibrilador-monitor-con-marcapasos-y-spo2-el-medtronic-lifepak-20e-es-un-desfibrilador-confiable-y-facil-de-usar-el-asa-en-con.jpg\" \/>\n\t<meta property=\"og:image:width\" content=\"800\" \/>\n\t<meta property=\"og:image:height\" content=\"800\" \/>\n\t<meta property=\"og:image:type\" content=\"image\/jpeg\" \/>\n<meta name=\"twitter:card\" content=\"summary_large_image\" \/>\n<meta name=\"twitter:label1\" content=\"Tiempo de lectura\" \/>\n\t<meta name=\"twitter:data1\" content=\"1 minuto\" \/>\n<script type=\"application\/ld+json\" class=\"yoast-schema-graph\">{\"@context\":\"https:\/\/schema.org\",\"@graph\":[{\"@type\":\"WebPage\",\"@id\":\"https:\/\/buscoequipomedico.com\/?product=desfibrilador-monitor-con-marcapasos-y-spo2\",\"url\":\"https:\/\/buscoequipomedico.com\/?product=desfibrilador-monitor-con-marcapasos-y-spo2\",\"name\":\"DESFIBRILADOR - MONITOR con MARCAPASOS y SpO2 - Tu mejor opci\u00f3n Equipo M\u00e9dico M\u00e9xico\",\"isPartOf\":{\"@id\":\"https:\/\/buscoequipomedico.com\/#website\"},\"primaryImageOfPage\":{\"@id\":\"https:\/\/buscoequipomedico.com\/?product=desfibrilador-monitor-con-marcapasos-y-spo2#primaryimage\"},\"image\":{\"@id\":\"https:\/\/buscoequipomedico.com\/?product=desfibrilador-monitor-con-marcapasos-y-spo2#primaryimage\"},\"thumbnailUrl\":\"https:\/\/buscoequipomedico.com\/wp-content\/uploads\/2020\/02\/desfibrilador-monitor-con-marcapasos-y-spo2-el-medtronic-lifepak-20e-es-un-desfibrilador-confiable-y-facil-de-usar-el-asa-en-con.jpg\",\"datePublished\":\"2020-02-18T07:35:06+00:00\",\"dateModified\":\"2020-02-18T07:35:09+00:00\",\"breadcrumb\":{\"@id\":\"https:\/\/buscoequipomedico.com\/?product=desfibrilador-monitor-con-marcapasos-y-spo2#breadcrumb\"},\"inLanguage\":\"es\",\"potentialAction\":[{\"@type\":\"ReadAction\",\"target\":[\"https:\/\/buscoequipomedico.com\/?product=desfibrilador-monitor-con-marcapasos-y-spo2\"]}]},{\"@type\":\"ImageObject\",\"inLanguage\":\"es\",\"@id\":\"https:\/\/buscoequipomedico.com\/?product=desfibrilador-monitor-con-marcapasos-y-spo2#primaryimage\",\"url\":\"https:\/\/buscoequipomedico.com\/wp-content\/uploads\/2020\/02\/desfibrilador-monitor-con-marcapasos-y-spo2-el-medtronic-lifepak-20e-es-un-desfibrilador-confiable-y-facil-de-usar-el-asa-en-con.jpg\",\"contentUrl\":\"https:\/\/buscoequipomedico.com\/wp-content\/uploads\/2020\/02\/desfibrilador-monitor-con-marcapasos-y-spo2-el-medtronic-lifepak-20e-es-un-desfibrilador-confiable-y-facil-de-usar-el-asa-en-con.jpg\",\"width\":800,\"height\":800},{\"@type\":\"BreadcrumbList\",\"@id\":\"https:\/\/buscoequipomedico.com\/?product=desfibrilador-monitor-con-marcapasos-y-spo2#breadcrumb\",\"itemListElement\":[{\"@type\":\"ListItem\",\"position\":1,\"name\":\"Productos\",\"item\":\"https:\/\/buscoequipomedico.com\/shop\/\"},{\"@type\":\"ListItem\",\"position\":2,\"name\":\"DESFIBRILADOR &#8211; MONITOR con MARCAPASOS y SpO2\"}]},{\"@type\":\"WebSite\",\"@id\":\"https:\/\/buscoequipomedico.com\/#website\",\"url\":\"https:\/\/buscoequipomedico.com\/\",\"name\":\"Tu mejor opci\u00f3n Equipo M\u00e9dico M\u00e9xico\",\"description\":\"Tienda de equipo m\u00e9dico\",\"publisher\":{\"@id\":\"https:\/\/buscoequipomedico.com\/#organization\"},\"potentialAction\":[{\"@type\":\"SearchAction\",\"target\":{\"@type\":\"EntryPoint\",\"urlTemplate\":\"https:\/\/buscoequipomedico.com\/?s={search_term_string}\"},\"query-input\":{\"@type\":\"PropertyValueSpecification\",\"valueRequired\":true,\"valueName\":\"search_term_string\"}}],\"inLanguage\":\"es\"},{\"@type\":\"Organization\",\"@id\":\"https:\/\/buscoequipomedico.com\/#organization\",\"name\":\"Tu mejor opci\u00f3n Equipo M\u00e9dico M\u00e9xico\",\"url\":\"https:\/\/buscoequipomedico.com\/\",\"logo\":{\"@type\":\"ImageObject\",\"inLanguage\":\"es\",\"@id\":\"https:\/\/buscoequipomedico.com\/#\/schema\/logo\/image\/\",\"url\":\"https:\/\/buscoequipomedico.com\/wp-content\/uploads\/2021\/07\/EMM-VPrincipal-scaled.jpg\",\"contentUrl\":\"https:\/\/buscoequipomedico.com\/wp-content\/uploads\/2021\/07\/EMM-VPrincipal-scaled.jpg\",\"width\":2560,\"height\":1058,\"caption\":\"Tu mejor opci\u00f3n Equipo M\u00e9dico M\u00e9xico\"},\"image\":{\"@id\":\"https:\/\/buscoequipomedico.com\/#\/schema\/logo\/image\/\"}}]}<\/script>\n<!-- \/ Yoast SEO plugin. -->","yoast_head_json":{"title":"DESFIBRILADOR - MONITOR con MARCAPASOS y SpO2 - Tu mejor opci\u00f3n Equipo M\u00e9dico M\u00e9xico","robots":{"index":"index","follow":"follow","max-snippet":"max-snippet:-1","max-image-preview":"max-image-preview:large","max-video-preview":"max-video-preview:-1"},"canonical":"https:\/\/buscoequipomedico.com\/?product=desfibrilador-monitor-con-marcapasos-y-spo2","og_locale":"es_ES","og_type":"article","og_title":"DESFIBRILADOR - MONITOR con MARCAPASOS y SpO2 - Tu mejor opci\u00f3n Equipo M\u00e9dico M\u00e9xico","og_description":"El Medtronic Lifepak 20e es un desfibrilador confiable y f\u00e1cil de usar. El asa en conjunci\u00f3n con la estatura ligera, permite que esta m\u00e1quina sea transportada a dondequiera que un paciente pueda estar. Las formas de onda y la pantalla son f\u00e1ciles de leer, de modo que la desfibrilaci\u00f3n puede aplicarse r\u00e1pida y eficazmente. Este desfibrilador puede utilizarse como FAE. Esta m\u00e1quina es f\u00e1cil de mantener y de servicio.","og_url":"https:\/\/buscoequipomedico.com\/?product=desfibrilador-monitor-con-marcapasos-y-spo2","og_site_name":"Tu mejor opci\u00f3n Equipo M\u00e9dico M\u00e9xico","article_modified_time":"2020-02-18T07:35:09+00:00","og_image":[{"width":800,"height":800,"url":"https:\/\/buscoequipomedico.com\/wp-content\/uploads\/2020\/02\/desfibrilador-monitor-con-marcapasos-y-spo2-el-medtronic-lifepak-20e-es-un-desfibrilador-confiable-y-facil-de-usar-el-asa-en-con.jpg","type":"image\/jpeg"}],"twitter_card":"summary_large_image","twitter_misc":{"Tiempo de lectura":"1 minuto"},"schema":{"@context":"https:\/\/schema.org","@graph":[{"@type":"WebPage","@id":"https:\/\/buscoequipomedico.com\/?product=desfibrilador-monitor-con-marcapasos-y-spo2","url":"https:\/\/buscoequipomedico.com\/?product=desfibrilador-monitor-con-marcapasos-y-spo2","name":"DESFIBRILADOR - MONITOR con MARCAPASOS y SpO2 - Tu mejor opci\u00f3n Equipo M\u00e9dico M\u00e9xico","isPartOf":{"@id":"https:\/\/buscoequipomedico.com\/#website"},"primaryImageOfPage":{"@id":"https:\/\/buscoequipomedico.com\/?product=desfibrilador-monitor-con-marcapasos-y-spo2#primaryimage"},"image":{"@id":"https:\/\/buscoequipomedico.com\/?product=desfibrilador-monitor-con-marcapasos-y-spo2#primaryimage"},"thumbnailUrl":"https:\/\/buscoequipomedico.com\/wp-content\/uploads\/2020\/02\/desfibrilador-monitor-con-marcapasos-y-spo2-el-medtronic-lifepak-20e-es-un-desfibrilador-confiable-y-facil-de-usar-el-asa-en-con.jpg","datePublished":"2020-02-18T07:35:06+00:00","dateModified":"2020-02-18T07:35:09+00:00","breadcrumb":{"@id":"https:\/\/buscoequipomedico.com\/?product=desfibrilador-monitor-con-marcapasos-y-spo2#breadcrumb"},"inLanguage":"es","potentialAction":[{"@type":"ReadAction","target":["https:\/\/buscoequipomedico.com\/?product=desfibrilador-monitor-con-marcapasos-y-spo2"]}]},{"@type":"ImageObject","inLanguage":"es","@id":"https:\/\/buscoequipomedico.com\/?product=desfibrilador-monitor-con-marcapasos-y-spo2#primaryimage","url":"https:\/\/buscoequipomedico.com\/wp-content\/uploads\/2020\/02\/desfibrilador-monitor-con-marcapasos-y-spo2-el-medtronic-lifepak-20e-es-un-desfibrilador-confiable-y-facil-de-usar-el-asa-en-con.jpg","contentUrl":"https:\/\/buscoequipomedico.com\/wp-content\/uploads\/2020\/02\/desfibrilador-monitor-con-marcapasos-y-spo2-el-medtronic-lifepak-20e-es-un-desfibrilador-confiable-y-facil-de-usar-el-asa-en-con.jpg","width":800,"height":800},{"@type":"BreadcrumbList","@id":"https:\/\/buscoequipomedico.com\/?product=desfibrilador-monitor-con-marcapasos-y-spo2#breadcrumb","itemListElement":[{"@type":"ListItem","position":1,"name":"Productos","item":"https:\/\/buscoequipomedico.com\/shop\/"},{"@type":"ListItem","position":2,"name":"DESFIBRILADOR &#8211; MONITOR con MARCAPASOS y SpO2"}]},{"@type":"WebSite","@id":"https:\/\/buscoequipomedico.com\/#website","url":"https:\/\/buscoequipomedico.com\/","name":"Tu mejor opci\u00f3n Equipo M\u00e9dico M\u00e9xico","description":"Tienda de equipo m\u00e9dico","publisher":{"@id":"https:\/\/buscoequipomedico.com\/#organization"},"potentialAction":[{"@type":"SearchAction","target":{"@type":"EntryPoint","urlTemplate":"https:\/\/buscoequipomedico.com\/?s={search_term_string}"},"query-input":{"@type":"PropertyValueSpecification","valueRequired":true,"valueName":"search_term_string"}}],"inLanguage":"es"},{"@type":"Organization","@id":"https:\/\/buscoequipomedico.com\/#organization","name":"Tu mejor opci\u00f3n Equipo M\u00e9dico M\u00e9xico","url":"https:\/\/buscoequipomedico.com\/","logo":{"@type":"ImageObject","inLanguage":"es","@id":"https:\/\/buscoequipomedico.com\/#\/schema\/logo\/image\/","url":"https:\/\/buscoequipomedico.com\/wp-content\/uploads\/2021\/07\/EMM-VPrincipal-scaled.jpg","contentUrl":"https:\/\/buscoequipomedico.com\/wp-content\/uploads\/2021\/07\/EMM-VPrincipal-scaled.jpg","width":2560,"height":1058,"caption":"Tu mejor opci\u00f3n Equipo M\u00e9dico M\u00e9xico"},"image":{"@id":"https:\/\/buscoequipomedico.com\/#\/schema\/logo\/image\/"}}]}},"_links":{"self":[{"href":"https:\/\/buscoequipomedico.com\/index.php?rest_route=\/wp\/v2\/product\/12333","targetHints":{"allow":["GET"]}}],"collection":[{"href":"https:\/\/buscoequipomedico.com\/index.php?rest_route=\/wp\/v2\/product"}],"about":[{"href":"https:\/\/buscoequipomedico.com\/index.php?rest_route=\/wp\/v2\/types\/product"}],"wp:featuredmedia":[{"embeddable":true,"href":"https:\/\/buscoequipomedico.com\/index.php?rest_route=\/wp\/v2\/media\/12334"}],"wp:attachment":[{"href":"https:\/\/buscoequipomedico.com\/index.php?rest_route=%2Fwp%2Fv2%2Fmedia&parent=12333"}],"wp:term":[{"taxonomy":"product_brand","embeddable":true,"href":"https:\/\/buscoequipomedico.com\/index.php?rest_route=%2Fwp%2Fv2%2Fproduct_brand&post=12333"},{"taxonomy":"product_cat","embeddable":true,"href":"https:\/\/buscoequipomedico.com\/index.php?rest_route=%2Fwp%2Fv2%2Fproduct_cat&post=12333"},{"taxonomy":"product_tag","embeddable":true,"href":"https:\/\/buscoequipomedico.com\/index.php?rest_route=%2Fwp%2Fv2%2Fproduct_tag&post=12333"}],"curies":[{"name":"wp","href":"https:\/\/api.w.org\/{rel}","templated":true}]}}