{"id":12509,"date":"2020-02-18T07:35:32","date_gmt":"2020-02-18T07:35:32","guid":{"rendered":"https:\/\/equipomedicomexico-com.preview-domain.com\/product\/lampara-de-exploracion-multiangulo-pared-y-piso-50-wts-leds\/"},"modified":"2020-02-18T07:35:33","modified_gmt":"2020-02-18T07:35:33","slug":"lampara-de-exploracion-multiangulo-pared-y-piso-50-wts-leds","status":"publish","type":"product","link":"https:\/\/buscoequipomedico.com\/?product=lampara-de-exploracion-multiangulo-pared-y-piso-50-wts-leds","title":{"rendered":"L\u00c1MPARA DE EXPLORACION MULTIANGULO  PARED Y PISO 50 WTS LEDS"},"content":{"rendered":"<p><span><span>Caracter\u00edsticas:<\/span><\/span><\/p>\n<ul>\n<li>Ilumina de forma \u00f3ptima la zona de exploraci\u00f3n Fuente de luz LED incandescente.<\/li>\n<li>L\u00e1mpara multi\u00e1ngulos con brazo altamente flexible de gran longitud, puede doblar en todas direcciones, quedando la l\u00e1mpara en la posici\u00f3n elegida.<\/li>\n<li>F\u00e1cil de conectar, esta disponible con soporte de pedestal y para pared (incluido).<\/li>\n<li>Dispositivo de enfoque en la parte del cabezal de la l\u00e1mpara para ajustar exactamente el tama\u00f1o del campo de exploraci\u00f3n iluminado.<\/li>\n<\/ul>\n","protected":false},"excerpt":{"rendered":"<ul>\n<li>Voltaje: AC-110V\/220V<\/li>\n<li>Potencia:30W \u2013 50W<\/li>\n<li>Tiempo de vida: 50000 h<\/li>\n<li>Empaque: L\u00e1mpara colgante 60 x 12 x 26 cm<\/li>\n<li>Base de l\u00e1mpara: 85 x<span>\u00a0\u00a0 <\/span>21 x 25 cm<\/li>\n<li>Peso 3.8 kg<\/li>\n<\/ul>\n","protected":false},"featured_media":12510,"template":"","meta":{"_joinchat":[]},"product_brand":[],"product_cat":[278,283],"product_tag":[],"class_list":{"0":"post-12509","1":"product","2":"type-product","3":"status-publish","4":"has-post-thumbnail","6":"product_cat-lamparas","7":"product_cat-lamparas-de-exploracion","8":"pa_marca-led-view","10":"first","11":"instock","12":"purchasable","13":"product-type-simple"},"yoast_head":"<!-- This site is optimized with the Yoast SEO plugin v25.1 - https:\/\/yoast.com\/wordpress\/plugins\/seo\/ -->\n<title>L\u00c1MPARA DE EXPLORACION MULTIANGULO PARED Y PISO 50 WTS LEDS - Tu mejor opci\u00f3n Equipo M\u00e9dico M\u00e9xico<\/title>\n<meta name=\"robots\" content=\"index, follow, max-snippet:-1, max-image-preview:large, max-video-preview:-1\" \/>\n<link rel=\"canonical\" href=\"https:\/\/buscoequipomedico.com\/?product=lampara-de-exploracion-multiangulo-pared-y-piso-50-wts-leds\" \/>\n<meta property=\"og:locale\" content=\"es_ES\" \/>\n<meta property=\"og:type\" content=\"article\" \/>\n<meta property=\"og:title\" content=\"L\u00c1MPARA DE EXPLORACION MULTIANGULO PARED Y PISO 50 WTS LEDS - Tu mejor opci\u00f3n Equipo M\u00e9dico M\u00e9xico\" \/>\n<meta property=\"og:description\" content=\"Voltaje: AC-110V\/220V Potencia:30W \u2013 50W Tiempo de vida: 50000 h Empaque: L\u00e1mpara colgante 60 x 12 x 26 cm Base de l\u00e1mpara: 85 x\u00a0\u00a0 21 x 25 cm Peso 3.8 kg\" \/>\n<meta property=\"og:url\" content=\"https:\/\/buscoequipomedico.com\/?product=lampara-de-exploracion-multiangulo-pared-y-piso-50-wts-leds\" \/>\n<meta property=\"og:site_name\" content=\"Tu mejor opci\u00f3n Equipo M\u00e9dico M\u00e9xico\" \/>\n<meta property=\"article:modified_time\" content=\"2020-02-18T07:35:33+00:00\" \/>\n<meta property=\"og:image\" content=\"https:\/\/buscoequipomedico.com\/wp-content\/uploads\/2020\/02\/lampara-de-exploracion-multiangulo-pared-y-piso-50-wts-leds-voltaje-ac-110v-220v-potencia30w-50w-tiempo-de-vida-50000-h-empaque.jpg\" \/>\n\t<meta property=\"og:image:width\" content=\"800\" \/>\n\t<meta property=\"og:image:height\" content=\"800\" \/>\n\t<meta property=\"og:image:type\" content=\"image\/png\" \/>\n<meta name=\"twitter:card\" content=\"summary_large_image\" \/>\n<script type=\"application\/ld+json\" class=\"yoast-schema-graph\">{\"@context\":\"https:\/\/schema.org\",\"@graph\":[{\"@type\":\"WebPage\",\"@id\":\"https:\/\/buscoequipomedico.com\/?product=lampara-de-exploracion-multiangulo-pared-y-piso-50-wts-leds\",\"url\":\"https:\/\/buscoequipomedico.com\/?product=lampara-de-exploracion-multiangulo-pared-y-piso-50-wts-leds\",\"name\":\"L\u00c1MPARA DE EXPLORACION MULTIANGULO PARED Y PISO 50 WTS LEDS - Tu mejor opci\u00f3n Equipo M\u00e9dico M\u00e9xico\",\"isPartOf\":{\"@id\":\"https:\/\/buscoequipomedico.com\/#website\"},\"primaryImageOfPage\":{\"@id\":\"https:\/\/buscoequipomedico.com\/?product=lampara-de-exploracion-multiangulo-pared-y-piso-50-wts-leds#primaryimage\"},\"image\":{\"@id\":\"https:\/\/buscoequipomedico.com\/?product=lampara-de-exploracion-multiangulo-pared-y-piso-50-wts-leds#primaryimage\"},\"thumbnailUrl\":\"https:\/\/buscoequipomedico.com\/wp-content\/uploads\/2020\/02\/lampara-de-exploracion-multiangulo-pared-y-piso-50-wts-leds-voltaje-ac-110v-220v-potencia30w-50w-tiempo-de-vida-50000-h-empaque.jpg\",\"datePublished\":\"2020-02-18T07:35:32+00:00\",\"dateModified\":\"2020-02-18T07:35:33+00:00\",\"breadcrumb\":{\"@id\":\"https:\/\/buscoequipomedico.com\/?product=lampara-de-exploracion-multiangulo-pared-y-piso-50-wts-leds#breadcrumb\"},\"inLanguage\":\"es\",\"potentialAction\":[{\"@type\":\"ReadAction\",\"target\":[\"https:\/\/buscoequipomedico.com\/?product=lampara-de-exploracion-multiangulo-pared-y-piso-50-wts-leds\"]}]},{\"@type\":\"ImageObject\",\"inLanguage\":\"es\",\"@id\":\"https:\/\/buscoequipomedico.com\/?product=lampara-de-exploracion-multiangulo-pared-y-piso-50-wts-leds#primaryimage\",\"url\":\"https:\/\/buscoequipomedico.com\/wp-content\/uploads\/2020\/02\/lampara-de-exploracion-multiangulo-pared-y-piso-50-wts-leds-voltaje-ac-110v-220v-potencia30w-50w-tiempo-de-vida-50000-h-empaque.jpg\",\"contentUrl\":\"https:\/\/buscoequipomedico.com\/wp-content\/uploads\/2020\/02\/lampara-de-exploracion-multiangulo-pared-y-piso-50-wts-leds-voltaje-ac-110v-220v-potencia30w-50w-tiempo-de-vida-50000-h-empaque.jpg\",\"width\":800,\"height\":800},{\"@type\":\"BreadcrumbList\",\"@id\":\"https:\/\/buscoequipomedico.com\/?product=lampara-de-exploracion-multiangulo-pared-y-piso-50-wts-leds#breadcrumb\",\"itemListElement\":[{\"@type\":\"ListItem\",\"position\":1,\"name\":\"Productos\",\"item\":\"https:\/\/buscoequipomedico.com\/shop\/\"},{\"@type\":\"ListItem\",\"position\":2,\"name\":\"L\u00c1MPARA DE EXPLORACION MULTIANGULO PARED Y PISO 50 WTS LEDS\"}]},{\"@type\":\"WebSite\",\"@id\":\"https:\/\/buscoequipomedico.com\/#website\",\"url\":\"https:\/\/buscoequipomedico.com\/\",\"name\":\"Tu mejor opci\u00f3n Equipo M\u00e9dico M\u00e9xico\",\"description\":\"Tienda de equipo m\u00e9dico\",\"publisher\":{\"@id\":\"https:\/\/buscoequipomedico.com\/#organization\"},\"potentialAction\":[{\"@type\":\"SearchAction\",\"target\":{\"@type\":\"EntryPoint\",\"urlTemplate\":\"https:\/\/buscoequipomedico.com\/?s={search_term_string}\"},\"query-input\":{\"@type\":\"PropertyValueSpecification\",\"valueRequired\":true,\"valueName\":\"search_term_string\"}}],\"inLanguage\":\"es\"},{\"@type\":\"Organization\",\"@id\":\"https:\/\/buscoequipomedico.com\/#organization\",\"name\":\"Tu mejor opci\u00f3n Equipo M\u00e9dico M\u00e9xico\",\"url\":\"https:\/\/buscoequipomedico.com\/\",\"logo\":{\"@type\":\"ImageObject\",\"inLanguage\":\"es\",\"@id\":\"https:\/\/buscoequipomedico.com\/#\/schema\/logo\/image\/\",\"url\":\"https:\/\/buscoequipomedico.com\/wp-content\/uploads\/2021\/07\/EMM-VPrincipal-scaled.jpg\",\"contentUrl\":\"https:\/\/buscoequipomedico.com\/wp-content\/uploads\/2021\/07\/EMM-VPrincipal-scaled.jpg\",\"width\":2560,\"height\":1058,\"caption\":\"Tu mejor opci\u00f3n Equipo M\u00e9dico M\u00e9xico\"},\"image\":{\"@id\":\"https:\/\/buscoequipomedico.com\/#\/schema\/logo\/image\/\"}}]}<\/script>\n<!-- \/ Yoast SEO plugin. -->","yoast_head_json":{"title":"L\u00c1MPARA DE EXPLORACION MULTIANGULO PARED Y PISO 50 WTS LEDS - Tu mejor opci\u00f3n Equipo M\u00e9dico M\u00e9xico","robots":{"index":"index","follow":"follow","max-snippet":"max-snippet:-1","max-image-preview":"max-image-preview:large","max-video-preview":"max-video-preview:-1"},"canonical":"https:\/\/buscoequipomedico.com\/?product=lampara-de-exploracion-multiangulo-pared-y-piso-50-wts-leds","og_locale":"es_ES","og_type":"article","og_title":"L\u00c1MPARA DE EXPLORACION MULTIANGULO PARED Y PISO 50 WTS LEDS - Tu mejor opci\u00f3n Equipo M\u00e9dico M\u00e9xico","og_description":"Voltaje: AC-110V\/220V Potencia:30W \u2013 50W Tiempo de vida: 50000 h Empaque: L\u00e1mpara colgante 60 x 12 x 26 cm Base de l\u00e1mpara: 85 x\u00a0\u00a0 21 x 25 cm Peso 3.8 kg","og_url":"https:\/\/buscoequipomedico.com\/?product=lampara-de-exploracion-multiangulo-pared-y-piso-50-wts-leds","og_site_name":"Tu mejor opci\u00f3n Equipo M\u00e9dico M\u00e9xico","article_modified_time":"2020-02-18T07:35:33+00:00","og_image":[{"width":800,"height":800,"url":"https:\/\/buscoequipomedico.com\/wp-content\/uploads\/2020\/02\/lampara-de-exploracion-multiangulo-pared-y-piso-50-wts-leds-voltaje-ac-110v-220v-potencia30w-50w-tiempo-de-vida-50000-h-empaque.jpg","type":"image\/png"}],"twitter_card":"summary_large_image","schema":{"@context":"https:\/\/schema.org","@graph":[{"@type":"WebPage","@id":"https:\/\/buscoequipomedico.com\/?product=lampara-de-exploracion-multiangulo-pared-y-piso-50-wts-leds","url":"https:\/\/buscoequipomedico.com\/?product=lampara-de-exploracion-multiangulo-pared-y-piso-50-wts-leds","name":"L\u00c1MPARA DE EXPLORACION MULTIANGULO PARED Y PISO 50 WTS LEDS - Tu mejor opci\u00f3n Equipo M\u00e9dico M\u00e9xico","isPartOf":{"@id":"https:\/\/buscoequipomedico.com\/#website"},"primaryImageOfPage":{"@id":"https:\/\/buscoequipomedico.com\/?product=lampara-de-exploracion-multiangulo-pared-y-piso-50-wts-leds#primaryimage"},"image":{"@id":"https:\/\/buscoequipomedico.com\/?product=lampara-de-exploracion-multiangulo-pared-y-piso-50-wts-leds#primaryimage"},"thumbnailUrl":"https:\/\/buscoequipomedico.com\/wp-content\/uploads\/2020\/02\/lampara-de-exploracion-multiangulo-pared-y-piso-50-wts-leds-voltaje-ac-110v-220v-potencia30w-50w-tiempo-de-vida-50000-h-empaque.jpg","datePublished":"2020-02-18T07:35:32+00:00","dateModified":"2020-02-18T07:35:33+00:00","breadcrumb":{"@id":"https:\/\/buscoequipomedico.com\/?product=lampara-de-exploracion-multiangulo-pared-y-piso-50-wts-leds#breadcrumb"},"inLanguage":"es","potentialAction":[{"@type":"ReadAction","target":["https:\/\/buscoequipomedico.com\/?product=lampara-de-exploracion-multiangulo-pared-y-piso-50-wts-leds"]}]},{"@type":"ImageObject","inLanguage":"es","@id":"https:\/\/buscoequipomedico.com\/?product=lampara-de-exploracion-multiangulo-pared-y-piso-50-wts-leds#primaryimage","url":"https:\/\/buscoequipomedico.com\/wp-content\/uploads\/2020\/02\/lampara-de-exploracion-multiangulo-pared-y-piso-50-wts-leds-voltaje-ac-110v-220v-potencia30w-50w-tiempo-de-vida-50000-h-empaque.jpg","contentUrl":"https:\/\/buscoequipomedico.com\/wp-content\/uploads\/2020\/02\/lampara-de-exploracion-multiangulo-pared-y-piso-50-wts-leds-voltaje-ac-110v-220v-potencia30w-50w-tiempo-de-vida-50000-h-empaque.jpg","width":800,"height":800},{"@type":"BreadcrumbList","@id":"https:\/\/buscoequipomedico.com\/?product=lampara-de-exploracion-multiangulo-pared-y-piso-50-wts-leds#breadcrumb","itemListElement":[{"@type":"ListItem","position":1,"name":"Productos","item":"https:\/\/buscoequipomedico.com\/shop\/"},{"@type":"ListItem","position":2,"name":"L\u00c1MPARA DE EXPLORACION MULTIANGULO PARED Y PISO 50 WTS LEDS"}]},{"@type":"WebSite","@id":"https:\/\/buscoequipomedico.com\/#website","url":"https:\/\/buscoequipomedico.com\/","name":"Tu mejor opci\u00f3n Equipo M\u00e9dico M\u00e9xico","description":"Tienda de equipo m\u00e9dico","publisher":{"@id":"https:\/\/buscoequipomedico.com\/#organization"},"potentialAction":[{"@type":"SearchAction","target":{"@type":"EntryPoint","urlTemplate":"https:\/\/buscoequipomedico.com\/?s={search_term_string}"},"query-input":{"@type":"PropertyValueSpecification","valueRequired":true,"valueName":"search_term_string"}}],"inLanguage":"es"},{"@type":"Organization","@id":"https:\/\/buscoequipomedico.com\/#organization","name":"Tu mejor opci\u00f3n Equipo M\u00e9dico M\u00e9xico","url":"https:\/\/buscoequipomedico.com\/","logo":{"@type":"ImageObject","inLanguage":"es","@id":"https:\/\/buscoequipomedico.com\/#\/schema\/logo\/image\/","url":"https:\/\/buscoequipomedico.com\/wp-content\/uploads\/2021\/07\/EMM-VPrincipal-scaled.jpg","contentUrl":"https:\/\/buscoequipomedico.com\/wp-content\/uploads\/2021\/07\/EMM-VPrincipal-scaled.jpg","width":2560,"height":1058,"caption":"Tu mejor opci\u00f3n Equipo M\u00e9dico M\u00e9xico"},"image":{"@id":"https:\/\/buscoequipomedico.com\/#\/schema\/logo\/image\/"}}]}},"_links":{"self":[{"href":"https:\/\/buscoequipomedico.com\/index.php?rest_route=\/wp\/v2\/product\/12509","targetHints":{"allow":["GET"]}}],"collection":[{"href":"https:\/\/buscoequipomedico.com\/index.php?rest_route=\/wp\/v2\/product"}],"about":[{"href":"https:\/\/buscoequipomedico.com\/index.php?rest_route=\/wp\/v2\/types\/product"}],"wp:featuredmedia":[{"embeddable":true,"href":"https:\/\/buscoequipomedico.com\/index.php?rest_route=\/wp\/v2\/media\/12510"}],"wp:attachment":[{"href":"https:\/\/buscoequipomedico.com\/index.php?rest_route=%2Fwp%2Fv2%2Fmedia&parent=12509"}],"wp:term":[{"taxonomy":"product_brand","embeddable":true,"href":"https:\/\/buscoequipomedico.com\/index.php?rest_route=%2Fwp%2Fv2%2Fproduct_brand&post=12509"},{"taxonomy":"product_cat","embeddable":true,"href":"https:\/\/buscoequipomedico.com\/index.php?rest_route=%2Fwp%2Fv2%2Fproduct_cat&post=12509"},{"taxonomy":"product_tag","embeddable":true,"href":"https:\/\/buscoequipomedico.com\/index.php?rest_route=%2Fwp%2Fv2%2Fproduct_tag&post=12509"}],"curies":[{"name":"wp","href":"https:\/\/api.w.org\/{rel}","templated":true}]}}