{"id":12529,"date":"2020-02-18T07:35:32","date_gmt":"2020-02-18T07:35:32","guid":{"rendered":"https:\/\/equipomedicomexico-com.preview-domain.com\/product\/lampara-heine-frontal-ml4-led\/"},"modified":"2020-02-18T07:35:35","modified_gmt":"2020-02-18T07:35:35","slug":"lampara-heine-frontal-ml4-led","status":"publish","type":"product","link":"https:\/\/buscoequipomedico.com\/?product=lampara-heine-frontal-ml4-led","title":{"rendered":"LAMPARA HEINE FRONTAL ML4 LED"},"content":{"rendered":"<\/p>\n<ul>\n<li>&#8211; Flexible, suministro modular de corriente-libertad de movimientos de un 100% gracias a la bater\u00eda inal\u00e1mbrica mPack (bater\u00eda recargable).\u00a0<\/li>\n<li>&#8211; M\u00e1xima comodidad y seguridad, la cinta craneal ML4 Profesional se adapta a todas las formas de cabeza y el acolchado proporciona la mayor comodidad<\/li>\n<li>Libertad ilimitada de movimiento sin molestos cables de conexi\u00f3n a las unidades de mesa, de pared o de exploraci\u00f3n.\u00a0<\/li>\n<li>&#8211; Carga r\u00e1pida a la capacidad de total en 2 horas.<\/li>\n<li>&#8211; Indicador de carga de bater\u00eda, permite saber en cualquier momento el nivel de carga de bater\u00eda.<\/li>\n<li>&#8211; Regulador de brillo flexible, la configuraci\u00f3n \u00f3ptima de la intensidad de la luz aten\u00faa los reflejos.<\/li>\n<li>&#8211; Transformador compatible (100-240V).<\/li>\n<li>&#8211; Fuente de alimentaci\u00f3n multivoltaje que incluye 4 enchufes universales.\u00a0<\/li>\n<\/ul>\n","protected":false},"excerpt":{"rendered":"<p>&#8211; ML 4 LED HeadLight con mPack y transformador de enchufe [ 01 ] + [ 03 ].\u00a0<br \/>&#8211; Produce una luz clara y totalmente homog\u00e9nea con una buena reproducci\u00f3n crom\u00e1tica para un diagn\u00f3stico preciso.\u00a0<br \/>&#8211; Campo de iluminaci\u00f3n ajustable con regulaci\u00f3n continua, el tama\u00f1o del campo de iluminaci\u00f3n se adapta a cualquier examen.\u00a0<\/p>\n","protected":false},"featured_media":12530,"template":"","meta":{"_joinchat":[]},"product_brand":[],"product_cat":[278,286],"product_tag":[],"class_list":{"0":"post-12529","1":"product","2":"type-product","3":"status-publish","4":"has-post-thumbnail","6":"product_cat-lamparas","7":"product_cat-lamparas-frontales","8":"pa_marca-heine","10":"first","11":"instock","12":"purchasable","13":"product-type-simple"},"yoast_head":"<!-- This site is optimized with the Yoast SEO plugin v25.1 - https:\/\/yoast.com\/wordpress\/plugins\/seo\/ -->\n<title>LAMPARA HEINE FRONTAL ML4 LED - Tu mejor opci\u00f3n Equipo M\u00e9dico M\u00e9xico<\/title>\n<meta name=\"robots\" content=\"index, follow, max-snippet:-1, max-image-preview:large, max-video-preview:-1\" \/>\n<link rel=\"canonical\" href=\"https:\/\/buscoequipomedico.com\/?product=lampara-heine-frontal-ml4-led\" \/>\n<meta property=\"og:locale\" content=\"es_ES\" \/>\n<meta property=\"og:type\" content=\"article\" \/>\n<meta property=\"og:title\" content=\"LAMPARA HEINE FRONTAL ML4 LED - Tu mejor opci\u00f3n Equipo M\u00e9dico M\u00e9xico\" \/>\n<meta property=\"og:description\" content=\"- ML 4 LED HeadLight con mPack y transformador de enchufe [ 01 ] + [ 03 ].\u00a0- Produce una luz clara y totalmente homog\u00e9nea con una buena reproducci\u00f3n crom\u00e1tica para un diagn\u00f3stico preciso.\u00a0- Campo de iluminaci\u00f3n ajustable con regulaci\u00f3n continua, el tama\u00f1o del campo de iluminaci\u00f3n se adapta a cualquier examen.\u00a0\" \/>\n<meta property=\"og:url\" content=\"https:\/\/buscoequipomedico.com\/?product=lampara-heine-frontal-ml4-led\" \/>\n<meta property=\"og:site_name\" content=\"Tu mejor opci\u00f3n Equipo M\u00e9dico M\u00e9xico\" \/>\n<meta property=\"article:modified_time\" content=\"2020-02-18T07:35:35+00:00\" \/>\n<meta property=\"og:image\" content=\"https:\/\/buscoequipomedico.com\/wp-content\/uploads\/2020\/02\/lampara-heine-frontal-ml4-led-ml-4-led-headlight-con-mpack-y-transformador-de-enchufe-01-03-produce-una-luz-clara-y-totalmente-h.jpg\" \/>\n\t<meta property=\"og:image:width\" content=\"800\" \/>\n\t<meta property=\"og:image:height\" content=\"800\" \/>\n\t<meta property=\"og:image:type\" content=\"image\/png\" \/>\n<meta name=\"twitter:card\" content=\"summary_large_image\" \/>\n<meta name=\"twitter:label1\" content=\"Tiempo de lectura\" \/>\n\t<meta name=\"twitter:data1\" content=\"1 minuto\" \/>\n<script type=\"application\/ld+json\" class=\"yoast-schema-graph\">{\"@context\":\"https:\/\/schema.org\",\"@graph\":[{\"@type\":\"WebPage\",\"@id\":\"https:\/\/buscoequipomedico.com\/?product=lampara-heine-frontal-ml4-led\",\"url\":\"https:\/\/buscoequipomedico.com\/?product=lampara-heine-frontal-ml4-led\",\"name\":\"LAMPARA HEINE FRONTAL ML4 LED - Tu mejor opci\u00f3n Equipo M\u00e9dico M\u00e9xico\",\"isPartOf\":{\"@id\":\"https:\/\/buscoequipomedico.com\/#website\"},\"primaryImageOfPage\":{\"@id\":\"https:\/\/buscoequipomedico.com\/?product=lampara-heine-frontal-ml4-led#primaryimage\"},\"image\":{\"@id\":\"https:\/\/buscoequipomedico.com\/?product=lampara-heine-frontal-ml4-led#primaryimage\"},\"thumbnailUrl\":\"https:\/\/buscoequipomedico.com\/wp-content\/uploads\/2020\/02\/lampara-heine-frontal-ml4-led-ml-4-led-headlight-con-mpack-y-transformador-de-enchufe-01-03-produce-una-luz-clara-y-totalmente-h.jpg\",\"datePublished\":\"2020-02-18T07:35:32+00:00\",\"dateModified\":\"2020-02-18T07:35:35+00:00\",\"breadcrumb\":{\"@id\":\"https:\/\/buscoequipomedico.com\/?product=lampara-heine-frontal-ml4-led#breadcrumb\"},\"inLanguage\":\"es\",\"potentialAction\":[{\"@type\":\"ReadAction\",\"target\":[\"https:\/\/buscoequipomedico.com\/?product=lampara-heine-frontal-ml4-led\"]}]},{\"@type\":\"ImageObject\",\"inLanguage\":\"es\",\"@id\":\"https:\/\/buscoequipomedico.com\/?product=lampara-heine-frontal-ml4-led#primaryimage\",\"url\":\"https:\/\/buscoequipomedico.com\/wp-content\/uploads\/2020\/02\/lampara-heine-frontal-ml4-led-ml-4-led-headlight-con-mpack-y-transformador-de-enchufe-01-03-produce-una-luz-clara-y-totalmente-h.jpg\",\"contentUrl\":\"https:\/\/buscoequipomedico.com\/wp-content\/uploads\/2020\/02\/lampara-heine-frontal-ml4-led-ml-4-led-headlight-con-mpack-y-transformador-de-enchufe-01-03-produce-una-luz-clara-y-totalmente-h.jpg\",\"width\":800,\"height\":800},{\"@type\":\"BreadcrumbList\",\"@id\":\"https:\/\/buscoequipomedico.com\/?product=lampara-heine-frontal-ml4-led#breadcrumb\",\"itemListElement\":[{\"@type\":\"ListItem\",\"position\":1,\"name\":\"Productos\",\"item\":\"https:\/\/buscoequipomedico.com\/shop\/\"},{\"@type\":\"ListItem\",\"position\":2,\"name\":\"LAMPARA HEINE FRONTAL ML4 LED\"}]},{\"@type\":\"WebSite\",\"@id\":\"https:\/\/buscoequipomedico.com\/#website\",\"url\":\"https:\/\/buscoequipomedico.com\/\",\"name\":\"Tu mejor opci\u00f3n Equipo M\u00e9dico M\u00e9xico\",\"description\":\"Tienda de equipo m\u00e9dico\",\"publisher\":{\"@id\":\"https:\/\/buscoequipomedico.com\/#organization\"},\"potentialAction\":[{\"@type\":\"SearchAction\",\"target\":{\"@type\":\"EntryPoint\",\"urlTemplate\":\"https:\/\/buscoequipomedico.com\/?s={search_term_string}\"},\"query-input\":{\"@type\":\"PropertyValueSpecification\",\"valueRequired\":true,\"valueName\":\"search_term_string\"}}],\"inLanguage\":\"es\"},{\"@type\":\"Organization\",\"@id\":\"https:\/\/buscoequipomedico.com\/#organization\",\"name\":\"Tu mejor opci\u00f3n Equipo M\u00e9dico M\u00e9xico\",\"url\":\"https:\/\/buscoequipomedico.com\/\",\"logo\":{\"@type\":\"ImageObject\",\"inLanguage\":\"es\",\"@id\":\"https:\/\/buscoequipomedico.com\/#\/schema\/logo\/image\/\",\"url\":\"https:\/\/buscoequipomedico.com\/wp-content\/uploads\/2021\/07\/EMM-VPrincipal-scaled.jpg\",\"contentUrl\":\"https:\/\/buscoequipomedico.com\/wp-content\/uploads\/2021\/07\/EMM-VPrincipal-scaled.jpg\",\"width\":2560,\"height\":1058,\"caption\":\"Tu mejor opci\u00f3n Equipo M\u00e9dico M\u00e9xico\"},\"image\":{\"@id\":\"https:\/\/buscoequipomedico.com\/#\/schema\/logo\/image\/\"}}]}<\/script>\n<!-- \/ Yoast SEO plugin. -->","yoast_head_json":{"title":"LAMPARA HEINE FRONTAL ML4 LED - Tu mejor opci\u00f3n Equipo M\u00e9dico M\u00e9xico","robots":{"index":"index","follow":"follow","max-snippet":"max-snippet:-1","max-image-preview":"max-image-preview:large","max-video-preview":"max-video-preview:-1"},"canonical":"https:\/\/buscoequipomedico.com\/?product=lampara-heine-frontal-ml4-led","og_locale":"es_ES","og_type":"article","og_title":"LAMPARA HEINE FRONTAL ML4 LED - Tu mejor opci\u00f3n Equipo M\u00e9dico M\u00e9xico","og_description":"- ML 4 LED HeadLight con mPack y transformador de enchufe [ 01 ] + [ 03 ].\u00a0- Produce una luz clara y totalmente homog\u00e9nea con una buena reproducci\u00f3n crom\u00e1tica para un diagn\u00f3stico preciso.\u00a0- Campo de iluminaci\u00f3n ajustable con regulaci\u00f3n continua, el tama\u00f1o del campo de iluminaci\u00f3n se adapta a cualquier examen.\u00a0","og_url":"https:\/\/buscoequipomedico.com\/?product=lampara-heine-frontal-ml4-led","og_site_name":"Tu mejor opci\u00f3n Equipo M\u00e9dico M\u00e9xico","article_modified_time":"2020-02-18T07:35:35+00:00","og_image":[{"width":800,"height":800,"url":"https:\/\/buscoequipomedico.com\/wp-content\/uploads\/2020\/02\/lampara-heine-frontal-ml4-led-ml-4-led-headlight-con-mpack-y-transformador-de-enchufe-01-03-produce-una-luz-clara-y-totalmente-h.jpg","type":"image\/png"}],"twitter_card":"summary_large_image","twitter_misc":{"Tiempo de lectura":"1 minuto"},"schema":{"@context":"https:\/\/schema.org","@graph":[{"@type":"WebPage","@id":"https:\/\/buscoequipomedico.com\/?product=lampara-heine-frontal-ml4-led","url":"https:\/\/buscoequipomedico.com\/?product=lampara-heine-frontal-ml4-led","name":"LAMPARA HEINE FRONTAL ML4 LED - Tu mejor opci\u00f3n Equipo M\u00e9dico M\u00e9xico","isPartOf":{"@id":"https:\/\/buscoequipomedico.com\/#website"},"primaryImageOfPage":{"@id":"https:\/\/buscoequipomedico.com\/?product=lampara-heine-frontal-ml4-led#primaryimage"},"image":{"@id":"https:\/\/buscoequipomedico.com\/?product=lampara-heine-frontal-ml4-led#primaryimage"},"thumbnailUrl":"https:\/\/buscoequipomedico.com\/wp-content\/uploads\/2020\/02\/lampara-heine-frontal-ml4-led-ml-4-led-headlight-con-mpack-y-transformador-de-enchufe-01-03-produce-una-luz-clara-y-totalmente-h.jpg","datePublished":"2020-02-18T07:35:32+00:00","dateModified":"2020-02-18T07:35:35+00:00","breadcrumb":{"@id":"https:\/\/buscoequipomedico.com\/?product=lampara-heine-frontal-ml4-led#breadcrumb"},"inLanguage":"es","potentialAction":[{"@type":"ReadAction","target":["https:\/\/buscoequipomedico.com\/?product=lampara-heine-frontal-ml4-led"]}]},{"@type":"ImageObject","inLanguage":"es","@id":"https:\/\/buscoequipomedico.com\/?product=lampara-heine-frontal-ml4-led#primaryimage","url":"https:\/\/buscoequipomedico.com\/wp-content\/uploads\/2020\/02\/lampara-heine-frontal-ml4-led-ml-4-led-headlight-con-mpack-y-transformador-de-enchufe-01-03-produce-una-luz-clara-y-totalmente-h.jpg","contentUrl":"https:\/\/buscoequipomedico.com\/wp-content\/uploads\/2020\/02\/lampara-heine-frontal-ml4-led-ml-4-led-headlight-con-mpack-y-transformador-de-enchufe-01-03-produce-una-luz-clara-y-totalmente-h.jpg","width":800,"height":800},{"@type":"BreadcrumbList","@id":"https:\/\/buscoequipomedico.com\/?product=lampara-heine-frontal-ml4-led#breadcrumb","itemListElement":[{"@type":"ListItem","position":1,"name":"Productos","item":"https:\/\/buscoequipomedico.com\/shop\/"},{"@type":"ListItem","position":2,"name":"LAMPARA HEINE FRONTAL ML4 LED"}]},{"@type":"WebSite","@id":"https:\/\/buscoequipomedico.com\/#website","url":"https:\/\/buscoequipomedico.com\/","name":"Tu mejor opci\u00f3n Equipo M\u00e9dico M\u00e9xico","description":"Tienda de equipo m\u00e9dico","publisher":{"@id":"https:\/\/buscoequipomedico.com\/#organization"},"potentialAction":[{"@type":"SearchAction","target":{"@type":"EntryPoint","urlTemplate":"https:\/\/buscoequipomedico.com\/?s={search_term_string}"},"query-input":{"@type":"PropertyValueSpecification","valueRequired":true,"valueName":"search_term_string"}}],"inLanguage":"es"},{"@type":"Organization","@id":"https:\/\/buscoequipomedico.com\/#organization","name":"Tu mejor opci\u00f3n Equipo M\u00e9dico M\u00e9xico","url":"https:\/\/buscoequipomedico.com\/","logo":{"@type":"ImageObject","inLanguage":"es","@id":"https:\/\/buscoequipomedico.com\/#\/schema\/logo\/image\/","url":"https:\/\/buscoequipomedico.com\/wp-content\/uploads\/2021\/07\/EMM-VPrincipal-scaled.jpg","contentUrl":"https:\/\/buscoequipomedico.com\/wp-content\/uploads\/2021\/07\/EMM-VPrincipal-scaled.jpg","width":2560,"height":1058,"caption":"Tu mejor opci\u00f3n Equipo M\u00e9dico M\u00e9xico"},"image":{"@id":"https:\/\/buscoequipomedico.com\/#\/schema\/logo\/image\/"}}]}},"_links":{"self":[{"href":"https:\/\/buscoequipomedico.com\/index.php?rest_route=\/wp\/v2\/product\/12529","targetHints":{"allow":["GET"]}}],"collection":[{"href":"https:\/\/buscoequipomedico.com\/index.php?rest_route=\/wp\/v2\/product"}],"about":[{"href":"https:\/\/buscoequipomedico.com\/index.php?rest_route=\/wp\/v2\/types\/product"}],"wp:featuredmedia":[{"embeddable":true,"href":"https:\/\/buscoequipomedico.com\/index.php?rest_route=\/wp\/v2\/media\/12530"}],"wp:attachment":[{"href":"https:\/\/buscoequipomedico.com\/index.php?rest_route=%2Fwp%2Fv2%2Fmedia&parent=12529"}],"wp:term":[{"taxonomy":"product_brand","embeddable":true,"href":"https:\/\/buscoequipomedico.com\/index.php?rest_route=%2Fwp%2Fv2%2Fproduct_brand&post=12529"},{"taxonomy":"product_cat","embeddable":true,"href":"https:\/\/buscoequipomedico.com\/index.php?rest_route=%2Fwp%2Fv2%2Fproduct_cat&post=12529"},{"taxonomy":"product_tag","embeddable":true,"href":"https:\/\/buscoequipomedico.com\/index.php?rest_route=%2Fwp%2Fv2%2Fproduct_tag&post=12529"}],"curies":[{"name":"wp","href":"https:\/\/api.w.org\/{rel}","templated":true}]}}