{"id":12611,"date":"2020-02-18T07:35:43","date_gmt":"2020-02-18T07:35:43","guid":{"rendered":"https:\/\/equipomedicomexico-com.preview-domain.com\/product\/lupa-heine-binocular-c2-3x450mm-en-maletin\/"},"modified":"2020-02-18T07:35:46","modified_gmt":"2020-02-18T07:35:46","slug":"lupa-heine-binocular-c2-3x450mm-en-maletin","status":"publish","type":"product","link":"https:\/\/buscoequipomedico.com\/?product=lupa-heine-binocular-c2-3x450mm-en-maletin","title":{"rendered":"LUPA HEINE BINOCULAR C2.3X450MM EN MALET\u00cdN"},"content":{"rendered":"<p><span>\u00bbLupa Binocular.<\/span><br \/><span>\u00bbImagen clara y brillante.<\/span><br \/><span>\u00bbCon correcci\u00f3n m\u00faltiple.<\/span><br \/><span>\u00bbLentes a prueba de rayado para im\u00e1genes claras y duraderas.<\/span><br \/><span>\u00bbAjuste preciso. Los dos oculares se pueden ajustar por separado a la<\/span><br \/><span>distancia entre pupilas.<\/span><br \/><span>\u00bb\u00d3ptica compacta. Para la visi\u00f3n libre sin aumentos, puede ver sin problemas<\/span><br \/><span>por los lados de los oculares ultra-compactos.<\/span><br \/><span>\u00bbCon varillas el\u00e1sticas se consigue un ajuste \u00f3ptimo, para cualquier cabeza.<\/span><br \/><span>\u00bbLa montura de gafas es ultra-ligera y muy estable por su construcci\u00f3n<\/span><br \/><span>totalmente met\u00e1lica.<\/span><br \/><span>\u00bbIncluye: Lupa en estuche.<\/span><\/p>\n<p><span>ESPECIFICACIONES<\/span><\/p>\n<p><span>\u00bbUltra ligero y c\u00f3modo.<\/span><br \/><span>\u00bbEcon\u00f3mico y vers\u00e1til<\/span><br \/><span>\u00bbFabricado con componentes y mano de obra 100% Alemana.<\/span><br \/><span>\u00bbLa marca Heine establece los est\u00e1ndares de calidad con que se miden<\/span><br \/><span>los dem\u00e1s instrumentos de diagn\u00f3stico.<\/span><\/p>\n<p><span>CARACTER\u00cdSTICAS\u00a0<\/span><\/p>\n<p><span><span>\u00bbAumento 2.3x.<\/span><br \/><span>\u00bbDistancia de trabajo: 450 mm.<\/span><br \/><span>\u00bbCampo de visi\u00f3n: 130mm.<\/span><br \/><span>\u00bbPeso: 46 g.<\/span><br \/><span>\u00bbProfundidad de campo: 190mm.<\/span><\/span><\/p>\n<p><span><\/span><\/p>\n","protected":false},"excerpt":{"rendered":"<p><span>\u00bbLa lupa econ\u00f3mica para mejorar la visi\u00f3n en cada consultorio<\/span><br \/><span>\u00bbPerfecta para una visualizaci\u00f3n y acercamiento espec\u00edficos durante un<\/span><br \/><span>examen de diagn\u00f3stico o una cirug\u00eda.<\/span><br \/><span>\u00bbPermite libertad de movimiento y una vista no obstruida para el examinador.<\/span><\/p>\n","protected":false},"featured_media":12612,"template":"","meta":{"_joinchat":[]},"product_brand":[],"product_cat":[291],"product_tag":[],"class_list":{"0":"post-12611","1":"product","2":"type-product","3":"status-publish","4":"has-post-thumbnail","6":"product_cat-lupas-binoculares","7":"pa_marca-heine","9":"first","10":"instock","11":"purchasable","12":"product-type-simple"},"yoast_head":"<!-- This site is optimized with the Yoast SEO plugin v25.1 - https:\/\/yoast.com\/wordpress\/plugins\/seo\/ -->\n<title>LUPA HEINE BINOCULAR C2.3X450MM EN MALET\u00cdN - Tu mejor opci\u00f3n Equipo M\u00e9dico M\u00e9xico<\/title>\n<meta name=\"robots\" content=\"index, follow, max-snippet:-1, max-image-preview:large, max-video-preview:-1\" \/>\n<link rel=\"canonical\" href=\"https:\/\/buscoequipomedico.com\/?product=lupa-heine-binocular-c2-3x450mm-en-maletin\" \/>\n<meta property=\"og:locale\" content=\"es_ES\" \/>\n<meta property=\"og:type\" content=\"article\" \/>\n<meta property=\"og:title\" content=\"LUPA HEINE BINOCULAR C2.3X450MM EN MALET\u00cdN - Tu mejor opci\u00f3n Equipo M\u00e9dico M\u00e9xico\" \/>\n<meta property=\"og:description\" content=\"\u00bbLa lupa econ\u00f3mica para mejorar la visi\u00f3n en cada consultorio\u00bbPerfecta para una visualizaci\u00f3n y acercamiento espec\u00edficos durante unexamen de diagn\u00f3stico o una cirug\u00eda.\u00bbPermite libertad de movimiento y una vista no obstruida para el examinador.\" \/>\n<meta property=\"og:url\" content=\"https:\/\/buscoequipomedico.com\/?product=lupa-heine-binocular-c2-3x450mm-en-maletin\" \/>\n<meta property=\"og:site_name\" content=\"Tu mejor opci\u00f3n Equipo M\u00e9dico M\u00e9xico\" \/>\n<meta property=\"article:modified_time\" content=\"2020-02-18T07:35:46+00:00\" \/>\n<meta property=\"og:image\" content=\"https:\/\/buscoequipomedico.com\/wp-content\/uploads\/2020\/02\/lupa-heine-binocular-c23x450mm-en-maletin-la-lupa-economica-para-mejorar-la-vision-en-cada-consultorioperfecta-para-una-visualiz.jpg\" \/>\n\t<meta property=\"og:image:width\" content=\"800\" \/>\n\t<meta property=\"og:image:height\" content=\"800\" \/>\n\t<meta property=\"og:image:type\" content=\"image\/png\" \/>\n<meta name=\"twitter:card\" content=\"summary_large_image\" \/>\n<meta name=\"twitter:label1\" content=\"Tiempo de lectura\" \/>\n\t<meta name=\"twitter:data1\" content=\"1 minuto\" \/>\n<script type=\"application\/ld+json\" class=\"yoast-schema-graph\">{\"@context\":\"https:\/\/schema.org\",\"@graph\":[{\"@type\":\"WebPage\",\"@id\":\"https:\/\/buscoequipomedico.com\/?product=lupa-heine-binocular-c2-3x450mm-en-maletin\",\"url\":\"https:\/\/buscoequipomedico.com\/?product=lupa-heine-binocular-c2-3x450mm-en-maletin\",\"name\":\"LUPA HEINE BINOCULAR C2.3X450MM EN MALET\u00cdN - Tu mejor opci\u00f3n Equipo M\u00e9dico M\u00e9xico\",\"isPartOf\":{\"@id\":\"https:\/\/buscoequipomedico.com\/#website\"},\"primaryImageOfPage\":{\"@id\":\"https:\/\/buscoequipomedico.com\/?product=lupa-heine-binocular-c2-3x450mm-en-maletin#primaryimage\"},\"image\":{\"@id\":\"https:\/\/buscoequipomedico.com\/?product=lupa-heine-binocular-c2-3x450mm-en-maletin#primaryimage\"},\"thumbnailUrl\":\"https:\/\/buscoequipomedico.com\/wp-content\/uploads\/2020\/02\/lupa-heine-binocular-c23x450mm-en-maletin-la-lupa-economica-para-mejorar-la-vision-en-cada-consultorioperfecta-para-una-visualiz.jpg\",\"datePublished\":\"2020-02-18T07:35:43+00:00\",\"dateModified\":\"2020-02-18T07:35:46+00:00\",\"breadcrumb\":{\"@id\":\"https:\/\/buscoequipomedico.com\/?product=lupa-heine-binocular-c2-3x450mm-en-maletin#breadcrumb\"},\"inLanguage\":\"es\",\"potentialAction\":[{\"@type\":\"ReadAction\",\"target\":[\"https:\/\/buscoequipomedico.com\/?product=lupa-heine-binocular-c2-3x450mm-en-maletin\"]}]},{\"@type\":\"ImageObject\",\"inLanguage\":\"es\",\"@id\":\"https:\/\/buscoequipomedico.com\/?product=lupa-heine-binocular-c2-3x450mm-en-maletin#primaryimage\",\"url\":\"https:\/\/buscoequipomedico.com\/wp-content\/uploads\/2020\/02\/lupa-heine-binocular-c23x450mm-en-maletin-la-lupa-economica-para-mejorar-la-vision-en-cada-consultorioperfecta-para-una-visualiz.jpg\",\"contentUrl\":\"https:\/\/buscoequipomedico.com\/wp-content\/uploads\/2020\/02\/lupa-heine-binocular-c23x450mm-en-maletin-la-lupa-economica-para-mejorar-la-vision-en-cada-consultorioperfecta-para-una-visualiz.jpg\",\"width\":800,\"height\":800},{\"@type\":\"BreadcrumbList\",\"@id\":\"https:\/\/buscoequipomedico.com\/?product=lupa-heine-binocular-c2-3x450mm-en-maletin#breadcrumb\",\"itemListElement\":[{\"@type\":\"ListItem\",\"position\":1,\"name\":\"Productos\",\"item\":\"https:\/\/buscoequipomedico.com\/shop\/\"},{\"@type\":\"ListItem\",\"position\":2,\"name\":\"LUPA HEINE BINOCULAR C2.3X450MM EN MALET\u00cdN\"}]},{\"@type\":\"WebSite\",\"@id\":\"https:\/\/buscoequipomedico.com\/#website\",\"url\":\"https:\/\/buscoequipomedico.com\/\",\"name\":\"Tu mejor opci\u00f3n Equipo M\u00e9dico M\u00e9xico\",\"description\":\"Tienda de equipo m\u00e9dico\",\"publisher\":{\"@id\":\"https:\/\/buscoequipomedico.com\/#organization\"},\"potentialAction\":[{\"@type\":\"SearchAction\",\"target\":{\"@type\":\"EntryPoint\",\"urlTemplate\":\"https:\/\/buscoequipomedico.com\/?s={search_term_string}\"},\"query-input\":{\"@type\":\"PropertyValueSpecification\",\"valueRequired\":true,\"valueName\":\"search_term_string\"}}],\"inLanguage\":\"es\"},{\"@type\":\"Organization\",\"@id\":\"https:\/\/buscoequipomedico.com\/#organization\",\"name\":\"Tu mejor opci\u00f3n Equipo M\u00e9dico M\u00e9xico\",\"url\":\"https:\/\/buscoequipomedico.com\/\",\"logo\":{\"@type\":\"ImageObject\",\"inLanguage\":\"es\",\"@id\":\"https:\/\/buscoequipomedico.com\/#\/schema\/logo\/image\/\",\"url\":\"https:\/\/buscoequipomedico.com\/wp-content\/uploads\/2021\/07\/EMM-VPrincipal-scaled.jpg\",\"contentUrl\":\"https:\/\/buscoequipomedico.com\/wp-content\/uploads\/2021\/07\/EMM-VPrincipal-scaled.jpg\",\"width\":2560,\"height\":1058,\"caption\":\"Tu mejor opci\u00f3n Equipo M\u00e9dico M\u00e9xico\"},\"image\":{\"@id\":\"https:\/\/buscoequipomedico.com\/#\/schema\/logo\/image\/\"}}]}<\/script>\n<!-- \/ Yoast SEO plugin. -->","yoast_head_json":{"title":"LUPA HEINE BINOCULAR C2.3X450MM EN MALET\u00cdN - Tu mejor opci\u00f3n Equipo M\u00e9dico M\u00e9xico","robots":{"index":"index","follow":"follow","max-snippet":"max-snippet:-1","max-image-preview":"max-image-preview:large","max-video-preview":"max-video-preview:-1"},"canonical":"https:\/\/buscoequipomedico.com\/?product=lupa-heine-binocular-c2-3x450mm-en-maletin","og_locale":"es_ES","og_type":"article","og_title":"LUPA HEINE BINOCULAR C2.3X450MM EN MALET\u00cdN - Tu mejor opci\u00f3n Equipo M\u00e9dico M\u00e9xico","og_description":"\u00bbLa lupa econ\u00f3mica para mejorar la visi\u00f3n en cada consultorio\u00bbPerfecta para una visualizaci\u00f3n y acercamiento espec\u00edficos durante unexamen de diagn\u00f3stico o una cirug\u00eda.\u00bbPermite libertad de movimiento y una vista no obstruida para el examinador.","og_url":"https:\/\/buscoequipomedico.com\/?product=lupa-heine-binocular-c2-3x450mm-en-maletin","og_site_name":"Tu mejor opci\u00f3n Equipo M\u00e9dico M\u00e9xico","article_modified_time":"2020-02-18T07:35:46+00:00","og_image":[{"width":800,"height":800,"url":"https:\/\/buscoequipomedico.com\/wp-content\/uploads\/2020\/02\/lupa-heine-binocular-c23x450mm-en-maletin-la-lupa-economica-para-mejorar-la-vision-en-cada-consultorioperfecta-para-una-visualiz.jpg","type":"image\/png"}],"twitter_card":"summary_large_image","twitter_misc":{"Tiempo de lectura":"1 minuto"},"schema":{"@context":"https:\/\/schema.org","@graph":[{"@type":"WebPage","@id":"https:\/\/buscoequipomedico.com\/?product=lupa-heine-binocular-c2-3x450mm-en-maletin","url":"https:\/\/buscoequipomedico.com\/?product=lupa-heine-binocular-c2-3x450mm-en-maletin","name":"LUPA HEINE BINOCULAR C2.3X450MM EN MALET\u00cdN - Tu mejor opci\u00f3n Equipo M\u00e9dico M\u00e9xico","isPartOf":{"@id":"https:\/\/buscoequipomedico.com\/#website"},"primaryImageOfPage":{"@id":"https:\/\/buscoequipomedico.com\/?product=lupa-heine-binocular-c2-3x450mm-en-maletin#primaryimage"},"image":{"@id":"https:\/\/buscoequipomedico.com\/?product=lupa-heine-binocular-c2-3x450mm-en-maletin#primaryimage"},"thumbnailUrl":"https:\/\/buscoequipomedico.com\/wp-content\/uploads\/2020\/02\/lupa-heine-binocular-c23x450mm-en-maletin-la-lupa-economica-para-mejorar-la-vision-en-cada-consultorioperfecta-para-una-visualiz.jpg","datePublished":"2020-02-18T07:35:43+00:00","dateModified":"2020-02-18T07:35:46+00:00","breadcrumb":{"@id":"https:\/\/buscoequipomedico.com\/?product=lupa-heine-binocular-c2-3x450mm-en-maletin#breadcrumb"},"inLanguage":"es","potentialAction":[{"@type":"ReadAction","target":["https:\/\/buscoequipomedico.com\/?product=lupa-heine-binocular-c2-3x450mm-en-maletin"]}]},{"@type":"ImageObject","inLanguage":"es","@id":"https:\/\/buscoequipomedico.com\/?product=lupa-heine-binocular-c2-3x450mm-en-maletin#primaryimage","url":"https:\/\/buscoequipomedico.com\/wp-content\/uploads\/2020\/02\/lupa-heine-binocular-c23x450mm-en-maletin-la-lupa-economica-para-mejorar-la-vision-en-cada-consultorioperfecta-para-una-visualiz.jpg","contentUrl":"https:\/\/buscoequipomedico.com\/wp-content\/uploads\/2020\/02\/lupa-heine-binocular-c23x450mm-en-maletin-la-lupa-economica-para-mejorar-la-vision-en-cada-consultorioperfecta-para-una-visualiz.jpg","width":800,"height":800},{"@type":"BreadcrumbList","@id":"https:\/\/buscoequipomedico.com\/?product=lupa-heine-binocular-c2-3x450mm-en-maletin#breadcrumb","itemListElement":[{"@type":"ListItem","position":1,"name":"Productos","item":"https:\/\/buscoequipomedico.com\/shop\/"},{"@type":"ListItem","position":2,"name":"LUPA HEINE BINOCULAR C2.3X450MM EN MALET\u00cdN"}]},{"@type":"WebSite","@id":"https:\/\/buscoequipomedico.com\/#website","url":"https:\/\/buscoequipomedico.com\/","name":"Tu mejor opci\u00f3n Equipo M\u00e9dico M\u00e9xico","description":"Tienda de equipo m\u00e9dico","publisher":{"@id":"https:\/\/buscoequipomedico.com\/#organization"},"potentialAction":[{"@type":"SearchAction","target":{"@type":"EntryPoint","urlTemplate":"https:\/\/buscoequipomedico.com\/?s={search_term_string}"},"query-input":{"@type":"PropertyValueSpecification","valueRequired":true,"valueName":"search_term_string"}}],"inLanguage":"es"},{"@type":"Organization","@id":"https:\/\/buscoequipomedico.com\/#organization","name":"Tu mejor opci\u00f3n Equipo M\u00e9dico M\u00e9xico","url":"https:\/\/buscoequipomedico.com\/","logo":{"@type":"ImageObject","inLanguage":"es","@id":"https:\/\/buscoequipomedico.com\/#\/schema\/logo\/image\/","url":"https:\/\/buscoequipomedico.com\/wp-content\/uploads\/2021\/07\/EMM-VPrincipal-scaled.jpg","contentUrl":"https:\/\/buscoequipomedico.com\/wp-content\/uploads\/2021\/07\/EMM-VPrincipal-scaled.jpg","width":2560,"height":1058,"caption":"Tu mejor opci\u00f3n Equipo M\u00e9dico M\u00e9xico"},"image":{"@id":"https:\/\/buscoequipomedico.com\/#\/schema\/logo\/image\/"}}]}},"_links":{"self":[{"href":"https:\/\/buscoequipomedico.com\/index.php?rest_route=\/wp\/v2\/product\/12611","targetHints":{"allow":["GET"]}}],"collection":[{"href":"https:\/\/buscoequipomedico.com\/index.php?rest_route=\/wp\/v2\/product"}],"about":[{"href":"https:\/\/buscoequipomedico.com\/index.php?rest_route=\/wp\/v2\/types\/product"}],"wp:featuredmedia":[{"embeddable":true,"href":"https:\/\/buscoequipomedico.com\/index.php?rest_route=\/wp\/v2\/media\/12612"}],"wp:attachment":[{"href":"https:\/\/buscoequipomedico.com\/index.php?rest_route=%2Fwp%2Fv2%2Fmedia&parent=12611"}],"wp:term":[{"taxonomy":"product_brand","embeddable":true,"href":"https:\/\/buscoequipomedico.com\/index.php?rest_route=%2Fwp%2Fv2%2Fproduct_brand&post=12611"},{"taxonomy":"product_cat","embeddable":true,"href":"https:\/\/buscoequipomedico.com\/index.php?rest_route=%2Fwp%2Fv2%2Fproduct_cat&post=12611"},{"taxonomy":"product_tag","embeddable":true,"href":"https:\/\/buscoequipomedico.com\/index.php?rest_route=%2Fwp%2Fv2%2Fproduct_tag&post=12611"}],"curies":[{"name":"wp","href":"https:\/\/api.w.org\/{rel}","templated":true}]}}