{"id":12731,"date":"2020-02-18T07:35:59","date_gmt":"2020-02-18T07:35:59","guid":{"rendered":"https:\/\/equipomedicomexico-com.preview-domain.com\/product\/mascara-oronasal-simplus-400475-grande\/"},"modified":"2020-02-18T07:36:04","modified_gmt":"2020-02-18T07:36:04","slug":"mascara-oronasal-simplus-400475-grande","status":"publish","type":"product","link":"https:\/\/buscoequipomedico.com\/?product=mascara-oronasal-simplus-400475-grande","title":{"rendered":"MASCARA ORONASAL SIMPLUS 400475 GRANDE"},"content":{"rendered":"<p>Mascarilla para CPAP Simplus se adapta y funciona<\/p>\n<\/p>\n<p>F&amp;P Simplus es el resultado de un gran esfuerzo de investigaci\u00f3n y desarrollo, de muchos prototipos y de miles de horas de dise\u00f1o. Hemos consultado con pacientes, proveedores de equipos y m\u00e9dicos de todo el mundo para desarrollar una m\u00e1scara que simplemente se ajusta y funciona.<\/p>\n<\/p>\n<p>Se adapta, as\u00ed de sencillo r\u00e1pidamente<\/p>\n<\/p>\n<p>Con solo 3 componentes clave:<\/p>\n<\/p>\n<p>Sello RollFit<\/p>\n<\/p>\n<p>Arn\u00e9s ErgoForm<\/p>\n<\/p>\n<p>EasyFrame<\/p>\n<\/p>\n<p>Solo se necesitan 3 sencillos ajustes para una perfecta colocaci\u00f3n inicial de F&amp;P Simplus.<\/p>\n<\/p>\n<p>Limpieza sencilla f\u00e1cilmente y con rapidez<\/p>\n<\/p>\n<p>N\u00famero m\u00ednimo de piezas para limpiar<\/p>\n<\/p>\n<p>Remontaje sencillo con el Easy-Clip<\/p>\n<\/p>\n<p>Un tama\u00f1o de marco \u00fanico que se ajusta a los tres tama\u00f1os de sello.<\/p>\n<\/p>\n<p>F\u00e1cil de colocar; permite ver y dormir sin problemas.<\/p>\n<\/p>\n<p>Este discreto marco es estable, duradero y peque\u00f1o, y permite una visi\u00f3n sin restricciones. El marco se adapta a los tres tama\u00f1os y dispone de un sistema de abrochado f\u00e1cil &#8216;Easy-Clip&#8217; que permite montarlo sin problemas despu\u00e9s de limpiarlo.<\/p>\n<\/p>\n<p>Los paneles el\u00e1sticos y r\u00edgidos aportan la estructura y el apoyo necesarios para que su rendimiento y utilidad sean \u00f3ptimos.<\/p>\n<\/p>\n<p>Est\u00e1 cubierta transpirable se coloca en el punto m\u00e1s alto de la parte posterior de la cabeza, lo que permite mover la cabeza con total libertad (lateral y verticalmente) sin que la m\u00e1scara se suelte.<\/p>\n<\/p>\n<p>El sello RollFit incorpora un avanzado disfusor de aire dise\u00f1ado para reducir el ruido y las corrientes al m\u00e1ximo.<\/p><\/p>\n","protected":false},"excerpt":{"rendered":"<p><span>Mascarilla para CPAP modelo Simplus F&#038;P incorpora tres componentes clave, la vaina RollFit&#x2122;, el arn\u00e9s Ergoform&#x2122;&#x2122; e Easy Frame, todos dise\u00f1ados para trabajar en armon\u00eda. Juntos, estos componentes ofrecen la comodidad, el sellado y el uso sencillo por los que son famosas las mascarillas de Fisher &#038; Paykel Healthcare.<\/span><\/p>\n","protected":false},"featured_media":12732,"template":"","meta":{"_joinchat":[]},"product_brand":[],"product_cat":[300],"product_tag":[],"class_list":{"0":"post-12731","1":"product","2":"type-product","3":"status-publish","4":"has-post-thumbnail","6":"product_cat-mascaras","7":"pa_marca-fisher-paykel","9":"first","10":"instock","11":"purchasable","12":"product-type-simple"},"yoast_head":"<!-- This site is optimized with the Yoast SEO plugin v25.1 - https:\/\/yoast.com\/wordpress\/plugins\/seo\/ -->\n<title>MASCARA ORONASAL SIMPLUS 400475 GRANDE - Tu mejor opci\u00f3n Equipo M\u00e9dico M\u00e9xico<\/title>\n<meta name=\"robots\" content=\"index, follow, max-snippet:-1, max-image-preview:large, max-video-preview:-1\" \/>\n<link rel=\"canonical\" href=\"https:\/\/buscoequipomedico.com\/?product=mascara-oronasal-simplus-400475-grande\" \/>\n<meta property=\"og:locale\" content=\"es_ES\" \/>\n<meta property=\"og:type\" content=\"article\" \/>\n<meta property=\"og:title\" content=\"MASCARA ORONASAL SIMPLUS 400475 GRANDE - Tu mejor opci\u00f3n Equipo M\u00e9dico M\u00e9xico\" \/>\n<meta property=\"og:description\" content=\"Mascarilla para CPAP modelo Simplus F&amp;P incorpora tres componentes clave, la vaina RollFit&#x2122;, el arn\u00e9s Ergoform&#x2122;&#x2122; e Easy Frame, todos dise\u00f1ados para trabajar en armon\u00eda. Juntos, estos componentes ofrecen la comodidad, el sellado y el uso sencillo por los que son famosas las mascarillas de Fisher &amp; Paykel Healthcare.\" \/>\n<meta property=\"og:url\" content=\"https:\/\/buscoequipomedico.com\/?product=mascara-oronasal-simplus-400475-grande\" \/>\n<meta property=\"og:site_name\" content=\"Tu mejor opci\u00f3n Equipo M\u00e9dico M\u00e9xico\" \/>\n<meta property=\"article:modified_time\" content=\"2020-02-18T07:36:04+00:00\" \/>\n<meta property=\"og:image\" content=\"https:\/\/buscoequipomedico.com\/wp-content\/uploads\/2020\/02\/mascara-oronasal-simplus-400475-grande-mascarilla-para-cpap-modelo-simplus-fp-incorpora-tres-componentes-clave-la-vaina-rollfitt.jpg\" \/>\n\t<meta property=\"og:image:width\" content=\"800\" \/>\n\t<meta property=\"og:image:height\" content=\"800\" \/>\n\t<meta property=\"og:image:type\" content=\"image\/png\" \/>\n<meta name=\"twitter:card\" content=\"summary_large_image\" \/>\n<meta name=\"twitter:label1\" content=\"Tiempo de lectura\" \/>\n\t<meta name=\"twitter:data1\" content=\"1 minuto\" \/>\n<script type=\"application\/ld+json\" class=\"yoast-schema-graph\">{\"@context\":\"https:\/\/schema.org\",\"@graph\":[{\"@type\":\"WebPage\",\"@id\":\"https:\/\/buscoequipomedico.com\/?product=mascara-oronasal-simplus-400475-grande\",\"url\":\"https:\/\/buscoequipomedico.com\/?product=mascara-oronasal-simplus-400475-grande\",\"name\":\"MASCARA ORONASAL SIMPLUS 400475 GRANDE - Tu mejor opci\u00f3n Equipo M\u00e9dico M\u00e9xico\",\"isPartOf\":{\"@id\":\"https:\/\/buscoequipomedico.com\/#website\"},\"primaryImageOfPage\":{\"@id\":\"https:\/\/buscoequipomedico.com\/?product=mascara-oronasal-simplus-400475-grande#primaryimage\"},\"image\":{\"@id\":\"https:\/\/buscoequipomedico.com\/?product=mascara-oronasal-simplus-400475-grande#primaryimage\"},\"thumbnailUrl\":\"https:\/\/buscoequipomedico.com\/wp-content\/uploads\/2020\/02\/mascara-oronasal-simplus-400475-grande-mascarilla-para-cpap-modelo-simplus-fp-incorpora-tres-componentes-clave-la-vaina-rollfitt.jpg\",\"datePublished\":\"2020-02-18T07:35:59+00:00\",\"dateModified\":\"2020-02-18T07:36:04+00:00\",\"breadcrumb\":{\"@id\":\"https:\/\/buscoequipomedico.com\/?product=mascara-oronasal-simplus-400475-grande#breadcrumb\"},\"inLanguage\":\"es\",\"potentialAction\":[{\"@type\":\"ReadAction\",\"target\":[\"https:\/\/buscoequipomedico.com\/?product=mascara-oronasal-simplus-400475-grande\"]}]},{\"@type\":\"ImageObject\",\"inLanguage\":\"es\",\"@id\":\"https:\/\/buscoequipomedico.com\/?product=mascara-oronasal-simplus-400475-grande#primaryimage\",\"url\":\"https:\/\/buscoequipomedico.com\/wp-content\/uploads\/2020\/02\/mascara-oronasal-simplus-400475-grande-mascarilla-para-cpap-modelo-simplus-fp-incorpora-tres-componentes-clave-la-vaina-rollfitt.jpg\",\"contentUrl\":\"https:\/\/buscoequipomedico.com\/wp-content\/uploads\/2020\/02\/mascara-oronasal-simplus-400475-grande-mascarilla-para-cpap-modelo-simplus-fp-incorpora-tres-componentes-clave-la-vaina-rollfitt.jpg\",\"width\":800,\"height\":800},{\"@type\":\"BreadcrumbList\",\"@id\":\"https:\/\/buscoequipomedico.com\/?product=mascara-oronasal-simplus-400475-grande#breadcrumb\",\"itemListElement\":[{\"@type\":\"ListItem\",\"position\":1,\"name\":\"Productos\",\"item\":\"https:\/\/buscoequipomedico.com\/shop\/\"},{\"@type\":\"ListItem\",\"position\":2,\"name\":\"MASCARA ORONASAL SIMPLUS 400475 GRANDE\"}]},{\"@type\":\"WebSite\",\"@id\":\"https:\/\/buscoequipomedico.com\/#website\",\"url\":\"https:\/\/buscoequipomedico.com\/\",\"name\":\"Tu mejor opci\u00f3n Equipo M\u00e9dico M\u00e9xico\",\"description\":\"Tienda de equipo m\u00e9dico\",\"publisher\":{\"@id\":\"https:\/\/buscoequipomedico.com\/#organization\"},\"potentialAction\":[{\"@type\":\"SearchAction\",\"target\":{\"@type\":\"EntryPoint\",\"urlTemplate\":\"https:\/\/buscoequipomedico.com\/?s={search_term_string}\"},\"query-input\":{\"@type\":\"PropertyValueSpecification\",\"valueRequired\":true,\"valueName\":\"search_term_string\"}}],\"inLanguage\":\"es\"},{\"@type\":\"Organization\",\"@id\":\"https:\/\/buscoequipomedico.com\/#organization\",\"name\":\"Tu mejor opci\u00f3n Equipo M\u00e9dico M\u00e9xico\",\"url\":\"https:\/\/buscoequipomedico.com\/\",\"logo\":{\"@type\":\"ImageObject\",\"inLanguage\":\"es\",\"@id\":\"https:\/\/buscoequipomedico.com\/#\/schema\/logo\/image\/\",\"url\":\"https:\/\/buscoequipomedico.com\/wp-content\/uploads\/2021\/07\/EMM-VPrincipal-scaled.jpg\",\"contentUrl\":\"https:\/\/buscoequipomedico.com\/wp-content\/uploads\/2021\/07\/EMM-VPrincipal-scaled.jpg\",\"width\":2560,\"height\":1058,\"caption\":\"Tu mejor opci\u00f3n Equipo M\u00e9dico M\u00e9xico\"},\"image\":{\"@id\":\"https:\/\/buscoequipomedico.com\/#\/schema\/logo\/image\/\"}}]}<\/script>\n<!-- \/ Yoast SEO plugin. -->","yoast_head_json":{"title":"MASCARA ORONASAL SIMPLUS 400475 GRANDE - Tu mejor opci\u00f3n Equipo M\u00e9dico M\u00e9xico","robots":{"index":"index","follow":"follow","max-snippet":"max-snippet:-1","max-image-preview":"max-image-preview:large","max-video-preview":"max-video-preview:-1"},"canonical":"https:\/\/buscoequipomedico.com\/?product=mascara-oronasal-simplus-400475-grande","og_locale":"es_ES","og_type":"article","og_title":"MASCARA ORONASAL SIMPLUS 400475 GRANDE - Tu mejor opci\u00f3n Equipo M\u00e9dico M\u00e9xico","og_description":"Mascarilla para CPAP modelo Simplus F&P incorpora tres componentes clave, la vaina RollFit&#x2122;, el arn\u00e9s Ergoform&#x2122;&#x2122; e Easy Frame, todos dise\u00f1ados para trabajar en armon\u00eda. Juntos, estos componentes ofrecen la comodidad, el sellado y el uso sencillo por los que son famosas las mascarillas de Fisher & Paykel Healthcare.","og_url":"https:\/\/buscoequipomedico.com\/?product=mascara-oronasal-simplus-400475-grande","og_site_name":"Tu mejor opci\u00f3n Equipo M\u00e9dico M\u00e9xico","article_modified_time":"2020-02-18T07:36:04+00:00","og_image":[{"width":800,"height":800,"url":"https:\/\/buscoequipomedico.com\/wp-content\/uploads\/2020\/02\/mascara-oronasal-simplus-400475-grande-mascarilla-para-cpap-modelo-simplus-fp-incorpora-tres-componentes-clave-la-vaina-rollfitt.jpg","type":"image\/png"}],"twitter_card":"summary_large_image","twitter_misc":{"Tiempo de lectura":"1 minuto"},"schema":{"@context":"https:\/\/schema.org","@graph":[{"@type":"WebPage","@id":"https:\/\/buscoequipomedico.com\/?product=mascara-oronasal-simplus-400475-grande","url":"https:\/\/buscoequipomedico.com\/?product=mascara-oronasal-simplus-400475-grande","name":"MASCARA ORONASAL SIMPLUS 400475 GRANDE - Tu mejor opci\u00f3n Equipo M\u00e9dico M\u00e9xico","isPartOf":{"@id":"https:\/\/buscoequipomedico.com\/#website"},"primaryImageOfPage":{"@id":"https:\/\/buscoequipomedico.com\/?product=mascara-oronasal-simplus-400475-grande#primaryimage"},"image":{"@id":"https:\/\/buscoequipomedico.com\/?product=mascara-oronasal-simplus-400475-grande#primaryimage"},"thumbnailUrl":"https:\/\/buscoequipomedico.com\/wp-content\/uploads\/2020\/02\/mascara-oronasal-simplus-400475-grande-mascarilla-para-cpap-modelo-simplus-fp-incorpora-tres-componentes-clave-la-vaina-rollfitt.jpg","datePublished":"2020-02-18T07:35:59+00:00","dateModified":"2020-02-18T07:36:04+00:00","breadcrumb":{"@id":"https:\/\/buscoequipomedico.com\/?product=mascara-oronasal-simplus-400475-grande#breadcrumb"},"inLanguage":"es","potentialAction":[{"@type":"ReadAction","target":["https:\/\/buscoequipomedico.com\/?product=mascara-oronasal-simplus-400475-grande"]}]},{"@type":"ImageObject","inLanguage":"es","@id":"https:\/\/buscoequipomedico.com\/?product=mascara-oronasal-simplus-400475-grande#primaryimage","url":"https:\/\/buscoequipomedico.com\/wp-content\/uploads\/2020\/02\/mascara-oronasal-simplus-400475-grande-mascarilla-para-cpap-modelo-simplus-fp-incorpora-tres-componentes-clave-la-vaina-rollfitt.jpg","contentUrl":"https:\/\/buscoequipomedico.com\/wp-content\/uploads\/2020\/02\/mascara-oronasal-simplus-400475-grande-mascarilla-para-cpap-modelo-simplus-fp-incorpora-tres-componentes-clave-la-vaina-rollfitt.jpg","width":800,"height":800},{"@type":"BreadcrumbList","@id":"https:\/\/buscoequipomedico.com\/?product=mascara-oronasal-simplus-400475-grande#breadcrumb","itemListElement":[{"@type":"ListItem","position":1,"name":"Productos","item":"https:\/\/buscoequipomedico.com\/shop\/"},{"@type":"ListItem","position":2,"name":"MASCARA ORONASAL SIMPLUS 400475 GRANDE"}]},{"@type":"WebSite","@id":"https:\/\/buscoequipomedico.com\/#website","url":"https:\/\/buscoequipomedico.com\/","name":"Tu mejor opci\u00f3n Equipo M\u00e9dico M\u00e9xico","description":"Tienda de equipo m\u00e9dico","publisher":{"@id":"https:\/\/buscoequipomedico.com\/#organization"},"potentialAction":[{"@type":"SearchAction","target":{"@type":"EntryPoint","urlTemplate":"https:\/\/buscoequipomedico.com\/?s={search_term_string}"},"query-input":{"@type":"PropertyValueSpecification","valueRequired":true,"valueName":"search_term_string"}}],"inLanguage":"es"},{"@type":"Organization","@id":"https:\/\/buscoequipomedico.com\/#organization","name":"Tu mejor opci\u00f3n Equipo M\u00e9dico M\u00e9xico","url":"https:\/\/buscoequipomedico.com\/","logo":{"@type":"ImageObject","inLanguage":"es","@id":"https:\/\/buscoequipomedico.com\/#\/schema\/logo\/image\/","url":"https:\/\/buscoequipomedico.com\/wp-content\/uploads\/2021\/07\/EMM-VPrincipal-scaled.jpg","contentUrl":"https:\/\/buscoequipomedico.com\/wp-content\/uploads\/2021\/07\/EMM-VPrincipal-scaled.jpg","width":2560,"height":1058,"caption":"Tu mejor opci\u00f3n Equipo M\u00e9dico M\u00e9xico"},"image":{"@id":"https:\/\/buscoequipomedico.com\/#\/schema\/logo\/image\/"}}]}},"_links":{"self":[{"href":"https:\/\/buscoequipomedico.com\/index.php?rest_route=\/wp\/v2\/product\/12731","targetHints":{"allow":["GET"]}}],"collection":[{"href":"https:\/\/buscoequipomedico.com\/index.php?rest_route=\/wp\/v2\/product"}],"about":[{"href":"https:\/\/buscoequipomedico.com\/index.php?rest_route=\/wp\/v2\/types\/product"}],"wp:featuredmedia":[{"embeddable":true,"href":"https:\/\/buscoequipomedico.com\/index.php?rest_route=\/wp\/v2\/media\/12732"}],"wp:attachment":[{"href":"https:\/\/buscoequipomedico.com\/index.php?rest_route=%2Fwp%2Fv2%2Fmedia&parent=12731"}],"wp:term":[{"taxonomy":"product_brand","embeddable":true,"href":"https:\/\/buscoequipomedico.com\/index.php?rest_route=%2Fwp%2Fv2%2Fproduct_brand&post=12731"},{"taxonomy":"product_cat","embeddable":true,"href":"https:\/\/buscoequipomedico.com\/index.php?rest_route=%2Fwp%2Fv2%2Fproduct_cat&post=12731"},{"taxonomy":"product_tag","embeddable":true,"href":"https:\/\/buscoequipomedico.com\/index.php?rest_route=%2Fwp%2Fv2%2Fproduct_tag&post=12731"}],"curies":[{"name":"wp","href":"https:\/\/api.w.org\/{rel}","templated":true}]}}