{"id":12737,"date":"2020-02-18T07:35:59","date_gmt":"2020-02-18T07:35:59","guid":{"rendered":"https:\/\/equipomedicomexico-com.preview-domain.com\/product\/mesa-de-operacion-electrica-2\/"},"modified":"2020-02-18T07:36:05","modified_gmt":"2020-02-18T07:36:05","slug":"mesa-de-operacion-electrica-2","status":"publish","type":"product","link":"https:\/\/buscoequipomedico.com\/?product=mesa-de-operacion-electrica-2","title":{"rendered":"MESA DE OPERACI\u00d3N ELECTRICA"},"content":{"rendered":"<p>Mesa quir\u00fargica electro-hidr\u00e1ulica de lujo con elevador de ri\u00f1\u00f3n<\/p>\n<\/p>\n<p>Caracter\u00edsticas:<\/p>\n<\/p>\n<p>Elevador de ri\u00f1\u00f3n.<\/p>\n<p>Radio transparente.<\/p>\n<p>Acero inoxidable.<\/p>\n<p>Control remoto.<\/p>\n<p>Parte de pierna se separa en 2.<\/p>\n<p>La mesa de operaci\u00f3n electr\u00f3nica es apropiada para diferentes requerimientos hospitalarios.<\/p>\n<p>Es posible realizar radiograf\u00edas con cada parte del cuerpo.\u00a0<\/p>\n<p>El colch\u00f3n de la mesa est\u00e1 dise\u00f1ado contra la corrosi\u00f3n, es resistente y f\u00e1cil de limpiar.<\/p>\n<p>Puede bajar a un nivel m\u00e1ximo para realizar operaciones quir\u00fargicas y est\u00e1 equipada con un juego completo de mecanismos especiales en la cabecera.\u00a0<\/p>\n<p>Adopta un controlador de micro \u00abtoque\u00bb que puede controlarse para ajustar varias posiciones previamente establecidas como son la inclinaci\u00f3n del respaldo, la cabecera o el asiento.<\/p><\/p>\n","protected":false},"excerpt":{"rendered":"<p>RADIO TRANSPARENTE<\/p>\n<p>Dimensiones: TOP 210 X 50 cm<\/p>\n<p>ALTURA 75~ 105 cm, RESPALDO 50\u00b0\/30\u00b0<\/p>\n<p>PIESCERA 90\u00b0<\/p>\n<p>INCLINACION LATERAL 10\u00b0<\/p>\n<p>TRENDELEMBURG 20\u00b0\/REVERSE 10\u00b0<\/p>\n<p>CABECERA 45\u00b0\/-90\u00b0<\/p>\n<p>RI\u00d1ON 120 mm<\/p>\n<p>SEPARADOR DE PIERNAS 90\u00b0<\/p>\n<\/p>\n<p>DESPLAZAMIENTO LONGITUDINAL: 30 CM<\/p>\n<p>Estas mesas son usada en cirug\u00edas de cuello, pecho, abdomen,perineo, ginecolog\u00eda, obstetricia y extremidades, as\u00ed como tambi\u00e9n oftalmolog\u00eda, ortopedia y otorrinolaringolog\u00eda para el quir\u00f3fano de su hospital.<\/p>\n<p>Radiotransparentes para Arco en C<\/p>\n","protected":false},"featured_media":12738,"template":"","meta":{"_joinchat":[]},"product_brand":[],"product_cat":[301],"product_tag":[],"class_list":{"0":"post-12737","1":"product","2":"type-product","3":"status-publish","4":"has-post-thumbnail","6":"product_cat-mesa-de-exploracion","7":"pa_marca-slim-royal","9":"first","10":"instock","11":"purchasable","12":"product-type-simple"},"yoast_head":"<!-- This site is optimized with the Yoast SEO plugin v25.1 - https:\/\/yoast.com\/wordpress\/plugins\/seo\/ -->\n<title>MESA DE OPERACI\u00d3N ELECTRICA - Tu mejor opci\u00f3n Equipo M\u00e9dico M\u00e9xico<\/title>\n<meta name=\"robots\" content=\"index, follow, max-snippet:-1, max-image-preview:large, max-video-preview:-1\" \/>\n<link rel=\"canonical\" href=\"https:\/\/buscoequipomedico.com\/?product=mesa-de-operacion-electrica-2\" \/>\n<meta property=\"og:locale\" content=\"es_ES\" \/>\n<meta property=\"og:type\" content=\"article\" \/>\n<meta property=\"og:title\" content=\"MESA DE OPERACI\u00d3N ELECTRICA - Tu mejor opci\u00f3n Equipo M\u00e9dico M\u00e9xico\" \/>\n<meta property=\"og:description\" content=\"RADIO TRANSPARENTE Dimensiones: TOP 210 X 50 cm ALTURA 75~ 105 cm, RESPALDO 50\u00b0\/30\u00b0 PIESCERA 90\u00b0 INCLINACION LATERAL 10\u00b0 TRENDELEMBURG 20\u00b0\/REVERSE 10\u00b0 CABECERA 45\u00b0\/-90\u00b0 RI\u00d1ON 120 mm SEPARADOR DE PIERNAS 90\u00b0 DESPLAZAMIENTO LONGITUDINAL: 30 CM Estas mesas son usada en cirug\u00edas de cuello, pecho, abdomen,perineo, ginecolog\u00eda, obstetricia y extremidades, as\u00ed como tambi\u00e9n oftalmolog\u00eda, ortopedia y otorrinolaringolog\u00eda para el quir\u00f3fano de su hospital. Radiotransparentes para Arco en C\" \/>\n<meta property=\"og:url\" content=\"https:\/\/buscoequipomedico.com\/?product=mesa-de-operacion-electrica-2\" \/>\n<meta property=\"og:site_name\" content=\"Tu mejor opci\u00f3n Equipo M\u00e9dico M\u00e9xico\" \/>\n<meta property=\"article:modified_time\" content=\"2020-02-18T07:36:05+00:00\" \/>\n<meta property=\"og:image\" content=\"https:\/\/buscoequipomedico.com\/wp-content\/uploads\/2020\/02\/mesa-de-operacion-electrica-radio-transparente-dimensiones-top-210-x-50-cm-altura-75-105-cm-respaldo-50-30-piescera-90-inclinaci.jpg\" \/>\n\t<meta property=\"og:image:width\" content=\"800\" \/>\n\t<meta property=\"og:image:height\" content=\"800\" \/>\n\t<meta property=\"og:image:type\" content=\"image\/png\" \/>\n<meta name=\"twitter:card\" content=\"summary_large_image\" \/>\n<meta name=\"twitter:label1\" content=\"Tiempo de lectura\" \/>\n\t<meta name=\"twitter:data1\" content=\"1 minuto\" \/>\n<script type=\"application\/ld+json\" class=\"yoast-schema-graph\">{\"@context\":\"https:\/\/schema.org\",\"@graph\":[{\"@type\":\"WebPage\",\"@id\":\"https:\/\/buscoequipomedico.com\/?product=mesa-de-operacion-electrica-2\",\"url\":\"https:\/\/buscoequipomedico.com\/?product=mesa-de-operacion-electrica-2\",\"name\":\"MESA DE OPERACI\u00d3N ELECTRICA - Tu mejor opci\u00f3n Equipo M\u00e9dico M\u00e9xico\",\"isPartOf\":{\"@id\":\"https:\/\/buscoequipomedico.com\/#website\"},\"primaryImageOfPage\":{\"@id\":\"https:\/\/buscoequipomedico.com\/?product=mesa-de-operacion-electrica-2#primaryimage\"},\"image\":{\"@id\":\"https:\/\/buscoequipomedico.com\/?product=mesa-de-operacion-electrica-2#primaryimage\"},\"thumbnailUrl\":\"https:\/\/buscoequipomedico.com\/wp-content\/uploads\/2020\/02\/mesa-de-operacion-electrica-radio-transparente-dimensiones-top-210-x-50-cm-altura-75-105-cm-respaldo-50-30-piescera-90-inclinaci.jpg\",\"datePublished\":\"2020-02-18T07:35:59+00:00\",\"dateModified\":\"2020-02-18T07:36:05+00:00\",\"breadcrumb\":{\"@id\":\"https:\/\/buscoequipomedico.com\/?product=mesa-de-operacion-electrica-2#breadcrumb\"},\"inLanguage\":\"es\",\"potentialAction\":[{\"@type\":\"ReadAction\",\"target\":[\"https:\/\/buscoequipomedico.com\/?product=mesa-de-operacion-electrica-2\"]}]},{\"@type\":\"ImageObject\",\"inLanguage\":\"es\",\"@id\":\"https:\/\/buscoequipomedico.com\/?product=mesa-de-operacion-electrica-2#primaryimage\",\"url\":\"https:\/\/buscoequipomedico.com\/wp-content\/uploads\/2020\/02\/mesa-de-operacion-electrica-radio-transparente-dimensiones-top-210-x-50-cm-altura-75-105-cm-respaldo-50-30-piescera-90-inclinaci.jpg\",\"contentUrl\":\"https:\/\/buscoequipomedico.com\/wp-content\/uploads\/2020\/02\/mesa-de-operacion-electrica-radio-transparente-dimensiones-top-210-x-50-cm-altura-75-105-cm-respaldo-50-30-piescera-90-inclinaci.jpg\",\"width\":800,\"height\":800},{\"@type\":\"BreadcrumbList\",\"@id\":\"https:\/\/buscoequipomedico.com\/?product=mesa-de-operacion-electrica-2#breadcrumb\",\"itemListElement\":[{\"@type\":\"ListItem\",\"position\":1,\"name\":\"Productos\",\"item\":\"https:\/\/buscoequipomedico.com\/shop\/\"},{\"@type\":\"ListItem\",\"position\":2,\"name\":\"MESA DE OPERACI\u00d3N ELECTRICA\"}]},{\"@type\":\"WebSite\",\"@id\":\"https:\/\/buscoequipomedico.com\/#website\",\"url\":\"https:\/\/buscoequipomedico.com\/\",\"name\":\"Tu mejor opci\u00f3n Equipo M\u00e9dico M\u00e9xico\",\"description\":\"Tienda de equipo m\u00e9dico\",\"publisher\":{\"@id\":\"https:\/\/buscoequipomedico.com\/#organization\"},\"potentialAction\":[{\"@type\":\"SearchAction\",\"target\":{\"@type\":\"EntryPoint\",\"urlTemplate\":\"https:\/\/buscoequipomedico.com\/?s={search_term_string}\"},\"query-input\":{\"@type\":\"PropertyValueSpecification\",\"valueRequired\":true,\"valueName\":\"search_term_string\"}}],\"inLanguage\":\"es\"},{\"@type\":\"Organization\",\"@id\":\"https:\/\/buscoequipomedico.com\/#organization\",\"name\":\"Tu mejor opci\u00f3n Equipo M\u00e9dico M\u00e9xico\",\"url\":\"https:\/\/buscoequipomedico.com\/\",\"logo\":{\"@type\":\"ImageObject\",\"inLanguage\":\"es\",\"@id\":\"https:\/\/buscoequipomedico.com\/#\/schema\/logo\/image\/\",\"url\":\"https:\/\/buscoequipomedico.com\/wp-content\/uploads\/2021\/07\/EMM-VPrincipal-scaled.jpg\",\"contentUrl\":\"https:\/\/buscoequipomedico.com\/wp-content\/uploads\/2021\/07\/EMM-VPrincipal-scaled.jpg\",\"width\":2560,\"height\":1058,\"caption\":\"Tu mejor opci\u00f3n Equipo M\u00e9dico M\u00e9xico\"},\"image\":{\"@id\":\"https:\/\/buscoequipomedico.com\/#\/schema\/logo\/image\/\"}}]}<\/script>\n<!-- \/ Yoast SEO plugin. -->","yoast_head_json":{"title":"MESA DE OPERACI\u00d3N ELECTRICA - Tu mejor opci\u00f3n Equipo M\u00e9dico M\u00e9xico","robots":{"index":"index","follow":"follow","max-snippet":"max-snippet:-1","max-image-preview":"max-image-preview:large","max-video-preview":"max-video-preview:-1"},"canonical":"https:\/\/buscoequipomedico.com\/?product=mesa-de-operacion-electrica-2","og_locale":"es_ES","og_type":"article","og_title":"MESA DE OPERACI\u00d3N ELECTRICA - Tu mejor opci\u00f3n Equipo M\u00e9dico M\u00e9xico","og_description":"RADIO TRANSPARENTE Dimensiones: TOP 210 X 50 cm ALTURA 75~ 105 cm, RESPALDO 50\u00b0\/30\u00b0 PIESCERA 90\u00b0 INCLINACION LATERAL 10\u00b0 TRENDELEMBURG 20\u00b0\/REVERSE 10\u00b0 CABECERA 45\u00b0\/-90\u00b0 RI\u00d1ON 120 mm SEPARADOR DE PIERNAS 90\u00b0 DESPLAZAMIENTO LONGITUDINAL: 30 CM Estas mesas son usada en cirug\u00edas de cuello, pecho, abdomen,perineo, ginecolog\u00eda, obstetricia y extremidades, as\u00ed como tambi\u00e9n oftalmolog\u00eda, ortopedia y otorrinolaringolog\u00eda para el quir\u00f3fano de su hospital. Radiotransparentes para Arco en C","og_url":"https:\/\/buscoequipomedico.com\/?product=mesa-de-operacion-electrica-2","og_site_name":"Tu mejor opci\u00f3n Equipo M\u00e9dico M\u00e9xico","article_modified_time":"2020-02-18T07:36:05+00:00","og_image":[{"width":800,"height":800,"url":"https:\/\/buscoequipomedico.com\/wp-content\/uploads\/2020\/02\/mesa-de-operacion-electrica-radio-transparente-dimensiones-top-210-x-50-cm-altura-75-105-cm-respaldo-50-30-piescera-90-inclinaci.jpg","type":"image\/png"}],"twitter_card":"summary_large_image","twitter_misc":{"Tiempo de lectura":"1 minuto"},"schema":{"@context":"https:\/\/schema.org","@graph":[{"@type":"WebPage","@id":"https:\/\/buscoequipomedico.com\/?product=mesa-de-operacion-electrica-2","url":"https:\/\/buscoequipomedico.com\/?product=mesa-de-operacion-electrica-2","name":"MESA DE OPERACI\u00d3N ELECTRICA - Tu mejor opci\u00f3n Equipo M\u00e9dico M\u00e9xico","isPartOf":{"@id":"https:\/\/buscoequipomedico.com\/#website"},"primaryImageOfPage":{"@id":"https:\/\/buscoequipomedico.com\/?product=mesa-de-operacion-electrica-2#primaryimage"},"image":{"@id":"https:\/\/buscoequipomedico.com\/?product=mesa-de-operacion-electrica-2#primaryimage"},"thumbnailUrl":"https:\/\/buscoequipomedico.com\/wp-content\/uploads\/2020\/02\/mesa-de-operacion-electrica-radio-transparente-dimensiones-top-210-x-50-cm-altura-75-105-cm-respaldo-50-30-piescera-90-inclinaci.jpg","datePublished":"2020-02-18T07:35:59+00:00","dateModified":"2020-02-18T07:36:05+00:00","breadcrumb":{"@id":"https:\/\/buscoequipomedico.com\/?product=mesa-de-operacion-electrica-2#breadcrumb"},"inLanguage":"es","potentialAction":[{"@type":"ReadAction","target":["https:\/\/buscoequipomedico.com\/?product=mesa-de-operacion-electrica-2"]}]},{"@type":"ImageObject","inLanguage":"es","@id":"https:\/\/buscoequipomedico.com\/?product=mesa-de-operacion-electrica-2#primaryimage","url":"https:\/\/buscoequipomedico.com\/wp-content\/uploads\/2020\/02\/mesa-de-operacion-electrica-radio-transparente-dimensiones-top-210-x-50-cm-altura-75-105-cm-respaldo-50-30-piescera-90-inclinaci.jpg","contentUrl":"https:\/\/buscoequipomedico.com\/wp-content\/uploads\/2020\/02\/mesa-de-operacion-electrica-radio-transparente-dimensiones-top-210-x-50-cm-altura-75-105-cm-respaldo-50-30-piescera-90-inclinaci.jpg","width":800,"height":800},{"@type":"BreadcrumbList","@id":"https:\/\/buscoequipomedico.com\/?product=mesa-de-operacion-electrica-2#breadcrumb","itemListElement":[{"@type":"ListItem","position":1,"name":"Productos","item":"https:\/\/buscoequipomedico.com\/shop\/"},{"@type":"ListItem","position":2,"name":"MESA DE OPERACI\u00d3N ELECTRICA"}]},{"@type":"WebSite","@id":"https:\/\/buscoequipomedico.com\/#website","url":"https:\/\/buscoequipomedico.com\/","name":"Tu mejor opci\u00f3n Equipo M\u00e9dico M\u00e9xico","description":"Tienda de equipo m\u00e9dico","publisher":{"@id":"https:\/\/buscoequipomedico.com\/#organization"},"potentialAction":[{"@type":"SearchAction","target":{"@type":"EntryPoint","urlTemplate":"https:\/\/buscoequipomedico.com\/?s={search_term_string}"},"query-input":{"@type":"PropertyValueSpecification","valueRequired":true,"valueName":"search_term_string"}}],"inLanguage":"es"},{"@type":"Organization","@id":"https:\/\/buscoequipomedico.com\/#organization","name":"Tu mejor opci\u00f3n Equipo M\u00e9dico M\u00e9xico","url":"https:\/\/buscoequipomedico.com\/","logo":{"@type":"ImageObject","inLanguage":"es","@id":"https:\/\/buscoequipomedico.com\/#\/schema\/logo\/image\/","url":"https:\/\/buscoequipomedico.com\/wp-content\/uploads\/2021\/07\/EMM-VPrincipal-scaled.jpg","contentUrl":"https:\/\/buscoequipomedico.com\/wp-content\/uploads\/2021\/07\/EMM-VPrincipal-scaled.jpg","width":2560,"height":1058,"caption":"Tu mejor opci\u00f3n Equipo M\u00e9dico M\u00e9xico"},"image":{"@id":"https:\/\/buscoequipomedico.com\/#\/schema\/logo\/image\/"}}]}},"_links":{"self":[{"href":"https:\/\/buscoequipomedico.com\/index.php?rest_route=\/wp\/v2\/product\/12737","targetHints":{"allow":["GET"]}}],"collection":[{"href":"https:\/\/buscoequipomedico.com\/index.php?rest_route=\/wp\/v2\/product"}],"about":[{"href":"https:\/\/buscoequipomedico.com\/index.php?rest_route=\/wp\/v2\/types\/product"}],"wp:featuredmedia":[{"embeddable":true,"href":"https:\/\/buscoequipomedico.com\/index.php?rest_route=\/wp\/v2\/media\/12738"}],"wp:attachment":[{"href":"https:\/\/buscoequipomedico.com\/index.php?rest_route=%2Fwp%2Fv2%2Fmedia&parent=12737"}],"wp:term":[{"taxonomy":"product_brand","embeddable":true,"href":"https:\/\/buscoequipomedico.com\/index.php?rest_route=%2Fwp%2Fv2%2Fproduct_brand&post=12737"},{"taxonomy":"product_cat","embeddable":true,"href":"https:\/\/buscoequipomedico.com\/index.php?rest_route=%2Fwp%2Fv2%2Fproduct_cat&post=12737"},{"taxonomy":"product_tag","embeddable":true,"href":"https:\/\/buscoequipomedico.com\/index.php?rest_route=%2Fwp%2Fv2%2Fproduct_tag&post=12737"}],"curies":[{"name":"wp","href":"https:\/\/api.w.org\/{rel}","templated":true}]}}