{"id":12795,"date":"2020-02-18T07:36:13","date_gmt":"2020-02-18T07:36:13","guid":{"rendered":"https:\/\/equipomedicomexico-com.preview-domain.com\/product\/mesa-hidraulica-para-cirugia\/"},"modified":"2020-02-18T07:36:16","modified_gmt":"2020-02-18T07:36:16","slug":"mesa-hidraulica-para-cirugia","status":"publish","type":"product","link":"https:\/\/buscoequipomedico.com\/?product=mesa-hidraulica-para-cirugia","title":{"rendered":"MESA HIDR\u00c1ULICA PARA CIRUG\u00cdA"},"content":{"rendered":"<p>Mesa con 5 secciones: cabecera con ajuste de flexi\u00f3n continua de +\/-40\u00b0, dorso con elevador de ri\u00f1\u00f3n integrado para dar posici\u00f3n de nefrectom\u00eda (la mesa tiene la capacidad de dar la posici\u00f3n), pelvis y miembros p\u00e9lvicos en placas independientes, desmontables y abatibles con movimiento de tijera, accionadas neum\u00e1ticamente.<\/p>\n<p>Accionamiento Mec\u00e1nico-hidr\u00e1ulico de los movimientos de elevaci\u00f3n y descenso, con un rango de 70 a 106 cm.<\/p>\n<\/p>\n<p>Accionamiento del cabezal neum\u00e1tico.<\/p>\n<p>Accionamiento mec\u00e1nico de los movimientos de: Fowler de 85\u00b0.<\/p>\n<p>Movimiento de respaldo neum\u00e1tico.<\/p>\n<p>Coj\u00edn desmontable el\u00e9ctricamente conductivo en todas sus secciones.<\/p>\n<p>Giro del tablero de 360\u00b0.<\/p>\n<p>Abordaje inverso.<\/p>\n<\/p>\n<p>ACCESORIOS EN ACERO INOXIDABLE:<\/p>\n<p>Arco de anestesia con fijadores.<\/p>\n<p>2 Soportes acojinados para brazo con fijadores.<\/p>\n<p>2 Soportes acojinados para hombros con fijadores.<\/p>\n<p>Perneras tipo goepel con fijadores 2 piezas.<\/p>\n<p>Coj\u00ednes conductivos.<\/p>\n<\/p>\n<p>ESPECIFICACIONES T\u00c9CNICAS:<\/p>\n<p>Largo: 2000 mm.<\/p>\n<p>Ancho: 500 mm sin accesorios.<\/p>\n<p>Altura m\u00ednima: 700 mm.<\/p>\n<p>Altura m\u00e1xima: 1060 mm.<\/p>\n<p>Movimiento lateral derecho \/izquierdo: 25\u00b0.<\/p>\n<p>Trendelenburg: 30\u00b0.<\/p>\n<p>Trendelenburg Inverso: 30\u00b0.<\/p>\n<p>Respaldo: +85\u00b0\/-40\u00b0.<\/p>\n<p>Elevador de Ri\u00f1\u00f3n: 120 mm.<\/p>\n<p>Capacidad de peso: 220 kg.<\/p><\/p>\n","protected":false},"excerpt":{"rendered":"<p>Equipo m\u00e9dico dise\u00f1ado para profesionales:<\/p>\n<p>Mesa rodable para facilitar el procedimiento quir\u00fargico.\u00a0<\/p>\n<p>Funcional, accesible y segura lo cual la convierte en un equipo hecho para profesionales exigentes.<\/p>\n<p>Mesa rodable con sistema de frenos accionada por pedal.<\/p>\n<p>Longitud total con extensi\u00f3n de cabecera y piernas de 200 cm.<\/p>\n<p>Base de acero inoxidable, columna en acero inoxidable, bastidor de superficie y rieles laterales en acero inoxidable, todo con calidad AISI 304.<\/p>\n<p>Radiotransparente con porta chasis en todas las secciones.\u00a0<\/p>\n<p>Accesible al uso de intensificador de imagen.<\/p><\/p>\n","protected":false},"featured_media":12796,"template":"","meta":{"_joinchat":[]},"product_brand":[],"product_cat":[301],"product_tag":[],"class_list":{"0":"post-12795","1":"product","2":"type-product","3":"status-publish","4":"has-post-thumbnail","6":"product_cat-mesa-de-exploracion","7":"pa_marca-bame","9":"first","10":"instock","11":"purchasable","12":"product-type-simple"},"yoast_head":"<!-- This site is optimized with the Yoast SEO plugin v25.1 - https:\/\/yoast.com\/wordpress\/plugins\/seo\/ -->\n<title>MESA HIDR\u00c1ULICA PARA CIRUG\u00cdA - Tu mejor opci\u00f3n Equipo M\u00e9dico M\u00e9xico<\/title>\n<meta name=\"robots\" content=\"index, follow, max-snippet:-1, max-image-preview:large, max-video-preview:-1\" \/>\n<link rel=\"canonical\" href=\"https:\/\/buscoequipomedico.com\/?product=mesa-hidraulica-para-cirugia\" \/>\n<meta property=\"og:locale\" content=\"es_ES\" \/>\n<meta property=\"og:type\" content=\"article\" \/>\n<meta property=\"og:title\" content=\"MESA HIDR\u00c1ULICA PARA CIRUG\u00cdA - Tu mejor opci\u00f3n Equipo M\u00e9dico M\u00e9xico\" \/>\n<meta property=\"og:description\" content=\"Equipo m\u00e9dico dise\u00f1ado para profesionales: Mesa rodable para facilitar el procedimiento quir\u00fargico.\u00a0 Funcional, accesible y segura lo cual la convierte en un equipo hecho para profesionales exigentes. Mesa rodable con sistema de frenos accionada por pedal. Longitud total con extensi\u00f3n de cabecera y piernas de 200 cm. Base de acero inoxidable, columna en acero inoxidable, bastidor de superficie y rieles laterales en acero inoxidable, todo con calidad AISI 304. Radiotransparente con porta chasis en todas las secciones.\u00a0 Accesible al uso de intensificador de imagen.\" \/>\n<meta property=\"og:url\" content=\"https:\/\/buscoequipomedico.com\/?product=mesa-hidraulica-para-cirugia\" \/>\n<meta property=\"og:site_name\" content=\"Tu mejor opci\u00f3n Equipo M\u00e9dico M\u00e9xico\" \/>\n<meta property=\"article:modified_time\" content=\"2020-02-18T07:36:16+00:00\" \/>\n<meta property=\"og:image\" content=\"https:\/\/buscoequipomedico.com\/wp-content\/uploads\/2020\/02\/mesa-hidraulica-para-cirugia-equipo-medico-disenado-para-profesionales-mesa-rodable-para-facilitar-el-procedimiento-quirurgico-f.jpg\" \/>\n\t<meta property=\"og:image:width\" content=\"800\" \/>\n\t<meta property=\"og:image:height\" content=\"800\" \/>\n\t<meta property=\"og:image:type\" content=\"image\/png\" \/>\n<meta name=\"twitter:card\" content=\"summary_large_image\" \/>\n<meta name=\"twitter:label1\" content=\"Tiempo de lectura\" \/>\n\t<meta name=\"twitter:data1\" content=\"1 minuto\" \/>\n<script type=\"application\/ld+json\" class=\"yoast-schema-graph\">{\"@context\":\"https:\/\/schema.org\",\"@graph\":[{\"@type\":\"WebPage\",\"@id\":\"https:\/\/buscoequipomedico.com\/?product=mesa-hidraulica-para-cirugia\",\"url\":\"https:\/\/buscoequipomedico.com\/?product=mesa-hidraulica-para-cirugia\",\"name\":\"MESA HIDR\u00c1ULICA PARA CIRUG\u00cdA - Tu mejor opci\u00f3n Equipo M\u00e9dico M\u00e9xico\",\"isPartOf\":{\"@id\":\"https:\/\/buscoequipomedico.com\/#website\"},\"primaryImageOfPage\":{\"@id\":\"https:\/\/buscoequipomedico.com\/?product=mesa-hidraulica-para-cirugia#primaryimage\"},\"image\":{\"@id\":\"https:\/\/buscoequipomedico.com\/?product=mesa-hidraulica-para-cirugia#primaryimage\"},\"thumbnailUrl\":\"https:\/\/buscoequipomedico.com\/wp-content\/uploads\/2020\/02\/mesa-hidraulica-para-cirugia-equipo-medico-disenado-para-profesionales-mesa-rodable-para-facilitar-el-procedimiento-quirurgico-f.jpg\",\"datePublished\":\"2020-02-18T07:36:13+00:00\",\"dateModified\":\"2020-02-18T07:36:16+00:00\",\"breadcrumb\":{\"@id\":\"https:\/\/buscoequipomedico.com\/?product=mesa-hidraulica-para-cirugia#breadcrumb\"},\"inLanguage\":\"es\",\"potentialAction\":[{\"@type\":\"ReadAction\",\"target\":[\"https:\/\/buscoequipomedico.com\/?product=mesa-hidraulica-para-cirugia\"]}]},{\"@type\":\"ImageObject\",\"inLanguage\":\"es\",\"@id\":\"https:\/\/buscoequipomedico.com\/?product=mesa-hidraulica-para-cirugia#primaryimage\",\"url\":\"https:\/\/buscoequipomedico.com\/wp-content\/uploads\/2020\/02\/mesa-hidraulica-para-cirugia-equipo-medico-disenado-para-profesionales-mesa-rodable-para-facilitar-el-procedimiento-quirurgico-f.jpg\",\"contentUrl\":\"https:\/\/buscoequipomedico.com\/wp-content\/uploads\/2020\/02\/mesa-hidraulica-para-cirugia-equipo-medico-disenado-para-profesionales-mesa-rodable-para-facilitar-el-procedimiento-quirurgico-f.jpg\",\"width\":800,\"height\":800},{\"@type\":\"BreadcrumbList\",\"@id\":\"https:\/\/buscoequipomedico.com\/?product=mesa-hidraulica-para-cirugia#breadcrumb\",\"itemListElement\":[{\"@type\":\"ListItem\",\"position\":1,\"name\":\"Productos\",\"item\":\"https:\/\/buscoequipomedico.com\/shop\/\"},{\"@type\":\"ListItem\",\"position\":2,\"name\":\"MESA HIDR\u00c1ULICA PARA CIRUG\u00cdA\"}]},{\"@type\":\"WebSite\",\"@id\":\"https:\/\/buscoequipomedico.com\/#website\",\"url\":\"https:\/\/buscoequipomedico.com\/\",\"name\":\"Tu mejor opci\u00f3n Equipo M\u00e9dico M\u00e9xico\",\"description\":\"Tienda de equipo m\u00e9dico\",\"publisher\":{\"@id\":\"https:\/\/buscoequipomedico.com\/#organization\"},\"potentialAction\":[{\"@type\":\"SearchAction\",\"target\":{\"@type\":\"EntryPoint\",\"urlTemplate\":\"https:\/\/buscoequipomedico.com\/?s={search_term_string}\"},\"query-input\":{\"@type\":\"PropertyValueSpecification\",\"valueRequired\":true,\"valueName\":\"search_term_string\"}}],\"inLanguage\":\"es\"},{\"@type\":\"Organization\",\"@id\":\"https:\/\/buscoequipomedico.com\/#organization\",\"name\":\"Tu mejor opci\u00f3n Equipo M\u00e9dico M\u00e9xico\",\"url\":\"https:\/\/buscoequipomedico.com\/\",\"logo\":{\"@type\":\"ImageObject\",\"inLanguage\":\"es\",\"@id\":\"https:\/\/buscoequipomedico.com\/#\/schema\/logo\/image\/\",\"url\":\"https:\/\/buscoequipomedico.com\/wp-content\/uploads\/2021\/07\/EMM-VPrincipal-scaled.jpg\",\"contentUrl\":\"https:\/\/buscoequipomedico.com\/wp-content\/uploads\/2021\/07\/EMM-VPrincipal-scaled.jpg\",\"width\":2560,\"height\":1058,\"caption\":\"Tu mejor opci\u00f3n Equipo M\u00e9dico M\u00e9xico\"},\"image\":{\"@id\":\"https:\/\/buscoequipomedico.com\/#\/schema\/logo\/image\/\"}}]}<\/script>\n<!-- \/ Yoast SEO plugin. -->","yoast_head_json":{"title":"MESA HIDR\u00c1ULICA PARA CIRUG\u00cdA - Tu mejor opci\u00f3n Equipo M\u00e9dico M\u00e9xico","robots":{"index":"index","follow":"follow","max-snippet":"max-snippet:-1","max-image-preview":"max-image-preview:large","max-video-preview":"max-video-preview:-1"},"canonical":"https:\/\/buscoequipomedico.com\/?product=mesa-hidraulica-para-cirugia","og_locale":"es_ES","og_type":"article","og_title":"MESA HIDR\u00c1ULICA PARA CIRUG\u00cdA - Tu mejor opci\u00f3n Equipo M\u00e9dico M\u00e9xico","og_description":"Equipo m\u00e9dico dise\u00f1ado para profesionales: Mesa rodable para facilitar el procedimiento quir\u00fargico.\u00a0 Funcional, accesible y segura lo cual la convierte en un equipo hecho para profesionales exigentes. Mesa rodable con sistema de frenos accionada por pedal. Longitud total con extensi\u00f3n de cabecera y piernas de 200 cm. Base de acero inoxidable, columna en acero inoxidable, bastidor de superficie y rieles laterales en acero inoxidable, todo con calidad AISI 304. Radiotransparente con porta chasis en todas las secciones.\u00a0 Accesible al uso de intensificador de imagen.","og_url":"https:\/\/buscoequipomedico.com\/?product=mesa-hidraulica-para-cirugia","og_site_name":"Tu mejor opci\u00f3n Equipo M\u00e9dico M\u00e9xico","article_modified_time":"2020-02-18T07:36:16+00:00","og_image":[{"width":800,"height":800,"url":"https:\/\/buscoequipomedico.com\/wp-content\/uploads\/2020\/02\/mesa-hidraulica-para-cirugia-equipo-medico-disenado-para-profesionales-mesa-rodable-para-facilitar-el-procedimiento-quirurgico-f.jpg","type":"image\/png"}],"twitter_card":"summary_large_image","twitter_misc":{"Tiempo de lectura":"1 minuto"},"schema":{"@context":"https:\/\/schema.org","@graph":[{"@type":"WebPage","@id":"https:\/\/buscoequipomedico.com\/?product=mesa-hidraulica-para-cirugia","url":"https:\/\/buscoequipomedico.com\/?product=mesa-hidraulica-para-cirugia","name":"MESA HIDR\u00c1ULICA PARA CIRUG\u00cdA - Tu mejor opci\u00f3n Equipo M\u00e9dico M\u00e9xico","isPartOf":{"@id":"https:\/\/buscoequipomedico.com\/#website"},"primaryImageOfPage":{"@id":"https:\/\/buscoequipomedico.com\/?product=mesa-hidraulica-para-cirugia#primaryimage"},"image":{"@id":"https:\/\/buscoequipomedico.com\/?product=mesa-hidraulica-para-cirugia#primaryimage"},"thumbnailUrl":"https:\/\/buscoequipomedico.com\/wp-content\/uploads\/2020\/02\/mesa-hidraulica-para-cirugia-equipo-medico-disenado-para-profesionales-mesa-rodable-para-facilitar-el-procedimiento-quirurgico-f.jpg","datePublished":"2020-02-18T07:36:13+00:00","dateModified":"2020-02-18T07:36:16+00:00","breadcrumb":{"@id":"https:\/\/buscoequipomedico.com\/?product=mesa-hidraulica-para-cirugia#breadcrumb"},"inLanguage":"es","potentialAction":[{"@type":"ReadAction","target":["https:\/\/buscoequipomedico.com\/?product=mesa-hidraulica-para-cirugia"]}]},{"@type":"ImageObject","inLanguage":"es","@id":"https:\/\/buscoequipomedico.com\/?product=mesa-hidraulica-para-cirugia#primaryimage","url":"https:\/\/buscoequipomedico.com\/wp-content\/uploads\/2020\/02\/mesa-hidraulica-para-cirugia-equipo-medico-disenado-para-profesionales-mesa-rodable-para-facilitar-el-procedimiento-quirurgico-f.jpg","contentUrl":"https:\/\/buscoequipomedico.com\/wp-content\/uploads\/2020\/02\/mesa-hidraulica-para-cirugia-equipo-medico-disenado-para-profesionales-mesa-rodable-para-facilitar-el-procedimiento-quirurgico-f.jpg","width":800,"height":800},{"@type":"BreadcrumbList","@id":"https:\/\/buscoequipomedico.com\/?product=mesa-hidraulica-para-cirugia#breadcrumb","itemListElement":[{"@type":"ListItem","position":1,"name":"Productos","item":"https:\/\/buscoequipomedico.com\/shop\/"},{"@type":"ListItem","position":2,"name":"MESA HIDR\u00c1ULICA PARA CIRUG\u00cdA"}]},{"@type":"WebSite","@id":"https:\/\/buscoequipomedico.com\/#website","url":"https:\/\/buscoequipomedico.com\/","name":"Tu mejor opci\u00f3n Equipo M\u00e9dico M\u00e9xico","description":"Tienda de equipo m\u00e9dico","publisher":{"@id":"https:\/\/buscoequipomedico.com\/#organization"},"potentialAction":[{"@type":"SearchAction","target":{"@type":"EntryPoint","urlTemplate":"https:\/\/buscoequipomedico.com\/?s={search_term_string}"},"query-input":{"@type":"PropertyValueSpecification","valueRequired":true,"valueName":"search_term_string"}}],"inLanguage":"es"},{"@type":"Organization","@id":"https:\/\/buscoequipomedico.com\/#organization","name":"Tu mejor opci\u00f3n Equipo M\u00e9dico M\u00e9xico","url":"https:\/\/buscoequipomedico.com\/","logo":{"@type":"ImageObject","inLanguage":"es","@id":"https:\/\/buscoequipomedico.com\/#\/schema\/logo\/image\/","url":"https:\/\/buscoequipomedico.com\/wp-content\/uploads\/2021\/07\/EMM-VPrincipal-scaled.jpg","contentUrl":"https:\/\/buscoequipomedico.com\/wp-content\/uploads\/2021\/07\/EMM-VPrincipal-scaled.jpg","width":2560,"height":1058,"caption":"Tu mejor opci\u00f3n Equipo M\u00e9dico M\u00e9xico"},"image":{"@id":"https:\/\/buscoequipomedico.com\/#\/schema\/logo\/image\/"}}]}},"_links":{"self":[{"href":"https:\/\/buscoequipomedico.com\/index.php?rest_route=\/wp\/v2\/product\/12795","targetHints":{"allow":["GET"]}}],"collection":[{"href":"https:\/\/buscoequipomedico.com\/index.php?rest_route=\/wp\/v2\/product"}],"about":[{"href":"https:\/\/buscoequipomedico.com\/index.php?rest_route=\/wp\/v2\/types\/product"}],"wp:featuredmedia":[{"embeddable":true,"href":"https:\/\/buscoequipomedico.com\/index.php?rest_route=\/wp\/v2\/media\/12796"}],"wp:attachment":[{"href":"https:\/\/buscoequipomedico.com\/index.php?rest_route=%2Fwp%2Fv2%2Fmedia&parent=12795"}],"wp:term":[{"taxonomy":"product_brand","embeddable":true,"href":"https:\/\/buscoequipomedico.com\/index.php?rest_route=%2Fwp%2Fv2%2Fproduct_brand&post=12795"},{"taxonomy":"product_cat","embeddable":true,"href":"https:\/\/buscoequipomedico.com\/index.php?rest_route=%2Fwp%2Fv2%2Fproduct_cat&post=12795"},{"taxonomy":"product_tag","embeddable":true,"href":"https:\/\/buscoequipomedico.com\/index.php?rest_route=%2Fwp%2Fv2%2Fproduct_tag&post=12795"}],"curies":[{"name":"wp","href":"https:\/\/api.w.org\/{rel}","templated":true}]}}