{"id":12835,"date":"2020-02-18T07:36:21","date_gmt":"2020-02-18T07:36:21","guid":{"rendered":"https:\/\/equipomedicomexico-com.preview-domain.com\/product\/mesa-de-operaciones-electrica-compatible-con-rayos-x\/"},"modified":"2020-02-18T07:36:24","modified_gmt":"2020-02-18T07:36:24","slug":"mesa-de-operaciones-electrica-compatible-con-rayos-x","status":"publish","type":"product","link":"https:\/\/buscoequipomedico.com\/?product=mesa-de-operaciones-electrica-compatible-con-rayos-x","title":{"rendered":"MESA DE OPERACIONES EL\u00c9CTRICA COMPATIBLE CON RAYOS-X"},"content":{"rendered":"<p><span>Caracter\u00edsticas:<\/span><\/p>\n<ul>\n<li>Dise\u00f1o compacto que ahorra espacio.<\/li>\n<li>Bater\u00eda recargable de rayos X m\u00f3vil con indicador de nivel de bater\u00eda.<\/li>\n<li>Tubo de rayos X de \u00c1nodo Fijo, 1.5 mm de punto focal.<\/li>\n<li>330 regiones anat\u00f3micas (APR), Programa de control remoto.<\/li>\n<li>Puede ser operado desde la consola o desde el frente.<\/li>\n<li>Movimiento del brazo 90\u00b0 (45\u00b0 al Izquierda y 45\u00b0 a la Derecha).<\/li>\n<li>Movimiento de la columna 180\u00b0 (90\u00b0 al Izquierda y 90\u00b0 a la Derecha).<\/li>\n<\/ul>\n<p><span>Alta potencia y una gran soluci\u00f3n para el campo m\u00e9dico.<\/span><\/p>\n<ul>\n<li>La gran salida de potencia de 5.0 KW y la excelente tecnolog\u00eda de alta frecuencia del sistema producen im\u00e1genes de rayos x sofisticadas y m\u00e1s claras. Las 330 regiones anat\u00f3micas proporcionan una l\u00ednea gu\u00eda para las \u00f3ptimas condiciones radiol\u00f3gicas anat\u00f3micas.<\/li>\n<\/ul>\n<p><span>M\u00e1xima comodidad para el diagn\u00f3stico.<\/span><\/p>\n<ul>\n<li>Los diversos \u00e1ngulos y los movimientos ascendentes y descendentes de la cabeza del sistema sirven para encontrar la mejor posici\u00f3n del trabajo de radiolog\u00eda. El sistema est\u00e1 dise\u00f1ado para el aprovechamiento m\u00e1ximo del espacio en las cl\u00ednicas ya que el equipo cuenta con un dise\u00f1o delgado y un brazo Plegable. Las ruedas grandes y estables brindan movimiento suave y silencioso. Una sola persona puede transportar e instalar el sistema y la selecci\u00f3n de la t\u00e9cnica radiol\u00f3gica tambi\u00e9n es muy sencilla.<\/li>\n<\/ul>\n<p><span>Configuraci\u00f3n y funciones orientadas a brindar comodidad al usuario.<\/span><\/p>\n<ul>\n<li>Las funciones y la operaci\u00f3n amigable para el usuario son de las caracter\u00edsticas m\u00e1s importantes del dise\u00f1o del sistema. La carcasa externa s\u00f3lida y el recubrimiento duro del sistema hacen que este producto sea durable contra golpes externos y contra la contaminaci\u00f3n proveniente del medio ambiente de la radiograf\u00eda. Este sistema cuenta con un exclusivo software de control manual, diversidad de regiones anat\u00f3micas (APRs) y carga m\u00faltiple de la bater\u00eda para mayor comodidad del usuario.<\/li>\n<\/ul>\n","protected":false},"excerpt":{"rendered":"<p><span><span>Sistema de Rayos X m\u00f3vil de alta frecuencia Mod. Movix 100<\/span><\/span><\/p>\n<p>Es un equipo de rayos x m\u00f3vil con bater\u00eda recargable, la cual mantiene la carga autom\u00e1ticamente. Esta caracter\u00edstica acorta el tiempo de traslado y no es necesaria demasiada fuerza para empujar la m\u00e1quina. El equipo tiene una capacidad m\u00e1xima para producir rayos X. Facilita el tiempo de exposici\u00f3n prolongado en caso de emergencia. Es f\u00e1cil ver cuando la unidad se debe recargar gracias a la indicaci\u00f3n de la cantidad de carga residual de la bater\u00eda.<\/p>\n","protected":false},"featured_media":12836,"template":"","meta":{"_joinchat":[]},"product_brand":[],"product_cat":[301],"product_tag":[],"class_list":{"0":"post-12835","1":"product","2":"type-product","3":"status-publish","4":"has-post-thumbnail","6":"product_cat-mesa-de-exploracion","8":"first","9":"instock","10":"purchasable","11":"product-type-simple"},"yoast_head":"<!-- This site is optimized with the Yoast SEO plugin v25.1 - https:\/\/yoast.com\/wordpress\/plugins\/seo\/ -->\n<title>MESA DE OPERACIONES EL\u00c9CTRICA COMPATIBLE CON RAYOS-X - Tu mejor opci\u00f3n Equipo M\u00e9dico M\u00e9xico<\/title>\n<meta name=\"robots\" content=\"index, follow, max-snippet:-1, max-image-preview:large, max-video-preview:-1\" \/>\n<link rel=\"canonical\" href=\"https:\/\/buscoequipomedico.com\/?product=mesa-de-operaciones-electrica-compatible-con-rayos-x\" \/>\n<meta property=\"og:locale\" content=\"es_ES\" \/>\n<meta property=\"og:type\" content=\"article\" \/>\n<meta property=\"og:title\" content=\"MESA DE OPERACIONES EL\u00c9CTRICA COMPATIBLE CON RAYOS-X - Tu mejor opci\u00f3n Equipo M\u00e9dico M\u00e9xico\" \/>\n<meta property=\"og:description\" content=\"Sistema de Rayos X m\u00f3vil de alta frecuencia Mod. Movix 100 Es un equipo de rayos x m\u00f3vil con bater\u00eda recargable, la cual mantiene la carga autom\u00e1ticamente. Esta caracter\u00edstica acorta el tiempo de traslado y no es necesaria demasiada fuerza para empujar la m\u00e1quina. El equipo tiene una capacidad m\u00e1xima para producir rayos X. Facilita el tiempo de exposici\u00f3n prolongado en caso de emergencia. Es f\u00e1cil ver cuando la unidad se debe recargar gracias a la indicaci\u00f3n de la cantidad de carga residual de la bater\u00eda.\" \/>\n<meta property=\"og:url\" content=\"https:\/\/buscoequipomedico.com\/?product=mesa-de-operaciones-electrica-compatible-con-rayos-x\" \/>\n<meta property=\"og:site_name\" content=\"Tu mejor opci\u00f3n Equipo M\u00e9dico M\u00e9xico\" \/>\n<meta property=\"article:modified_time\" content=\"2020-02-18T07:36:24+00:00\" \/>\n<meta property=\"og:image\" content=\"https:\/\/buscoequipomedico.com\/wp-content\/uploads\/2020\/02\/mesa-de-operaciones-electrica-compatible-con-rayos-x-sistema-de-rayos-x-movil-de-alta-frecuencia-mod-movix-100-es-un-equipo-de-r.jpg\" \/>\n\t<meta property=\"og:image:width\" content=\"800\" \/>\n\t<meta property=\"og:image:height\" content=\"800\" \/>\n\t<meta property=\"og:image:type\" content=\"image\/png\" \/>\n<meta name=\"twitter:card\" content=\"summary_large_image\" \/>\n<meta name=\"twitter:label1\" content=\"Tiempo de lectura\" \/>\n\t<meta name=\"twitter:data1\" content=\"2 minutos\" \/>\n<script type=\"application\/ld+json\" class=\"yoast-schema-graph\">{\"@context\":\"https:\/\/schema.org\",\"@graph\":[{\"@type\":\"WebPage\",\"@id\":\"https:\/\/buscoequipomedico.com\/?product=mesa-de-operaciones-electrica-compatible-con-rayos-x\",\"url\":\"https:\/\/buscoequipomedico.com\/?product=mesa-de-operaciones-electrica-compatible-con-rayos-x\",\"name\":\"MESA DE OPERACIONES EL\u00c9CTRICA COMPATIBLE CON RAYOS-X - Tu mejor opci\u00f3n Equipo M\u00e9dico M\u00e9xico\",\"isPartOf\":{\"@id\":\"https:\/\/buscoequipomedico.com\/#website\"},\"primaryImageOfPage\":{\"@id\":\"https:\/\/buscoequipomedico.com\/?product=mesa-de-operaciones-electrica-compatible-con-rayos-x#primaryimage\"},\"image\":{\"@id\":\"https:\/\/buscoequipomedico.com\/?product=mesa-de-operaciones-electrica-compatible-con-rayos-x#primaryimage\"},\"thumbnailUrl\":\"https:\/\/buscoequipomedico.com\/wp-content\/uploads\/2020\/02\/mesa-de-operaciones-electrica-compatible-con-rayos-x-sistema-de-rayos-x-movil-de-alta-frecuencia-mod-movix-100-es-un-equipo-de-r.jpg\",\"datePublished\":\"2020-02-18T07:36:21+00:00\",\"dateModified\":\"2020-02-18T07:36:24+00:00\",\"breadcrumb\":{\"@id\":\"https:\/\/buscoequipomedico.com\/?product=mesa-de-operaciones-electrica-compatible-con-rayos-x#breadcrumb\"},\"inLanguage\":\"es\",\"potentialAction\":[{\"@type\":\"ReadAction\",\"target\":[\"https:\/\/buscoequipomedico.com\/?product=mesa-de-operaciones-electrica-compatible-con-rayos-x\"]}]},{\"@type\":\"ImageObject\",\"inLanguage\":\"es\",\"@id\":\"https:\/\/buscoequipomedico.com\/?product=mesa-de-operaciones-electrica-compatible-con-rayos-x#primaryimage\",\"url\":\"https:\/\/buscoequipomedico.com\/wp-content\/uploads\/2020\/02\/mesa-de-operaciones-electrica-compatible-con-rayos-x-sistema-de-rayos-x-movil-de-alta-frecuencia-mod-movix-100-es-un-equipo-de-r.jpg\",\"contentUrl\":\"https:\/\/buscoequipomedico.com\/wp-content\/uploads\/2020\/02\/mesa-de-operaciones-electrica-compatible-con-rayos-x-sistema-de-rayos-x-movil-de-alta-frecuencia-mod-movix-100-es-un-equipo-de-r.jpg\",\"width\":800,\"height\":800},{\"@type\":\"BreadcrumbList\",\"@id\":\"https:\/\/buscoequipomedico.com\/?product=mesa-de-operaciones-electrica-compatible-con-rayos-x#breadcrumb\",\"itemListElement\":[{\"@type\":\"ListItem\",\"position\":1,\"name\":\"Productos\",\"item\":\"https:\/\/buscoequipomedico.com\/shop\/\"},{\"@type\":\"ListItem\",\"position\":2,\"name\":\"MESA DE OPERACIONES EL\u00c9CTRICA COMPATIBLE CON RAYOS-X\"}]},{\"@type\":\"WebSite\",\"@id\":\"https:\/\/buscoequipomedico.com\/#website\",\"url\":\"https:\/\/buscoequipomedico.com\/\",\"name\":\"Tu mejor opci\u00f3n Equipo M\u00e9dico M\u00e9xico\",\"description\":\"Tienda de equipo m\u00e9dico\",\"publisher\":{\"@id\":\"https:\/\/buscoequipomedico.com\/#organization\"},\"potentialAction\":[{\"@type\":\"SearchAction\",\"target\":{\"@type\":\"EntryPoint\",\"urlTemplate\":\"https:\/\/buscoequipomedico.com\/?s={search_term_string}\"},\"query-input\":{\"@type\":\"PropertyValueSpecification\",\"valueRequired\":true,\"valueName\":\"search_term_string\"}}],\"inLanguage\":\"es\"},{\"@type\":\"Organization\",\"@id\":\"https:\/\/buscoequipomedico.com\/#organization\",\"name\":\"Tu mejor opci\u00f3n Equipo M\u00e9dico M\u00e9xico\",\"url\":\"https:\/\/buscoequipomedico.com\/\",\"logo\":{\"@type\":\"ImageObject\",\"inLanguage\":\"es\",\"@id\":\"https:\/\/buscoequipomedico.com\/#\/schema\/logo\/image\/\",\"url\":\"https:\/\/buscoequipomedico.com\/wp-content\/uploads\/2021\/07\/EMM-VPrincipal-scaled.jpg\",\"contentUrl\":\"https:\/\/buscoequipomedico.com\/wp-content\/uploads\/2021\/07\/EMM-VPrincipal-scaled.jpg\",\"width\":2560,\"height\":1058,\"caption\":\"Tu mejor opci\u00f3n Equipo M\u00e9dico M\u00e9xico\"},\"image\":{\"@id\":\"https:\/\/buscoequipomedico.com\/#\/schema\/logo\/image\/\"}}]}<\/script>\n<!-- \/ Yoast SEO plugin. -->","yoast_head_json":{"title":"MESA DE OPERACIONES EL\u00c9CTRICA COMPATIBLE CON RAYOS-X - Tu mejor opci\u00f3n Equipo M\u00e9dico M\u00e9xico","robots":{"index":"index","follow":"follow","max-snippet":"max-snippet:-1","max-image-preview":"max-image-preview:large","max-video-preview":"max-video-preview:-1"},"canonical":"https:\/\/buscoequipomedico.com\/?product=mesa-de-operaciones-electrica-compatible-con-rayos-x","og_locale":"es_ES","og_type":"article","og_title":"MESA DE OPERACIONES EL\u00c9CTRICA COMPATIBLE CON RAYOS-X - Tu mejor opci\u00f3n Equipo M\u00e9dico M\u00e9xico","og_description":"Sistema de Rayos X m\u00f3vil de alta frecuencia Mod. Movix 100 Es un equipo de rayos x m\u00f3vil con bater\u00eda recargable, la cual mantiene la carga autom\u00e1ticamente. Esta caracter\u00edstica acorta el tiempo de traslado y no es necesaria demasiada fuerza para empujar la m\u00e1quina. El equipo tiene una capacidad m\u00e1xima para producir rayos X. Facilita el tiempo de exposici\u00f3n prolongado en caso de emergencia. Es f\u00e1cil ver cuando la unidad se debe recargar gracias a la indicaci\u00f3n de la cantidad de carga residual de la bater\u00eda.","og_url":"https:\/\/buscoequipomedico.com\/?product=mesa-de-operaciones-electrica-compatible-con-rayos-x","og_site_name":"Tu mejor opci\u00f3n Equipo M\u00e9dico M\u00e9xico","article_modified_time":"2020-02-18T07:36:24+00:00","og_image":[{"width":800,"height":800,"url":"https:\/\/buscoequipomedico.com\/wp-content\/uploads\/2020\/02\/mesa-de-operaciones-electrica-compatible-con-rayos-x-sistema-de-rayos-x-movil-de-alta-frecuencia-mod-movix-100-es-un-equipo-de-r.jpg","type":"image\/png"}],"twitter_card":"summary_large_image","twitter_misc":{"Tiempo de lectura":"2 minutos"},"schema":{"@context":"https:\/\/schema.org","@graph":[{"@type":"WebPage","@id":"https:\/\/buscoequipomedico.com\/?product=mesa-de-operaciones-electrica-compatible-con-rayos-x","url":"https:\/\/buscoequipomedico.com\/?product=mesa-de-operaciones-electrica-compatible-con-rayos-x","name":"MESA DE OPERACIONES EL\u00c9CTRICA COMPATIBLE CON RAYOS-X - Tu mejor opci\u00f3n Equipo M\u00e9dico M\u00e9xico","isPartOf":{"@id":"https:\/\/buscoequipomedico.com\/#website"},"primaryImageOfPage":{"@id":"https:\/\/buscoequipomedico.com\/?product=mesa-de-operaciones-electrica-compatible-con-rayos-x#primaryimage"},"image":{"@id":"https:\/\/buscoequipomedico.com\/?product=mesa-de-operaciones-electrica-compatible-con-rayos-x#primaryimage"},"thumbnailUrl":"https:\/\/buscoequipomedico.com\/wp-content\/uploads\/2020\/02\/mesa-de-operaciones-electrica-compatible-con-rayos-x-sistema-de-rayos-x-movil-de-alta-frecuencia-mod-movix-100-es-un-equipo-de-r.jpg","datePublished":"2020-02-18T07:36:21+00:00","dateModified":"2020-02-18T07:36:24+00:00","breadcrumb":{"@id":"https:\/\/buscoequipomedico.com\/?product=mesa-de-operaciones-electrica-compatible-con-rayos-x#breadcrumb"},"inLanguage":"es","potentialAction":[{"@type":"ReadAction","target":["https:\/\/buscoequipomedico.com\/?product=mesa-de-operaciones-electrica-compatible-con-rayos-x"]}]},{"@type":"ImageObject","inLanguage":"es","@id":"https:\/\/buscoequipomedico.com\/?product=mesa-de-operaciones-electrica-compatible-con-rayos-x#primaryimage","url":"https:\/\/buscoequipomedico.com\/wp-content\/uploads\/2020\/02\/mesa-de-operaciones-electrica-compatible-con-rayos-x-sistema-de-rayos-x-movil-de-alta-frecuencia-mod-movix-100-es-un-equipo-de-r.jpg","contentUrl":"https:\/\/buscoequipomedico.com\/wp-content\/uploads\/2020\/02\/mesa-de-operaciones-electrica-compatible-con-rayos-x-sistema-de-rayos-x-movil-de-alta-frecuencia-mod-movix-100-es-un-equipo-de-r.jpg","width":800,"height":800},{"@type":"BreadcrumbList","@id":"https:\/\/buscoequipomedico.com\/?product=mesa-de-operaciones-electrica-compatible-con-rayos-x#breadcrumb","itemListElement":[{"@type":"ListItem","position":1,"name":"Productos","item":"https:\/\/buscoequipomedico.com\/shop\/"},{"@type":"ListItem","position":2,"name":"MESA DE OPERACIONES EL\u00c9CTRICA COMPATIBLE CON RAYOS-X"}]},{"@type":"WebSite","@id":"https:\/\/buscoequipomedico.com\/#website","url":"https:\/\/buscoequipomedico.com\/","name":"Tu mejor opci\u00f3n Equipo M\u00e9dico M\u00e9xico","description":"Tienda de equipo m\u00e9dico","publisher":{"@id":"https:\/\/buscoequipomedico.com\/#organization"},"potentialAction":[{"@type":"SearchAction","target":{"@type":"EntryPoint","urlTemplate":"https:\/\/buscoequipomedico.com\/?s={search_term_string}"},"query-input":{"@type":"PropertyValueSpecification","valueRequired":true,"valueName":"search_term_string"}}],"inLanguage":"es"},{"@type":"Organization","@id":"https:\/\/buscoequipomedico.com\/#organization","name":"Tu mejor opci\u00f3n Equipo M\u00e9dico M\u00e9xico","url":"https:\/\/buscoequipomedico.com\/","logo":{"@type":"ImageObject","inLanguage":"es","@id":"https:\/\/buscoequipomedico.com\/#\/schema\/logo\/image\/","url":"https:\/\/buscoequipomedico.com\/wp-content\/uploads\/2021\/07\/EMM-VPrincipal-scaled.jpg","contentUrl":"https:\/\/buscoequipomedico.com\/wp-content\/uploads\/2021\/07\/EMM-VPrincipal-scaled.jpg","width":2560,"height":1058,"caption":"Tu mejor opci\u00f3n Equipo M\u00e9dico M\u00e9xico"},"image":{"@id":"https:\/\/buscoequipomedico.com\/#\/schema\/logo\/image\/"}}]}},"_links":{"self":[{"href":"https:\/\/buscoequipomedico.com\/index.php?rest_route=\/wp\/v2\/product\/12835","targetHints":{"allow":["GET"]}}],"collection":[{"href":"https:\/\/buscoequipomedico.com\/index.php?rest_route=\/wp\/v2\/product"}],"about":[{"href":"https:\/\/buscoequipomedico.com\/index.php?rest_route=\/wp\/v2\/types\/product"}],"wp:featuredmedia":[{"embeddable":true,"href":"https:\/\/buscoequipomedico.com\/index.php?rest_route=\/wp\/v2\/media\/12836"}],"wp:attachment":[{"href":"https:\/\/buscoequipomedico.com\/index.php?rest_route=%2Fwp%2Fv2%2Fmedia&parent=12835"}],"wp:term":[{"taxonomy":"product_brand","embeddable":true,"href":"https:\/\/buscoequipomedico.com\/index.php?rest_route=%2Fwp%2Fv2%2Fproduct_brand&post=12835"},{"taxonomy":"product_cat","embeddable":true,"href":"https:\/\/buscoequipomedico.com\/index.php?rest_route=%2Fwp%2Fv2%2Fproduct_cat&post=12835"},{"taxonomy":"product_tag","embeddable":true,"href":"https:\/\/buscoequipomedico.com\/index.php?rest_route=%2Fwp%2Fv2%2Fproduct_tag&post=12835"}],"curies":[{"name":"wp","href":"https:\/\/api.w.org\/{rel}","templated":true}]}}