{"id":12865,"date":"2020-02-18T07:36:30","date_gmt":"2020-02-18T07:36:30","guid":{"rendered":"https:\/\/equipomedicomexico-com.preview-domain.com\/product\/monitor-de-paciente-adulto-pediatrico-neonatal\/"},"modified":"2020-02-18T07:36:31","modified_gmt":"2020-02-18T07:36:31","slug":"monitor-de-paciente-adulto-pediatrico-neonatal","status":"publish","type":"product","link":"https:\/\/buscoequipomedico.com\/?product=monitor-de-paciente-adulto-pediatrico-neonatal","title":{"rendered":"MONITOR DE PACIENTE ADULTO\/PEDI\u00c1TRICO\/NEONATAL"},"content":{"rendered":"<p>12.1\u201d TFT COLOR 800&#215;600<\/p>\n<p>\u2022 An\u00e1lisis de segmento ST, An\u00e1lisis de arritmias, detecci\u00f3n de marcapasos<\/p>\n<ul>\n<li>Configuraci\u00f3n est\u00e1ndar: 5 DERIVACIONES DE ECG, SpO2 COMEN, NIBP, TEMP, RESP. PR.<\/li>\n<\/ul>\n<p>\u2022 Opcionales: SpO2 Massimo\/Nellcore, EtCO2, 2-IBP, IMPRESORA, LLAMADO A ENFERMERA, SINCRONIZACION DE DESFIBRILADOR<\/p>\n<p>\u2022 MEMORIA: 120 hrs de tendencia gr\u00e1ficas y num\u00e9ricas de todos los par\u00e1metros<\/p>\n<p>INTERFASE: LAN, USB, SD port, llamado a enfermera<\/p>\n<p>\u2022 Manija interconstruida<\/p>\n<p>\u2022 Alimentaci\u00f3n el\u00e9ctrica: (free voltaje) 100~250V 50\/60Hz<\/p>\n<p>\u2022 Bater\u00eda: ion de litio, 2 hrs de uso continuo, 6.5 Hrs Para Carga Completa<\/p>\n<p>\u2022 DIMENSIONES 30X26.7X13.2cm, PESO 2.8 Kg<\/p><\/p>\n","protected":false},"excerpt":{"rendered":"<p>\u2022 UNIDAD PRINCIPAL MONITOR 12.1\u201d TFT LCD COLOR<\/p>\n<p>\u2022 Almacenamiento y revisi\u00f3n de datos por USB.<\/p>\n<p>\u2022 An\u00e1lisis de Arritmias, An\u00e1lisis del segmento ST, OxyCRG (oxicardio respirograma)<\/p>\n<p>\u2022 720 segundos de revisi\u00f3n completa de la forma de onda<\/p>\n<p>\u2022 120 hrs, de tendencias Graficas y Tabulares de todos los par\u00e1metros.<\/p>\n","protected":false},"featured_media":12866,"template":"","meta":{"_joinchat":[]},"product_brand":[],"product_cat":[303],"product_tag":[],"class_list":{"0":"post-12865","1":"product","2":"type-product","3":"status-publish","4":"has-post-thumbnail","6":"product_cat-monitores","7":"pa_marca-comen","9":"first","10":"instock","11":"purchasable","12":"product-type-simple"},"yoast_head":"<!-- This site is optimized with the Yoast SEO plugin v25.1 - https:\/\/yoast.com\/wordpress\/plugins\/seo\/ -->\n<title>MONITOR DE PACIENTE ADULTO\/PEDI\u00c1TRICO\/NEONATAL - Tu mejor opci\u00f3n Equipo M\u00e9dico M\u00e9xico<\/title>\n<meta name=\"robots\" content=\"index, follow, max-snippet:-1, max-image-preview:large, max-video-preview:-1\" \/>\n<link rel=\"canonical\" href=\"https:\/\/buscoequipomedico.com\/?product=monitor-de-paciente-adulto-pediatrico-neonatal\" \/>\n<meta property=\"og:locale\" content=\"es_ES\" \/>\n<meta property=\"og:type\" content=\"article\" \/>\n<meta property=\"og:title\" content=\"MONITOR DE PACIENTE ADULTO\/PEDI\u00c1TRICO\/NEONATAL - Tu mejor opci\u00f3n Equipo M\u00e9dico M\u00e9xico\" \/>\n<meta property=\"og:description\" content=\"\u2022 UNIDAD PRINCIPAL MONITOR 12.1\u201d TFT LCD COLOR \u2022 Almacenamiento y revisi\u00f3n de datos por USB. \u2022 An\u00e1lisis de Arritmias, An\u00e1lisis del segmento ST, OxyCRG (oxicardio respirograma) \u2022 720 segundos de revisi\u00f3n completa de la forma de onda \u2022 120 hrs, de tendencias Graficas y Tabulares de todos los par\u00e1metros.\" \/>\n<meta property=\"og:url\" content=\"https:\/\/buscoequipomedico.com\/?product=monitor-de-paciente-adulto-pediatrico-neonatal\" \/>\n<meta property=\"og:site_name\" content=\"Tu mejor opci\u00f3n Equipo M\u00e9dico M\u00e9xico\" \/>\n<meta property=\"article:modified_time\" content=\"2020-02-18T07:36:31+00:00\" \/>\n<meta property=\"og:image\" content=\"https:\/\/buscoequipomedico.com\/wp-content\/uploads\/2020\/02\/monitor-de-paciente-adulto-pediatrico-neonatal-o-unidad-principal-monitor-121-tft-lcd-color-o-almacenamiento-y-revision-de-datos.jpg\" \/>\n\t<meta property=\"og:image:width\" content=\"800\" \/>\n\t<meta property=\"og:image:height\" content=\"800\" \/>\n\t<meta property=\"og:image:type\" content=\"image\/png\" \/>\n<meta name=\"twitter:card\" content=\"summary_large_image\" \/>\n<script type=\"application\/ld+json\" class=\"yoast-schema-graph\">{\"@context\":\"https:\/\/schema.org\",\"@graph\":[{\"@type\":\"WebPage\",\"@id\":\"https:\/\/buscoequipomedico.com\/?product=monitor-de-paciente-adulto-pediatrico-neonatal\",\"url\":\"https:\/\/buscoequipomedico.com\/?product=monitor-de-paciente-adulto-pediatrico-neonatal\",\"name\":\"MONITOR DE PACIENTE ADULTO\/PEDI\u00c1TRICO\/NEONATAL - Tu mejor opci\u00f3n Equipo M\u00e9dico M\u00e9xico\",\"isPartOf\":{\"@id\":\"https:\/\/buscoequipomedico.com\/#website\"},\"primaryImageOfPage\":{\"@id\":\"https:\/\/buscoequipomedico.com\/?product=monitor-de-paciente-adulto-pediatrico-neonatal#primaryimage\"},\"image\":{\"@id\":\"https:\/\/buscoequipomedico.com\/?product=monitor-de-paciente-adulto-pediatrico-neonatal#primaryimage\"},\"thumbnailUrl\":\"https:\/\/buscoequipomedico.com\/wp-content\/uploads\/2020\/02\/monitor-de-paciente-adulto-pediatrico-neonatal-o-unidad-principal-monitor-121-tft-lcd-color-o-almacenamiento-y-revision-de-datos.jpg\",\"datePublished\":\"2020-02-18T07:36:30+00:00\",\"dateModified\":\"2020-02-18T07:36:31+00:00\",\"breadcrumb\":{\"@id\":\"https:\/\/buscoequipomedico.com\/?product=monitor-de-paciente-adulto-pediatrico-neonatal#breadcrumb\"},\"inLanguage\":\"es\",\"potentialAction\":[{\"@type\":\"ReadAction\",\"target\":[\"https:\/\/buscoequipomedico.com\/?product=monitor-de-paciente-adulto-pediatrico-neonatal\"]}]},{\"@type\":\"ImageObject\",\"inLanguage\":\"es\",\"@id\":\"https:\/\/buscoequipomedico.com\/?product=monitor-de-paciente-adulto-pediatrico-neonatal#primaryimage\",\"url\":\"https:\/\/buscoequipomedico.com\/wp-content\/uploads\/2020\/02\/monitor-de-paciente-adulto-pediatrico-neonatal-o-unidad-principal-monitor-121-tft-lcd-color-o-almacenamiento-y-revision-de-datos.jpg\",\"contentUrl\":\"https:\/\/buscoequipomedico.com\/wp-content\/uploads\/2020\/02\/monitor-de-paciente-adulto-pediatrico-neonatal-o-unidad-principal-monitor-121-tft-lcd-color-o-almacenamiento-y-revision-de-datos.jpg\",\"width\":800,\"height\":800},{\"@type\":\"BreadcrumbList\",\"@id\":\"https:\/\/buscoequipomedico.com\/?product=monitor-de-paciente-adulto-pediatrico-neonatal#breadcrumb\",\"itemListElement\":[{\"@type\":\"ListItem\",\"position\":1,\"name\":\"Productos\",\"item\":\"https:\/\/buscoequipomedico.com\/shop\/\"},{\"@type\":\"ListItem\",\"position\":2,\"name\":\"MONITOR DE PACIENTE ADULTO\/PEDI\u00c1TRICO\/NEONATAL\"}]},{\"@type\":\"WebSite\",\"@id\":\"https:\/\/buscoequipomedico.com\/#website\",\"url\":\"https:\/\/buscoequipomedico.com\/\",\"name\":\"Tu mejor opci\u00f3n Equipo M\u00e9dico M\u00e9xico\",\"description\":\"Tienda de equipo m\u00e9dico\",\"publisher\":{\"@id\":\"https:\/\/buscoequipomedico.com\/#organization\"},\"potentialAction\":[{\"@type\":\"SearchAction\",\"target\":{\"@type\":\"EntryPoint\",\"urlTemplate\":\"https:\/\/buscoequipomedico.com\/?s={search_term_string}\"},\"query-input\":{\"@type\":\"PropertyValueSpecification\",\"valueRequired\":true,\"valueName\":\"search_term_string\"}}],\"inLanguage\":\"es\"},{\"@type\":\"Organization\",\"@id\":\"https:\/\/buscoequipomedico.com\/#organization\",\"name\":\"Tu mejor opci\u00f3n Equipo M\u00e9dico M\u00e9xico\",\"url\":\"https:\/\/buscoequipomedico.com\/\",\"logo\":{\"@type\":\"ImageObject\",\"inLanguage\":\"es\",\"@id\":\"https:\/\/buscoequipomedico.com\/#\/schema\/logo\/image\/\",\"url\":\"https:\/\/buscoequipomedico.com\/wp-content\/uploads\/2021\/07\/EMM-VPrincipal-scaled.jpg\",\"contentUrl\":\"https:\/\/buscoequipomedico.com\/wp-content\/uploads\/2021\/07\/EMM-VPrincipal-scaled.jpg\",\"width\":2560,\"height\":1058,\"caption\":\"Tu mejor opci\u00f3n Equipo M\u00e9dico M\u00e9xico\"},\"image\":{\"@id\":\"https:\/\/buscoequipomedico.com\/#\/schema\/logo\/image\/\"}}]}<\/script>\n<!-- \/ Yoast SEO plugin. -->","yoast_head_json":{"title":"MONITOR DE PACIENTE ADULTO\/PEDI\u00c1TRICO\/NEONATAL - Tu mejor opci\u00f3n Equipo M\u00e9dico M\u00e9xico","robots":{"index":"index","follow":"follow","max-snippet":"max-snippet:-1","max-image-preview":"max-image-preview:large","max-video-preview":"max-video-preview:-1"},"canonical":"https:\/\/buscoequipomedico.com\/?product=monitor-de-paciente-adulto-pediatrico-neonatal","og_locale":"es_ES","og_type":"article","og_title":"MONITOR DE PACIENTE ADULTO\/PEDI\u00c1TRICO\/NEONATAL - Tu mejor opci\u00f3n Equipo M\u00e9dico M\u00e9xico","og_description":"\u2022 UNIDAD PRINCIPAL MONITOR 12.1\u201d TFT LCD COLOR \u2022 Almacenamiento y revisi\u00f3n de datos por USB. \u2022 An\u00e1lisis de Arritmias, An\u00e1lisis del segmento ST, OxyCRG (oxicardio respirograma) \u2022 720 segundos de revisi\u00f3n completa de la forma de onda \u2022 120 hrs, de tendencias Graficas y Tabulares de todos los par\u00e1metros.","og_url":"https:\/\/buscoequipomedico.com\/?product=monitor-de-paciente-adulto-pediatrico-neonatal","og_site_name":"Tu mejor opci\u00f3n Equipo M\u00e9dico M\u00e9xico","article_modified_time":"2020-02-18T07:36:31+00:00","og_image":[{"width":800,"height":800,"url":"https:\/\/buscoequipomedico.com\/wp-content\/uploads\/2020\/02\/monitor-de-paciente-adulto-pediatrico-neonatal-o-unidad-principal-monitor-121-tft-lcd-color-o-almacenamiento-y-revision-de-datos.jpg","type":"image\/png"}],"twitter_card":"summary_large_image","schema":{"@context":"https:\/\/schema.org","@graph":[{"@type":"WebPage","@id":"https:\/\/buscoequipomedico.com\/?product=monitor-de-paciente-adulto-pediatrico-neonatal","url":"https:\/\/buscoequipomedico.com\/?product=monitor-de-paciente-adulto-pediatrico-neonatal","name":"MONITOR DE PACIENTE ADULTO\/PEDI\u00c1TRICO\/NEONATAL - Tu mejor opci\u00f3n Equipo M\u00e9dico M\u00e9xico","isPartOf":{"@id":"https:\/\/buscoequipomedico.com\/#website"},"primaryImageOfPage":{"@id":"https:\/\/buscoequipomedico.com\/?product=monitor-de-paciente-adulto-pediatrico-neonatal#primaryimage"},"image":{"@id":"https:\/\/buscoequipomedico.com\/?product=monitor-de-paciente-adulto-pediatrico-neonatal#primaryimage"},"thumbnailUrl":"https:\/\/buscoequipomedico.com\/wp-content\/uploads\/2020\/02\/monitor-de-paciente-adulto-pediatrico-neonatal-o-unidad-principal-monitor-121-tft-lcd-color-o-almacenamiento-y-revision-de-datos.jpg","datePublished":"2020-02-18T07:36:30+00:00","dateModified":"2020-02-18T07:36:31+00:00","breadcrumb":{"@id":"https:\/\/buscoequipomedico.com\/?product=monitor-de-paciente-adulto-pediatrico-neonatal#breadcrumb"},"inLanguage":"es","potentialAction":[{"@type":"ReadAction","target":["https:\/\/buscoequipomedico.com\/?product=monitor-de-paciente-adulto-pediatrico-neonatal"]}]},{"@type":"ImageObject","inLanguage":"es","@id":"https:\/\/buscoequipomedico.com\/?product=monitor-de-paciente-adulto-pediatrico-neonatal#primaryimage","url":"https:\/\/buscoequipomedico.com\/wp-content\/uploads\/2020\/02\/monitor-de-paciente-adulto-pediatrico-neonatal-o-unidad-principal-monitor-121-tft-lcd-color-o-almacenamiento-y-revision-de-datos.jpg","contentUrl":"https:\/\/buscoequipomedico.com\/wp-content\/uploads\/2020\/02\/monitor-de-paciente-adulto-pediatrico-neonatal-o-unidad-principal-monitor-121-tft-lcd-color-o-almacenamiento-y-revision-de-datos.jpg","width":800,"height":800},{"@type":"BreadcrumbList","@id":"https:\/\/buscoequipomedico.com\/?product=monitor-de-paciente-adulto-pediatrico-neonatal#breadcrumb","itemListElement":[{"@type":"ListItem","position":1,"name":"Productos","item":"https:\/\/buscoequipomedico.com\/shop\/"},{"@type":"ListItem","position":2,"name":"MONITOR DE PACIENTE ADULTO\/PEDI\u00c1TRICO\/NEONATAL"}]},{"@type":"WebSite","@id":"https:\/\/buscoequipomedico.com\/#website","url":"https:\/\/buscoequipomedico.com\/","name":"Tu mejor opci\u00f3n Equipo M\u00e9dico M\u00e9xico","description":"Tienda de equipo m\u00e9dico","publisher":{"@id":"https:\/\/buscoequipomedico.com\/#organization"},"potentialAction":[{"@type":"SearchAction","target":{"@type":"EntryPoint","urlTemplate":"https:\/\/buscoequipomedico.com\/?s={search_term_string}"},"query-input":{"@type":"PropertyValueSpecification","valueRequired":true,"valueName":"search_term_string"}}],"inLanguage":"es"},{"@type":"Organization","@id":"https:\/\/buscoequipomedico.com\/#organization","name":"Tu mejor opci\u00f3n Equipo M\u00e9dico M\u00e9xico","url":"https:\/\/buscoequipomedico.com\/","logo":{"@type":"ImageObject","inLanguage":"es","@id":"https:\/\/buscoequipomedico.com\/#\/schema\/logo\/image\/","url":"https:\/\/buscoequipomedico.com\/wp-content\/uploads\/2021\/07\/EMM-VPrincipal-scaled.jpg","contentUrl":"https:\/\/buscoequipomedico.com\/wp-content\/uploads\/2021\/07\/EMM-VPrincipal-scaled.jpg","width":2560,"height":1058,"caption":"Tu mejor opci\u00f3n Equipo M\u00e9dico M\u00e9xico"},"image":{"@id":"https:\/\/buscoequipomedico.com\/#\/schema\/logo\/image\/"}}]}},"_links":{"self":[{"href":"https:\/\/buscoequipomedico.com\/index.php?rest_route=\/wp\/v2\/product\/12865","targetHints":{"allow":["GET"]}}],"collection":[{"href":"https:\/\/buscoequipomedico.com\/index.php?rest_route=\/wp\/v2\/product"}],"about":[{"href":"https:\/\/buscoequipomedico.com\/index.php?rest_route=\/wp\/v2\/types\/product"}],"wp:featuredmedia":[{"embeddable":true,"href":"https:\/\/buscoequipomedico.com\/index.php?rest_route=\/wp\/v2\/media\/12866"}],"wp:attachment":[{"href":"https:\/\/buscoequipomedico.com\/index.php?rest_route=%2Fwp%2Fv2%2Fmedia&parent=12865"}],"wp:term":[{"taxonomy":"product_brand","embeddable":true,"href":"https:\/\/buscoequipomedico.com\/index.php?rest_route=%2Fwp%2Fv2%2Fproduct_brand&post=12865"},{"taxonomy":"product_cat","embeddable":true,"href":"https:\/\/buscoequipomedico.com\/index.php?rest_route=%2Fwp%2Fv2%2Fproduct_cat&post=12865"},{"taxonomy":"product_tag","embeddable":true,"href":"https:\/\/buscoequipomedico.com\/index.php?rest_route=%2Fwp%2Fv2%2Fproduct_tag&post=12865"}],"curies":[{"name":"wp","href":"https:\/\/api.w.org\/{rel}","templated":true}]}}