{"id":13099,"date":"2020-02-18T07:37:04","date_gmt":"2020-02-18T07:37:04","guid":{"rendered":"https:\/\/equipomedicomexico-com.preview-domain.com\/product\/set-oftalmoscopio-otoscopio-riester-ri-mini-negro\/"},"modified":"2020-02-18T07:37:04","modified_gmt":"2020-02-18T07:37:04","slug":"set-oftalmoscopio-otoscopio-riester-ri-mini-negro","status":"publish","type":"product","link":"https:\/\/buscoequipomedico.com\/?product=set-oftalmoscopio-otoscopio-riester-ri-mini-negro","title":{"rendered":"SET OFTALMOSCOPIO-OTOSCOPIO RIESTER Ri-mini NEGRO"},"content":{"rendered":"<p>Los otoscopios y oftalmoscopios ri mini y pen scope son adecuados tanto para m\u00e9dicos como para estudiantes Su ligereza y dise\u00f1o pr\u00e1ctico los convierten no solo en compa\u00f1eros \u00fatiles durante las rondas y llamadas domiciliarias, pero tambi\u00e9n en el uso diario ri mini y bol\u00edgrafo otoscopios y oftalmoscopios convencen con su rentabilidad particularmente atractiva\u00a0<\/p><\/p>\n","protected":false},"excerpt":{"rendered":"<p>Los conjuntos ri-mini\u00ae y pen-scope\u00ae son ayudas para la exploraci\u00f3n en formato de bolsillo. Los instrumentos fiables de alta calidad y tama\u00f1o manejable se guardan con facilidad y est\u00e1n siempre al alcance de la mano.<\/p>\n","protected":false},"featured_media":13100,"template":"","meta":{"_joinchat":[]},"product_brand":[],"product_cat":[244,311],"product_tag":[],"class_list":{"0":"post-13099","1":"product","2":"type-product","3":"status-publish","4":"has-post-thumbnail","6":"product_cat-equipos-de-diagnostico","7":"product_cat-otoscopios","8":"pa_marca-riester","10":"first","11":"instock","12":"purchasable","13":"product-type-simple"},"yoast_head":"<!-- This site is optimized with the Yoast SEO plugin v25.1 - https:\/\/yoast.com\/wordpress\/plugins\/seo\/ -->\n<title>SET OFTALMOSCOPIO-OTOSCOPIO RIESTER Ri-mini NEGRO - Tu mejor opci\u00f3n Equipo M\u00e9dico M\u00e9xico<\/title>\n<meta name=\"robots\" content=\"index, follow, max-snippet:-1, max-image-preview:large, max-video-preview:-1\" \/>\n<link rel=\"canonical\" href=\"https:\/\/buscoequipomedico.com\/?product=set-oftalmoscopio-otoscopio-riester-ri-mini-negro\" \/>\n<meta property=\"og:locale\" content=\"es_ES\" \/>\n<meta property=\"og:type\" content=\"article\" \/>\n<meta property=\"og:title\" content=\"SET OFTALMOSCOPIO-OTOSCOPIO RIESTER Ri-mini NEGRO - Tu mejor opci\u00f3n Equipo M\u00e9dico M\u00e9xico\" \/>\n<meta property=\"og:description\" content=\"Los conjuntos ri-mini\u00ae y pen-scope\u00ae son ayudas para la exploraci\u00f3n en formato de bolsillo. Los instrumentos fiables de alta calidad y tama\u00f1o manejable se guardan con facilidad y est\u00e1n siempre al alcance de la mano.\" \/>\n<meta property=\"og:url\" content=\"https:\/\/buscoequipomedico.com\/?product=set-oftalmoscopio-otoscopio-riester-ri-mini-negro\" \/>\n<meta property=\"og:site_name\" content=\"Tu mejor opci\u00f3n Equipo M\u00e9dico M\u00e9xico\" \/>\n<meta property=\"og:image\" content=\"https:\/\/buscoequipomedico.com\/wp-content\/uploads\/2020\/02\/set-oftalmoscopio-otoscopio-riester-ri-mini-negro-los-conjuntos-ri-minir-y-pen-scoper-son-ayudas-para-la-exploracion-en-formato.jpg\" \/>\n\t<meta property=\"og:image:width\" content=\"800\" \/>\n\t<meta property=\"og:image:height\" content=\"800\" \/>\n\t<meta property=\"og:image:type\" content=\"image\/png\" \/>\n<meta name=\"twitter:card\" content=\"summary_large_image\" \/>\n<script type=\"application\/ld+json\" class=\"yoast-schema-graph\">{\"@context\":\"https:\/\/schema.org\",\"@graph\":[{\"@type\":\"WebPage\",\"@id\":\"https:\/\/buscoequipomedico.com\/?product=set-oftalmoscopio-otoscopio-riester-ri-mini-negro\",\"url\":\"https:\/\/buscoequipomedico.com\/?product=set-oftalmoscopio-otoscopio-riester-ri-mini-negro\",\"name\":\"SET OFTALMOSCOPIO-OTOSCOPIO RIESTER Ri-mini NEGRO - Tu mejor opci\u00f3n Equipo M\u00e9dico M\u00e9xico\",\"isPartOf\":{\"@id\":\"https:\/\/buscoequipomedico.com\/#website\"},\"primaryImageOfPage\":{\"@id\":\"https:\/\/buscoequipomedico.com\/?product=set-oftalmoscopio-otoscopio-riester-ri-mini-negro#primaryimage\"},\"image\":{\"@id\":\"https:\/\/buscoequipomedico.com\/?product=set-oftalmoscopio-otoscopio-riester-ri-mini-negro#primaryimage\"},\"thumbnailUrl\":\"https:\/\/buscoequipomedico.com\/wp-content\/uploads\/2020\/02\/set-oftalmoscopio-otoscopio-riester-ri-mini-negro-los-conjuntos-ri-minir-y-pen-scoper-son-ayudas-para-la-exploracion-en-formato.jpg\",\"datePublished\":\"2020-02-18T07:37:04+00:00\",\"breadcrumb\":{\"@id\":\"https:\/\/buscoequipomedico.com\/?product=set-oftalmoscopio-otoscopio-riester-ri-mini-negro#breadcrumb\"},\"inLanguage\":\"es\",\"potentialAction\":[{\"@type\":\"ReadAction\",\"target\":[\"https:\/\/buscoequipomedico.com\/?product=set-oftalmoscopio-otoscopio-riester-ri-mini-negro\"]}]},{\"@type\":\"ImageObject\",\"inLanguage\":\"es\",\"@id\":\"https:\/\/buscoequipomedico.com\/?product=set-oftalmoscopio-otoscopio-riester-ri-mini-negro#primaryimage\",\"url\":\"https:\/\/buscoequipomedico.com\/wp-content\/uploads\/2020\/02\/set-oftalmoscopio-otoscopio-riester-ri-mini-negro-los-conjuntos-ri-minir-y-pen-scoper-son-ayudas-para-la-exploracion-en-formato.jpg\",\"contentUrl\":\"https:\/\/buscoequipomedico.com\/wp-content\/uploads\/2020\/02\/set-oftalmoscopio-otoscopio-riester-ri-mini-negro-los-conjuntos-ri-minir-y-pen-scoper-son-ayudas-para-la-exploracion-en-formato.jpg\",\"width\":800,\"height\":800},{\"@type\":\"BreadcrumbList\",\"@id\":\"https:\/\/buscoequipomedico.com\/?product=set-oftalmoscopio-otoscopio-riester-ri-mini-negro#breadcrumb\",\"itemListElement\":[{\"@type\":\"ListItem\",\"position\":1,\"name\":\"Productos\",\"item\":\"https:\/\/buscoequipomedico.com\/shop\/\"},{\"@type\":\"ListItem\",\"position\":2,\"name\":\"SET OFTALMOSCOPIO-OTOSCOPIO RIESTER Ri-mini NEGRO\"}]},{\"@type\":\"WebSite\",\"@id\":\"https:\/\/buscoequipomedico.com\/#website\",\"url\":\"https:\/\/buscoequipomedico.com\/\",\"name\":\"Tu mejor opci\u00f3n Equipo M\u00e9dico M\u00e9xico\",\"description\":\"Tienda de equipo m\u00e9dico\",\"publisher\":{\"@id\":\"https:\/\/buscoequipomedico.com\/#organization\"},\"potentialAction\":[{\"@type\":\"SearchAction\",\"target\":{\"@type\":\"EntryPoint\",\"urlTemplate\":\"https:\/\/buscoequipomedico.com\/?s={search_term_string}\"},\"query-input\":{\"@type\":\"PropertyValueSpecification\",\"valueRequired\":true,\"valueName\":\"search_term_string\"}}],\"inLanguage\":\"es\"},{\"@type\":\"Organization\",\"@id\":\"https:\/\/buscoequipomedico.com\/#organization\",\"name\":\"Tu mejor opci\u00f3n Equipo M\u00e9dico M\u00e9xico\",\"url\":\"https:\/\/buscoequipomedico.com\/\",\"logo\":{\"@type\":\"ImageObject\",\"inLanguage\":\"es\",\"@id\":\"https:\/\/buscoequipomedico.com\/#\/schema\/logo\/image\/\",\"url\":\"https:\/\/buscoequipomedico.com\/wp-content\/uploads\/2021\/07\/EMM-VPrincipal-scaled.jpg\",\"contentUrl\":\"https:\/\/buscoequipomedico.com\/wp-content\/uploads\/2021\/07\/EMM-VPrincipal-scaled.jpg\",\"width\":2560,\"height\":1058,\"caption\":\"Tu mejor opci\u00f3n Equipo M\u00e9dico M\u00e9xico\"},\"image\":{\"@id\":\"https:\/\/buscoequipomedico.com\/#\/schema\/logo\/image\/\"}}]}<\/script>\n<!-- \/ Yoast SEO plugin. -->","yoast_head_json":{"title":"SET OFTALMOSCOPIO-OTOSCOPIO RIESTER Ri-mini NEGRO - Tu mejor opci\u00f3n Equipo M\u00e9dico M\u00e9xico","robots":{"index":"index","follow":"follow","max-snippet":"max-snippet:-1","max-image-preview":"max-image-preview:large","max-video-preview":"max-video-preview:-1"},"canonical":"https:\/\/buscoequipomedico.com\/?product=set-oftalmoscopio-otoscopio-riester-ri-mini-negro","og_locale":"es_ES","og_type":"article","og_title":"SET OFTALMOSCOPIO-OTOSCOPIO RIESTER Ri-mini NEGRO - Tu mejor opci\u00f3n Equipo M\u00e9dico M\u00e9xico","og_description":"Los conjuntos ri-mini\u00ae y pen-scope\u00ae son ayudas para la exploraci\u00f3n en formato de bolsillo. Los instrumentos fiables de alta calidad y tama\u00f1o manejable se guardan con facilidad y est\u00e1n siempre al alcance de la mano.","og_url":"https:\/\/buscoequipomedico.com\/?product=set-oftalmoscopio-otoscopio-riester-ri-mini-negro","og_site_name":"Tu mejor opci\u00f3n Equipo M\u00e9dico M\u00e9xico","og_image":[{"width":800,"height":800,"url":"https:\/\/buscoequipomedico.com\/wp-content\/uploads\/2020\/02\/set-oftalmoscopio-otoscopio-riester-ri-mini-negro-los-conjuntos-ri-minir-y-pen-scoper-son-ayudas-para-la-exploracion-en-formato.jpg","type":"image\/png"}],"twitter_card":"summary_large_image","schema":{"@context":"https:\/\/schema.org","@graph":[{"@type":"WebPage","@id":"https:\/\/buscoequipomedico.com\/?product=set-oftalmoscopio-otoscopio-riester-ri-mini-negro","url":"https:\/\/buscoequipomedico.com\/?product=set-oftalmoscopio-otoscopio-riester-ri-mini-negro","name":"SET OFTALMOSCOPIO-OTOSCOPIO RIESTER Ri-mini NEGRO - Tu mejor opci\u00f3n Equipo M\u00e9dico M\u00e9xico","isPartOf":{"@id":"https:\/\/buscoequipomedico.com\/#website"},"primaryImageOfPage":{"@id":"https:\/\/buscoequipomedico.com\/?product=set-oftalmoscopio-otoscopio-riester-ri-mini-negro#primaryimage"},"image":{"@id":"https:\/\/buscoequipomedico.com\/?product=set-oftalmoscopio-otoscopio-riester-ri-mini-negro#primaryimage"},"thumbnailUrl":"https:\/\/buscoequipomedico.com\/wp-content\/uploads\/2020\/02\/set-oftalmoscopio-otoscopio-riester-ri-mini-negro-los-conjuntos-ri-minir-y-pen-scoper-son-ayudas-para-la-exploracion-en-formato.jpg","datePublished":"2020-02-18T07:37:04+00:00","breadcrumb":{"@id":"https:\/\/buscoequipomedico.com\/?product=set-oftalmoscopio-otoscopio-riester-ri-mini-negro#breadcrumb"},"inLanguage":"es","potentialAction":[{"@type":"ReadAction","target":["https:\/\/buscoequipomedico.com\/?product=set-oftalmoscopio-otoscopio-riester-ri-mini-negro"]}]},{"@type":"ImageObject","inLanguage":"es","@id":"https:\/\/buscoequipomedico.com\/?product=set-oftalmoscopio-otoscopio-riester-ri-mini-negro#primaryimage","url":"https:\/\/buscoequipomedico.com\/wp-content\/uploads\/2020\/02\/set-oftalmoscopio-otoscopio-riester-ri-mini-negro-los-conjuntos-ri-minir-y-pen-scoper-son-ayudas-para-la-exploracion-en-formato.jpg","contentUrl":"https:\/\/buscoequipomedico.com\/wp-content\/uploads\/2020\/02\/set-oftalmoscopio-otoscopio-riester-ri-mini-negro-los-conjuntos-ri-minir-y-pen-scoper-son-ayudas-para-la-exploracion-en-formato.jpg","width":800,"height":800},{"@type":"BreadcrumbList","@id":"https:\/\/buscoequipomedico.com\/?product=set-oftalmoscopio-otoscopio-riester-ri-mini-negro#breadcrumb","itemListElement":[{"@type":"ListItem","position":1,"name":"Productos","item":"https:\/\/buscoequipomedico.com\/shop\/"},{"@type":"ListItem","position":2,"name":"SET OFTALMOSCOPIO-OTOSCOPIO RIESTER Ri-mini NEGRO"}]},{"@type":"WebSite","@id":"https:\/\/buscoequipomedico.com\/#website","url":"https:\/\/buscoequipomedico.com\/","name":"Tu mejor opci\u00f3n Equipo M\u00e9dico M\u00e9xico","description":"Tienda de equipo m\u00e9dico","publisher":{"@id":"https:\/\/buscoequipomedico.com\/#organization"},"potentialAction":[{"@type":"SearchAction","target":{"@type":"EntryPoint","urlTemplate":"https:\/\/buscoequipomedico.com\/?s={search_term_string}"},"query-input":{"@type":"PropertyValueSpecification","valueRequired":true,"valueName":"search_term_string"}}],"inLanguage":"es"},{"@type":"Organization","@id":"https:\/\/buscoequipomedico.com\/#organization","name":"Tu mejor opci\u00f3n Equipo M\u00e9dico M\u00e9xico","url":"https:\/\/buscoequipomedico.com\/","logo":{"@type":"ImageObject","inLanguage":"es","@id":"https:\/\/buscoequipomedico.com\/#\/schema\/logo\/image\/","url":"https:\/\/buscoequipomedico.com\/wp-content\/uploads\/2021\/07\/EMM-VPrincipal-scaled.jpg","contentUrl":"https:\/\/buscoequipomedico.com\/wp-content\/uploads\/2021\/07\/EMM-VPrincipal-scaled.jpg","width":2560,"height":1058,"caption":"Tu mejor opci\u00f3n Equipo M\u00e9dico M\u00e9xico"},"image":{"@id":"https:\/\/buscoequipomedico.com\/#\/schema\/logo\/image\/"}}]}},"_links":{"self":[{"href":"https:\/\/buscoequipomedico.com\/index.php?rest_route=\/wp\/v2\/product\/13099","targetHints":{"allow":["GET"]}}],"collection":[{"href":"https:\/\/buscoequipomedico.com\/index.php?rest_route=\/wp\/v2\/product"}],"about":[{"href":"https:\/\/buscoequipomedico.com\/index.php?rest_route=\/wp\/v2\/types\/product"}],"wp:featuredmedia":[{"embeddable":true,"href":"https:\/\/buscoequipomedico.com\/index.php?rest_route=\/wp\/v2\/media\/13100"}],"wp:attachment":[{"href":"https:\/\/buscoequipomedico.com\/index.php?rest_route=%2Fwp%2Fv2%2Fmedia&parent=13099"}],"wp:term":[{"taxonomy":"product_brand","embeddable":true,"href":"https:\/\/buscoequipomedico.com\/index.php?rest_route=%2Fwp%2Fv2%2Fproduct_brand&post=13099"},{"taxonomy":"product_cat","embeddable":true,"href":"https:\/\/buscoequipomedico.com\/index.php?rest_route=%2Fwp%2Fv2%2Fproduct_cat&post=13099"},{"taxonomy":"product_tag","embeddable":true,"href":"https:\/\/buscoequipomedico.com\/index.php?rest_route=%2Fwp%2Fv2%2Fproduct_tag&post=13099"}],"curies":[{"name":"wp","href":"https:\/\/api.w.org\/{rel}","templated":true}]}}