{"id":13179,"date":"2020-02-18T07:37:14","date_gmt":"2020-02-18T07:37:14","guid":{"rendered":"https:\/\/equipomedicomexico-com.preview-domain.com\/product\/rayos-x-portatil-de-alta-frecuencia-veterinario\/"},"modified":"2020-02-18T07:37:15","modified_gmt":"2020-02-18T07:37:15","slug":"rayos-x-portatil-de-alta-frecuencia-veterinario","status":"publish","type":"product","link":"https:\/\/buscoequipomedico.com\/?product=rayos-x-portatil-de-alta-frecuencia-veterinario","title":{"rendered":"RAYOS X PORT\u00c1TIL DE ALTA FRECUENCIA VETERINARIO"},"content":{"rendered":"<p><span>\u2022 Es de peso ligero pero potente, la mejor opci\u00f3n en equipos de rayos x port\u00e1tiles de alta frecuencia.<\/span><\/p>\n<\/p>\n<p><span>\u2022 Con tan s\u00f3lo 7.8kgs.<\/span><\/p>\n<\/p>\n<p><span>\u2022 Potencia de 30ma hasta 100kv.<\/span><\/p>\n<\/p>\n<p><span>\u2022 Asegura el mejor diagnostico, con colimador, tama\u00f1o compacto.<\/span><\/p>\n<\/p>\n<p><span>\u2022 Unidad port\u00e1til de alta frecuencia de rayos x<\/span><\/p>\n<\/p>\n<p><span>\u2022 2,0 kw<\/span><\/p>\n<\/p>\n<p><span>\u2022 Kv range 40-100kv en los pasos 2 kv<\/span><\/p>\n<\/p>\n<p><span>\u2022 Rango mA 20-30ma<\/span><\/p>\n<\/p>\n<p><span>\u2022 mA entre 0,3 y 20 mas \u2013 32 ajustes<\/span><\/p>\n<\/p>\n<p><span>\u2022 mA selecci\u00f3n 0.3, 0.4, 0.5, 0.6, 0.7, 0.8,0.9,1.0, 1.1, 1.2, 1.3, 1.4, 1.5, 1.6, 1.7,1.8, 1.9, 2.0, 2.2, 2.5, 2.8, 3.2, 4.0, 5.0, 6.4, 7.0, 8.0, 9.0, 10, 12, 16, 20.<\/span><\/p>\n<\/p>\n<p><span>\u2022 Clasificaci\u00f3n 40 \u2013 66kv 30ma 0,3 \u2013 20mas 68 \u2013 100kv20ma 0.3 \u2013 20mas<\/span><\/p>\n<\/p>\n<p><span>\u2022 Controles de interruptor rotativo<\/span><\/p>\n<\/p>\n<p><span>\u2022 Mostrar led \u2013 reversible<\/span><\/p>\n<\/p>\n<p><span>\u2022 Tubo de rayos x toshiba d124<\/span><\/p>\n<\/p>\n<p><span>\u2022 Focal 1.2mm para comer<\/span><\/p>\n<\/p>\n<p><span>\u2022 Angulo del objetivo 16 grados.<\/span><\/p>\n<\/p>\n<p><span>\u2022 Anodo heat storage 20khu<\/span><\/p>\n<\/p>\n<p><span>\u2022 Colimador incorporado. 30 segundos temporizador con panel t\u00e1ctil,<\/span><\/p>\n<\/p>\n<p><span>\u2022 l\u00e1mpara 12v 50w hal\u00f3gena<\/span><\/p>\n<\/p>\n<p><span>\u2022 Entrada de energ\u00eda 110\/240v 50\/60hz (toma de corriente est\u00e1ndar)<\/span><\/p>\n<\/p>\n<p><span>\u2022 Tama\u00f1o (mil\u00edmetro) 280l x 163w x 160h<\/span><\/p>\n<\/p>\n<p><span>\u2022 Peso 7.8kg<\/span><\/p>\n<\/p>\n<p><span>\u2022 Incluye maletin de transporte<\/span><\/p><\/p>\n","protected":false},"excerpt":{"rendered":"<ul>\n<li><span>PORTA 100 HF.<\/span><\/li>\n<li>Compacto y ligero.<\/li>\n<li>Selecci\u00f3n de kV y mAs por perilla rotatoria.<\/li>\n<li>Almacenamiento de 8 t\u00e9cnicas (kV\/mAs).<\/li>\n<li>Control de t\u00e9cnica autom\u00e1tica.<\/li>\n<li>Rangos: 30mAs\/40-66kV \/ 0.3-20mAs,\u00a0\u00a020mAs\/68-100kV \/ 03.3-20As<\/li>\n<li>Generador: tipo inversor 2kW.<\/li>\n<li>kV: 40-100kV (en pasos de 2kV).<\/li>\n<li>mAs: 0.3-50mAs (32 posiciones).<\/li>\n<li>Energia: 100~120V\/15A.<\/li>\n<li>Colimador:\u00a0\u00a0temporizador de 30 seg.<\/li>\n<li>Tubo: a) punto focal 1.2 X 1.2 mm,\u00a0 b) Calor: 20kHU,\u00a0c) angulo: 16\u00ba.<\/li>\n<\/ul>\n","protected":false},"featured_media":13180,"template":"","meta":{"_joinchat":[]},"product_brand":[],"product_cat":[318],"product_tag":[],"class_list":{"0":"post-13179","1":"product","2":"type-product","3":"status-publish","4":"has-post-thumbnail","6":"product_cat-rayos-x","8":"first","9":"instock","10":"purchasable","11":"product-type-simple"},"yoast_head":"<!-- This site is optimized with the Yoast SEO plugin v25.1 - https:\/\/yoast.com\/wordpress\/plugins\/seo\/ -->\n<title>RAYOS X PORT\u00c1TIL DE ALTA FRECUENCIA VETERINARIO - Tu mejor opci\u00f3n Equipo M\u00e9dico M\u00e9xico<\/title>\n<meta name=\"robots\" content=\"index, follow, max-snippet:-1, max-image-preview:large, max-video-preview:-1\" \/>\n<link rel=\"canonical\" href=\"https:\/\/buscoequipomedico.com\/?product=rayos-x-portatil-de-alta-frecuencia-veterinario\" \/>\n<meta property=\"og:locale\" content=\"es_ES\" \/>\n<meta property=\"og:type\" content=\"article\" \/>\n<meta property=\"og:title\" content=\"RAYOS X PORT\u00c1TIL DE ALTA FRECUENCIA VETERINARIO - Tu mejor opci\u00f3n Equipo M\u00e9dico M\u00e9xico\" \/>\n<meta property=\"og:description\" content=\"PORTA 100 HF. Compacto y ligero. Selecci\u00f3n de kV y mAs por perilla rotatoria. Almacenamiento de 8 t\u00e9cnicas (kV\/mAs). Control de t\u00e9cnica autom\u00e1tica. Rangos: 30mAs\/40-66kV \/ 0.3-20mAs,\u00a0\u00a020mAs\/68-100kV \/ 03.3-20As Generador: tipo inversor 2kW. kV: 40-100kV (en pasos de 2kV). mAs: 0.3-50mAs (32 posiciones). Energia: 100~120V\/15A. Colimador:\u00a0\u00a0temporizador de 30 seg. Tubo: a) punto focal 1.2 X 1.2 mm,\u00a0 b) Calor: 20kHU,\u00a0c) angulo: 16\u00ba.\" \/>\n<meta property=\"og:url\" content=\"https:\/\/buscoequipomedico.com\/?product=rayos-x-portatil-de-alta-frecuencia-veterinario\" \/>\n<meta property=\"og:site_name\" content=\"Tu mejor opci\u00f3n Equipo M\u00e9dico M\u00e9xico\" \/>\n<meta property=\"article:modified_time\" content=\"2020-02-18T07:37:15+00:00\" \/>\n<meta property=\"og:image\" content=\"https:\/\/buscoequipomedico.com\/wp-content\/uploads\/2020\/02\/rayos-x-portatil-de-alta-frecuencia-veterinario-porta-100-hf-compacto-y-ligero-seleccion-de-kv-y-mas-por-perilla-rotatoria-almac.jpg\" \/>\n\t<meta property=\"og:image:width\" content=\"800\" \/>\n\t<meta property=\"og:image:height\" content=\"800\" \/>\n\t<meta property=\"og:image:type\" content=\"image\/png\" \/>\n<meta name=\"twitter:card\" content=\"summary_large_image\" \/>\n<meta name=\"twitter:label1\" content=\"Tiempo de lectura\" \/>\n\t<meta name=\"twitter:data1\" content=\"1 minuto\" \/>\n<script type=\"application\/ld+json\" class=\"yoast-schema-graph\">{\"@context\":\"https:\/\/schema.org\",\"@graph\":[{\"@type\":\"WebPage\",\"@id\":\"https:\/\/buscoequipomedico.com\/?product=rayos-x-portatil-de-alta-frecuencia-veterinario\",\"url\":\"https:\/\/buscoequipomedico.com\/?product=rayos-x-portatil-de-alta-frecuencia-veterinario\",\"name\":\"RAYOS X PORT\u00c1TIL DE ALTA FRECUENCIA VETERINARIO - Tu mejor opci\u00f3n Equipo M\u00e9dico M\u00e9xico\",\"isPartOf\":{\"@id\":\"https:\/\/buscoequipomedico.com\/#website\"},\"primaryImageOfPage\":{\"@id\":\"https:\/\/buscoequipomedico.com\/?product=rayos-x-portatil-de-alta-frecuencia-veterinario#primaryimage\"},\"image\":{\"@id\":\"https:\/\/buscoequipomedico.com\/?product=rayos-x-portatil-de-alta-frecuencia-veterinario#primaryimage\"},\"thumbnailUrl\":\"https:\/\/buscoequipomedico.com\/wp-content\/uploads\/2020\/02\/rayos-x-portatil-de-alta-frecuencia-veterinario-porta-100-hf-compacto-y-ligero-seleccion-de-kv-y-mas-por-perilla-rotatoria-almac.jpg\",\"datePublished\":\"2020-02-18T07:37:14+00:00\",\"dateModified\":\"2020-02-18T07:37:15+00:00\",\"breadcrumb\":{\"@id\":\"https:\/\/buscoequipomedico.com\/?product=rayos-x-portatil-de-alta-frecuencia-veterinario#breadcrumb\"},\"inLanguage\":\"es\",\"potentialAction\":[{\"@type\":\"ReadAction\",\"target\":[\"https:\/\/buscoequipomedico.com\/?product=rayos-x-portatil-de-alta-frecuencia-veterinario\"]}]},{\"@type\":\"ImageObject\",\"inLanguage\":\"es\",\"@id\":\"https:\/\/buscoequipomedico.com\/?product=rayos-x-portatil-de-alta-frecuencia-veterinario#primaryimage\",\"url\":\"https:\/\/buscoequipomedico.com\/wp-content\/uploads\/2020\/02\/rayos-x-portatil-de-alta-frecuencia-veterinario-porta-100-hf-compacto-y-ligero-seleccion-de-kv-y-mas-por-perilla-rotatoria-almac.jpg\",\"contentUrl\":\"https:\/\/buscoequipomedico.com\/wp-content\/uploads\/2020\/02\/rayos-x-portatil-de-alta-frecuencia-veterinario-porta-100-hf-compacto-y-ligero-seleccion-de-kv-y-mas-por-perilla-rotatoria-almac.jpg\",\"width\":800,\"height\":800},{\"@type\":\"BreadcrumbList\",\"@id\":\"https:\/\/buscoequipomedico.com\/?product=rayos-x-portatil-de-alta-frecuencia-veterinario#breadcrumb\",\"itemListElement\":[{\"@type\":\"ListItem\",\"position\":1,\"name\":\"Productos\",\"item\":\"https:\/\/buscoequipomedico.com\/shop\/\"},{\"@type\":\"ListItem\",\"position\":2,\"name\":\"RAYOS X PORT\u00c1TIL DE ALTA FRECUENCIA VETERINARIO\"}]},{\"@type\":\"WebSite\",\"@id\":\"https:\/\/buscoequipomedico.com\/#website\",\"url\":\"https:\/\/buscoequipomedico.com\/\",\"name\":\"Tu mejor opci\u00f3n Equipo M\u00e9dico M\u00e9xico\",\"description\":\"Tienda de equipo m\u00e9dico\",\"publisher\":{\"@id\":\"https:\/\/buscoequipomedico.com\/#organization\"},\"potentialAction\":[{\"@type\":\"SearchAction\",\"target\":{\"@type\":\"EntryPoint\",\"urlTemplate\":\"https:\/\/buscoequipomedico.com\/?s={search_term_string}\"},\"query-input\":{\"@type\":\"PropertyValueSpecification\",\"valueRequired\":true,\"valueName\":\"search_term_string\"}}],\"inLanguage\":\"es\"},{\"@type\":\"Organization\",\"@id\":\"https:\/\/buscoequipomedico.com\/#organization\",\"name\":\"Tu mejor opci\u00f3n Equipo M\u00e9dico M\u00e9xico\",\"url\":\"https:\/\/buscoequipomedico.com\/\",\"logo\":{\"@type\":\"ImageObject\",\"inLanguage\":\"es\",\"@id\":\"https:\/\/buscoequipomedico.com\/#\/schema\/logo\/image\/\",\"url\":\"https:\/\/buscoequipomedico.com\/wp-content\/uploads\/2021\/07\/EMM-VPrincipal-scaled.jpg\",\"contentUrl\":\"https:\/\/buscoequipomedico.com\/wp-content\/uploads\/2021\/07\/EMM-VPrincipal-scaled.jpg\",\"width\":2560,\"height\":1058,\"caption\":\"Tu mejor opci\u00f3n Equipo M\u00e9dico M\u00e9xico\"},\"image\":{\"@id\":\"https:\/\/buscoequipomedico.com\/#\/schema\/logo\/image\/\"}}]}<\/script>\n<!-- \/ Yoast SEO plugin. -->","yoast_head_json":{"title":"RAYOS X PORT\u00c1TIL DE ALTA FRECUENCIA VETERINARIO - Tu mejor opci\u00f3n Equipo M\u00e9dico M\u00e9xico","robots":{"index":"index","follow":"follow","max-snippet":"max-snippet:-1","max-image-preview":"max-image-preview:large","max-video-preview":"max-video-preview:-1"},"canonical":"https:\/\/buscoequipomedico.com\/?product=rayos-x-portatil-de-alta-frecuencia-veterinario","og_locale":"es_ES","og_type":"article","og_title":"RAYOS X PORT\u00c1TIL DE ALTA FRECUENCIA VETERINARIO - Tu mejor opci\u00f3n Equipo M\u00e9dico M\u00e9xico","og_description":"PORTA 100 HF. Compacto y ligero. Selecci\u00f3n de kV y mAs por perilla rotatoria. Almacenamiento de 8 t\u00e9cnicas (kV\/mAs). Control de t\u00e9cnica autom\u00e1tica. Rangos: 30mAs\/40-66kV \/ 0.3-20mAs,\u00a0\u00a020mAs\/68-100kV \/ 03.3-20As Generador: tipo inversor 2kW. kV: 40-100kV (en pasos de 2kV). mAs: 0.3-50mAs (32 posiciones). Energia: 100~120V\/15A. Colimador:\u00a0\u00a0temporizador de 30 seg. Tubo: a) punto focal 1.2 X 1.2 mm,\u00a0 b) Calor: 20kHU,\u00a0c) angulo: 16\u00ba.","og_url":"https:\/\/buscoequipomedico.com\/?product=rayos-x-portatil-de-alta-frecuencia-veterinario","og_site_name":"Tu mejor opci\u00f3n Equipo M\u00e9dico M\u00e9xico","article_modified_time":"2020-02-18T07:37:15+00:00","og_image":[{"width":800,"height":800,"url":"https:\/\/buscoequipomedico.com\/wp-content\/uploads\/2020\/02\/rayos-x-portatil-de-alta-frecuencia-veterinario-porta-100-hf-compacto-y-ligero-seleccion-de-kv-y-mas-por-perilla-rotatoria-almac.jpg","type":"image\/png"}],"twitter_card":"summary_large_image","twitter_misc":{"Tiempo de lectura":"1 minuto"},"schema":{"@context":"https:\/\/schema.org","@graph":[{"@type":"WebPage","@id":"https:\/\/buscoequipomedico.com\/?product=rayos-x-portatil-de-alta-frecuencia-veterinario","url":"https:\/\/buscoequipomedico.com\/?product=rayos-x-portatil-de-alta-frecuencia-veterinario","name":"RAYOS X PORT\u00c1TIL DE ALTA FRECUENCIA VETERINARIO - Tu mejor opci\u00f3n Equipo M\u00e9dico M\u00e9xico","isPartOf":{"@id":"https:\/\/buscoequipomedico.com\/#website"},"primaryImageOfPage":{"@id":"https:\/\/buscoequipomedico.com\/?product=rayos-x-portatil-de-alta-frecuencia-veterinario#primaryimage"},"image":{"@id":"https:\/\/buscoequipomedico.com\/?product=rayos-x-portatil-de-alta-frecuencia-veterinario#primaryimage"},"thumbnailUrl":"https:\/\/buscoequipomedico.com\/wp-content\/uploads\/2020\/02\/rayos-x-portatil-de-alta-frecuencia-veterinario-porta-100-hf-compacto-y-ligero-seleccion-de-kv-y-mas-por-perilla-rotatoria-almac.jpg","datePublished":"2020-02-18T07:37:14+00:00","dateModified":"2020-02-18T07:37:15+00:00","breadcrumb":{"@id":"https:\/\/buscoequipomedico.com\/?product=rayos-x-portatil-de-alta-frecuencia-veterinario#breadcrumb"},"inLanguage":"es","potentialAction":[{"@type":"ReadAction","target":["https:\/\/buscoequipomedico.com\/?product=rayos-x-portatil-de-alta-frecuencia-veterinario"]}]},{"@type":"ImageObject","inLanguage":"es","@id":"https:\/\/buscoequipomedico.com\/?product=rayos-x-portatil-de-alta-frecuencia-veterinario#primaryimage","url":"https:\/\/buscoequipomedico.com\/wp-content\/uploads\/2020\/02\/rayos-x-portatil-de-alta-frecuencia-veterinario-porta-100-hf-compacto-y-ligero-seleccion-de-kv-y-mas-por-perilla-rotatoria-almac.jpg","contentUrl":"https:\/\/buscoequipomedico.com\/wp-content\/uploads\/2020\/02\/rayos-x-portatil-de-alta-frecuencia-veterinario-porta-100-hf-compacto-y-ligero-seleccion-de-kv-y-mas-por-perilla-rotatoria-almac.jpg","width":800,"height":800},{"@type":"BreadcrumbList","@id":"https:\/\/buscoequipomedico.com\/?product=rayos-x-portatil-de-alta-frecuencia-veterinario#breadcrumb","itemListElement":[{"@type":"ListItem","position":1,"name":"Productos","item":"https:\/\/buscoequipomedico.com\/shop\/"},{"@type":"ListItem","position":2,"name":"RAYOS X PORT\u00c1TIL DE ALTA FRECUENCIA VETERINARIO"}]},{"@type":"WebSite","@id":"https:\/\/buscoequipomedico.com\/#website","url":"https:\/\/buscoequipomedico.com\/","name":"Tu mejor opci\u00f3n Equipo M\u00e9dico M\u00e9xico","description":"Tienda de equipo m\u00e9dico","publisher":{"@id":"https:\/\/buscoequipomedico.com\/#organization"},"potentialAction":[{"@type":"SearchAction","target":{"@type":"EntryPoint","urlTemplate":"https:\/\/buscoequipomedico.com\/?s={search_term_string}"},"query-input":{"@type":"PropertyValueSpecification","valueRequired":true,"valueName":"search_term_string"}}],"inLanguage":"es"},{"@type":"Organization","@id":"https:\/\/buscoequipomedico.com\/#organization","name":"Tu mejor opci\u00f3n Equipo M\u00e9dico M\u00e9xico","url":"https:\/\/buscoequipomedico.com\/","logo":{"@type":"ImageObject","inLanguage":"es","@id":"https:\/\/buscoequipomedico.com\/#\/schema\/logo\/image\/","url":"https:\/\/buscoequipomedico.com\/wp-content\/uploads\/2021\/07\/EMM-VPrincipal-scaled.jpg","contentUrl":"https:\/\/buscoequipomedico.com\/wp-content\/uploads\/2021\/07\/EMM-VPrincipal-scaled.jpg","width":2560,"height":1058,"caption":"Tu mejor opci\u00f3n Equipo M\u00e9dico M\u00e9xico"},"image":{"@id":"https:\/\/buscoequipomedico.com\/#\/schema\/logo\/image\/"}}]}},"_links":{"self":[{"href":"https:\/\/buscoequipomedico.com\/index.php?rest_route=\/wp\/v2\/product\/13179","targetHints":{"allow":["GET"]}}],"collection":[{"href":"https:\/\/buscoequipomedico.com\/index.php?rest_route=\/wp\/v2\/product"}],"about":[{"href":"https:\/\/buscoequipomedico.com\/index.php?rest_route=\/wp\/v2\/types\/product"}],"wp:featuredmedia":[{"embeddable":true,"href":"https:\/\/buscoequipomedico.com\/index.php?rest_route=\/wp\/v2\/media\/13180"}],"wp:attachment":[{"href":"https:\/\/buscoequipomedico.com\/index.php?rest_route=%2Fwp%2Fv2%2Fmedia&parent=13179"}],"wp:term":[{"taxonomy":"product_brand","embeddable":true,"href":"https:\/\/buscoequipomedico.com\/index.php?rest_route=%2Fwp%2Fv2%2Fproduct_brand&post=13179"},{"taxonomy":"product_cat","embeddable":true,"href":"https:\/\/buscoequipomedico.com\/index.php?rest_route=%2Fwp%2Fv2%2Fproduct_cat&post=13179"},{"taxonomy":"product_tag","embeddable":true,"href":"https:\/\/buscoequipomedico.com\/index.php?rest_route=%2Fwp%2Fv2%2Fproduct_tag&post=13179"}],"curies":[{"name":"wp","href":"https:\/\/api.w.org\/{rel}","templated":true}]}}