{"id":13237,"date":"2020-02-18T07:37:20","date_gmt":"2020-02-18T07:37:20","guid":{"rendered":"https:\/\/equipomedicomexico-com.preview-domain.com\/product\/reposet-lc358mwal-tela-cafe-c-mas-mulpo\/"},"modified":"2020-02-18T07:37:22","modified_gmt":"2020-02-18T07:37:22","slug":"reposet-lc358mwal-tela-cafe-c-mas-mulpo","status":"publish","type":"product","link":"https:\/\/buscoequipomedico.com\/?product=reposet-lc358mwal-tela-cafe-c-mas-mulpo","title":{"rendered":"REPOSET LC358MWAL TELA-CAFE C\/MAS MULPO"},"content":{"rendered":"<ul>\n<li>\u2022 Sistema de elevaci\u00f3n silencioso y suave<\/li>\n<li>\u2022 Actuador de elevaci\u00f3n de servicio pesado y mecanismo de tijera<\/li>\n<li>\u2022 Retardante de fuego (especificaciones de California; bolet\u00edn 117-2013)<\/li>\n<li>\u2022 Bater\u00eda de respaldo integrada en caso de falla de energ\u00eda<\/li>\n<li>\u2022 El transformador cuenta con electr\u00f3nica de autodiagn\u00f3stico con cable de 9 &#8216;<\/li>\n<li>\u2022 Garant\u00eda de por vida en el bastidor elevador de acero.<\/li>\n<\/ul>\n","protected":false},"excerpt":{"rendered":"<ul>\n<li>\u2022 Control de primera mano de la industria con puerto de cargador USB (no disponible al agregar calor y masaje opcionales)<\/li>\n<li>\u2022 Cubiertas est\u00e1ndar para cabeza y brazos<\/li>\n<li>\u2022 Grandes bolsillos dobles est\u00e1ndar<\/li>\n<li>\u2022 Espalda removible<\/li>\n<li>\u2022 El primer asiento de confort total de la industria cuenta con un dise\u00f1o de resorte \u00fanico y un asiento de espuma suave de una pieza para una relajaci\u00f3n excepcional<\/li>\n<li>\u2022 Marco de madera compuesto de madera laminada \/ madera dura de grado de muebles dise\u00f1ados para mayor resistencia y durabilidad<\/li>\n<\/ul>\n","protected":false},"featured_media":13238,"template":"","meta":{"_joinchat":[]},"product_brand":[],"product_cat":[323,322],"product_tag":[],"class_list":{"0":"post-13237","1":"product","2":"type-product","3":"status-publish","4":"has-post-thumbnail","6":"product_cat-reclinables","7":"product_cat-sillas","8":"pa_marca-loh-enterprises","10":"first","11":"instock","12":"purchasable","13":"product-type-simple"},"yoast_head":"<!-- This site is optimized with the Yoast SEO plugin v25.1 - https:\/\/yoast.com\/wordpress\/plugins\/seo\/ -->\n<title>REPOSET LC358MWAL TELA-CAFE C\/MAS MULPO - Tu mejor opci\u00f3n Equipo M\u00e9dico M\u00e9xico<\/title>\n<meta name=\"robots\" content=\"index, follow, max-snippet:-1, max-image-preview:large, max-video-preview:-1\" \/>\n<link rel=\"canonical\" href=\"https:\/\/buscoequipomedico.com\/?product=reposet-lc358mwal-tela-cafe-c-mas-mulpo\" \/>\n<meta property=\"og:locale\" content=\"es_ES\" \/>\n<meta property=\"og:type\" content=\"article\" \/>\n<meta property=\"og:title\" content=\"REPOSET LC358MWAL TELA-CAFE C\/MAS MULPO - Tu mejor opci\u00f3n Equipo M\u00e9dico M\u00e9xico\" \/>\n<meta property=\"og:description\" content=\"\u2022 Control de primera mano de la industria con puerto de cargador USB (no disponible al agregar calor y masaje opcionales) \u2022 Cubiertas est\u00e1ndar para cabeza y brazos \u2022 Grandes bolsillos dobles est\u00e1ndar \u2022 Espalda removible \u2022 El primer asiento de confort total de la industria cuenta con un dise\u00f1o de resorte \u00fanico y un asiento de espuma suave de una pieza para una relajaci\u00f3n excepcional \u2022 Marco de madera compuesto de madera laminada \/ madera dura de grado de muebles dise\u00f1ados para mayor resistencia y durabilidad\" \/>\n<meta property=\"og:url\" content=\"https:\/\/buscoequipomedico.com\/?product=reposet-lc358mwal-tela-cafe-c-mas-mulpo\" \/>\n<meta property=\"og:site_name\" content=\"Tu mejor opci\u00f3n Equipo M\u00e9dico M\u00e9xico\" \/>\n<meta property=\"article:modified_time\" content=\"2020-02-18T07:37:22+00:00\" \/>\n<meta property=\"og:image\" content=\"https:\/\/buscoequipomedico.com\/wp-content\/uploads\/2020\/02\/reposet-lc358mwal-tela-cafe-c-mas-mulpo-o-control-de-primera-mano-de-la-industria-con-puerto-de-cargador-usb-no-disponible-al-ag.jpg\" \/>\n\t<meta property=\"og:image:width\" content=\"800\" \/>\n\t<meta property=\"og:image:height\" content=\"800\" \/>\n\t<meta property=\"og:image:type\" content=\"image\/png\" \/>\n<meta name=\"twitter:card\" content=\"summary_large_image\" \/>\n<script type=\"application\/ld+json\" class=\"yoast-schema-graph\">{\"@context\":\"https:\/\/schema.org\",\"@graph\":[{\"@type\":\"WebPage\",\"@id\":\"https:\/\/buscoequipomedico.com\/?product=reposet-lc358mwal-tela-cafe-c-mas-mulpo\",\"url\":\"https:\/\/buscoequipomedico.com\/?product=reposet-lc358mwal-tela-cafe-c-mas-mulpo\",\"name\":\"REPOSET LC358MWAL TELA-CAFE C\/MAS MULPO - Tu mejor opci\u00f3n Equipo M\u00e9dico M\u00e9xico\",\"isPartOf\":{\"@id\":\"https:\/\/buscoequipomedico.com\/#website\"},\"primaryImageOfPage\":{\"@id\":\"https:\/\/buscoequipomedico.com\/?product=reposet-lc358mwal-tela-cafe-c-mas-mulpo#primaryimage\"},\"image\":{\"@id\":\"https:\/\/buscoequipomedico.com\/?product=reposet-lc358mwal-tela-cafe-c-mas-mulpo#primaryimage\"},\"thumbnailUrl\":\"https:\/\/buscoequipomedico.com\/wp-content\/uploads\/2020\/02\/reposet-lc358mwal-tela-cafe-c-mas-mulpo-o-control-de-primera-mano-de-la-industria-con-puerto-de-cargador-usb-no-disponible-al-ag.jpg\",\"datePublished\":\"2020-02-18T07:37:20+00:00\",\"dateModified\":\"2020-02-18T07:37:22+00:00\",\"breadcrumb\":{\"@id\":\"https:\/\/buscoequipomedico.com\/?product=reposet-lc358mwal-tela-cafe-c-mas-mulpo#breadcrumb\"},\"inLanguage\":\"es\",\"potentialAction\":[{\"@type\":\"ReadAction\",\"target\":[\"https:\/\/buscoequipomedico.com\/?product=reposet-lc358mwal-tela-cafe-c-mas-mulpo\"]}]},{\"@type\":\"ImageObject\",\"inLanguage\":\"es\",\"@id\":\"https:\/\/buscoequipomedico.com\/?product=reposet-lc358mwal-tela-cafe-c-mas-mulpo#primaryimage\",\"url\":\"https:\/\/buscoequipomedico.com\/wp-content\/uploads\/2020\/02\/reposet-lc358mwal-tela-cafe-c-mas-mulpo-o-control-de-primera-mano-de-la-industria-con-puerto-de-cargador-usb-no-disponible-al-ag.jpg\",\"contentUrl\":\"https:\/\/buscoequipomedico.com\/wp-content\/uploads\/2020\/02\/reposet-lc358mwal-tela-cafe-c-mas-mulpo-o-control-de-primera-mano-de-la-industria-con-puerto-de-cargador-usb-no-disponible-al-ag.jpg\",\"width\":800,\"height\":800},{\"@type\":\"BreadcrumbList\",\"@id\":\"https:\/\/buscoequipomedico.com\/?product=reposet-lc358mwal-tela-cafe-c-mas-mulpo#breadcrumb\",\"itemListElement\":[{\"@type\":\"ListItem\",\"position\":1,\"name\":\"Productos\",\"item\":\"https:\/\/buscoequipomedico.com\/shop\/\"},{\"@type\":\"ListItem\",\"position\":2,\"name\":\"REPOSET LC358MWAL TELA-CAFE C\/MAS MULPO\"}]},{\"@type\":\"WebSite\",\"@id\":\"https:\/\/buscoequipomedico.com\/#website\",\"url\":\"https:\/\/buscoequipomedico.com\/\",\"name\":\"Tu mejor opci\u00f3n Equipo M\u00e9dico M\u00e9xico\",\"description\":\"Tienda de equipo m\u00e9dico\",\"publisher\":{\"@id\":\"https:\/\/buscoequipomedico.com\/#organization\"},\"potentialAction\":[{\"@type\":\"SearchAction\",\"target\":{\"@type\":\"EntryPoint\",\"urlTemplate\":\"https:\/\/buscoequipomedico.com\/?s={search_term_string}\"},\"query-input\":{\"@type\":\"PropertyValueSpecification\",\"valueRequired\":true,\"valueName\":\"search_term_string\"}}],\"inLanguage\":\"es\"},{\"@type\":\"Organization\",\"@id\":\"https:\/\/buscoequipomedico.com\/#organization\",\"name\":\"Tu mejor opci\u00f3n Equipo M\u00e9dico M\u00e9xico\",\"url\":\"https:\/\/buscoequipomedico.com\/\",\"logo\":{\"@type\":\"ImageObject\",\"inLanguage\":\"es\",\"@id\":\"https:\/\/buscoequipomedico.com\/#\/schema\/logo\/image\/\",\"url\":\"https:\/\/buscoequipomedico.com\/wp-content\/uploads\/2021\/07\/EMM-VPrincipal-scaled.jpg\",\"contentUrl\":\"https:\/\/buscoequipomedico.com\/wp-content\/uploads\/2021\/07\/EMM-VPrincipal-scaled.jpg\",\"width\":2560,\"height\":1058,\"caption\":\"Tu mejor opci\u00f3n Equipo M\u00e9dico M\u00e9xico\"},\"image\":{\"@id\":\"https:\/\/buscoequipomedico.com\/#\/schema\/logo\/image\/\"}}]}<\/script>\n<!-- \/ Yoast SEO plugin. -->","yoast_head_json":{"title":"REPOSET LC358MWAL TELA-CAFE C\/MAS MULPO - Tu mejor opci\u00f3n Equipo M\u00e9dico M\u00e9xico","robots":{"index":"index","follow":"follow","max-snippet":"max-snippet:-1","max-image-preview":"max-image-preview:large","max-video-preview":"max-video-preview:-1"},"canonical":"https:\/\/buscoequipomedico.com\/?product=reposet-lc358mwal-tela-cafe-c-mas-mulpo","og_locale":"es_ES","og_type":"article","og_title":"REPOSET LC358MWAL TELA-CAFE C\/MAS MULPO - Tu mejor opci\u00f3n Equipo M\u00e9dico M\u00e9xico","og_description":"\u2022 Control de primera mano de la industria con puerto de cargador USB (no disponible al agregar calor y masaje opcionales) \u2022 Cubiertas est\u00e1ndar para cabeza y brazos \u2022 Grandes bolsillos dobles est\u00e1ndar \u2022 Espalda removible \u2022 El primer asiento de confort total de la industria cuenta con un dise\u00f1o de resorte \u00fanico y un asiento de espuma suave de una pieza para una relajaci\u00f3n excepcional \u2022 Marco de madera compuesto de madera laminada \/ madera dura de grado de muebles dise\u00f1ados para mayor resistencia y durabilidad","og_url":"https:\/\/buscoequipomedico.com\/?product=reposet-lc358mwal-tela-cafe-c-mas-mulpo","og_site_name":"Tu mejor opci\u00f3n Equipo M\u00e9dico M\u00e9xico","article_modified_time":"2020-02-18T07:37:22+00:00","og_image":[{"width":800,"height":800,"url":"https:\/\/buscoequipomedico.com\/wp-content\/uploads\/2020\/02\/reposet-lc358mwal-tela-cafe-c-mas-mulpo-o-control-de-primera-mano-de-la-industria-con-puerto-de-cargador-usb-no-disponible-al-ag.jpg","type":"image\/png"}],"twitter_card":"summary_large_image","schema":{"@context":"https:\/\/schema.org","@graph":[{"@type":"WebPage","@id":"https:\/\/buscoequipomedico.com\/?product=reposet-lc358mwal-tela-cafe-c-mas-mulpo","url":"https:\/\/buscoequipomedico.com\/?product=reposet-lc358mwal-tela-cafe-c-mas-mulpo","name":"REPOSET LC358MWAL TELA-CAFE C\/MAS MULPO - Tu mejor opci\u00f3n Equipo M\u00e9dico M\u00e9xico","isPartOf":{"@id":"https:\/\/buscoequipomedico.com\/#website"},"primaryImageOfPage":{"@id":"https:\/\/buscoequipomedico.com\/?product=reposet-lc358mwal-tela-cafe-c-mas-mulpo#primaryimage"},"image":{"@id":"https:\/\/buscoequipomedico.com\/?product=reposet-lc358mwal-tela-cafe-c-mas-mulpo#primaryimage"},"thumbnailUrl":"https:\/\/buscoequipomedico.com\/wp-content\/uploads\/2020\/02\/reposet-lc358mwal-tela-cafe-c-mas-mulpo-o-control-de-primera-mano-de-la-industria-con-puerto-de-cargador-usb-no-disponible-al-ag.jpg","datePublished":"2020-02-18T07:37:20+00:00","dateModified":"2020-02-18T07:37:22+00:00","breadcrumb":{"@id":"https:\/\/buscoequipomedico.com\/?product=reposet-lc358mwal-tela-cafe-c-mas-mulpo#breadcrumb"},"inLanguage":"es","potentialAction":[{"@type":"ReadAction","target":["https:\/\/buscoequipomedico.com\/?product=reposet-lc358mwal-tela-cafe-c-mas-mulpo"]}]},{"@type":"ImageObject","inLanguage":"es","@id":"https:\/\/buscoequipomedico.com\/?product=reposet-lc358mwal-tela-cafe-c-mas-mulpo#primaryimage","url":"https:\/\/buscoequipomedico.com\/wp-content\/uploads\/2020\/02\/reposet-lc358mwal-tela-cafe-c-mas-mulpo-o-control-de-primera-mano-de-la-industria-con-puerto-de-cargador-usb-no-disponible-al-ag.jpg","contentUrl":"https:\/\/buscoequipomedico.com\/wp-content\/uploads\/2020\/02\/reposet-lc358mwal-tela-cafe-c-mas-mulpo-o-control-de-primera-mano-de-la-industria-con-puerto-de-cargador-usb-no-disponible-al-ag.jpg","width":800,"height":800},{"@type":"BreadcrumbList","@id":"https:\/\/buscoequipomedico.com\/?product=reposet-lc358mwal-tela-cafe-c-mas-mulpo#breadcrumb","itemListElement":[{"@type":"ListItem","position":1,"name":"Productos","item":"https:\/\/buscoequipomedico.com\/shop\/"},{"@type":"ListItem","position":2,"name":"REPOSET LC358MWAL TELA-CAFE C\/MAS MULPO"}]},{"@type":"WebSite","@id":"https:\/\/buscoequipomedico.com\/#website","url":"https:\/\/buscoequipomedico.com\/","name":"Tu mejor opci\u00f3n Equipo M\u00e9dico M\u00e9xico","description":"Tienda de equipo m\u00e9dico","publisher":{"@id":"https:\/\/buscoequipomedico.com\/#organization"},"potentialAction":[{"@type":"SearchAction","target":{"@type":"EntryPoint","urlTemplate":"https:\/\/buscoequipomedico.com\/?s={search_term_string}"},"query-input":{"@type":"PropertyValueSpecification","valueRequired":true,"valueName":"search_term_string"}}],"inLanguage":"es"},{"@type":"Organization","@id":"https:\/\/buscoequipomedico.com\/#organization","name":"Tu mejor opci\u00f3n Equipo M\u00e9dico M\u00e9xico","url":"https:\/\/buscoequipomedico.com\/","logo":{"@type":"ImageObject","inLanguage":"es","@id":"https:\/\/buscoequipomedico.com\/#\/schema\/logo\/image\/","url":"https:\/\/buscoequipomedico.com\/wp-content\/uploads\/2021\/07\/EMM-VPrincipal-scaled.jpg","contentUrl":"https:\/\/buscoequipomedico.com\/wp-content\/uploads\/2021\/07\/EMM-VPrincipal-scaled.jpg","width":2560,"height":1058,"caption":"Tu mejor opci\u00f3n Equipo M\u00e9dico M\u00e9xico"},"image":{"@id":"https:\/\/buscoequipomedico.com\/#\/schema\/logo\/image\/"}}]}},"_links":{"self":[{"href":"https:\/\/buscoequipomedico.com\/index.php?rest_route=\/wp\/v2\/product\/13237","targetHints":{"allow":["GET"]}}],"collection":[{"href":"https:\/\/buscoequipomedico.com\/index.php?rest_route=\/wp\/v2\/product"}],"about":[{"href":"https:\/\/buscoequipomedico.com\/index.php?rest_route=\/wp\/v2\/types\/product"}],"wp:featuredmedia":[{"embeddable":true,"href":"https:\/\/buscoequipomedico.com\/index.php?rest_route=\/wp\/v2\/media\/13238"}],"wp:attachment":[{"href":"https:\/\/buscoequipomedico.com\/index.php?rest_route=%2Fwp%2Fv2%2Fmedia&parent=13237"}],"wp:term":[{"taxonomy":"product_brand","embeddable":true,"href":"https:\/\/buscoequipomedico.com\/index.php?rest_route=%2Fwp%2Fv2%2Fproduct_brand&post=13237"},{"taxonomy":"product_cat","embeddable":true,"href":"https:\/\/buscoequipomedico.com\/index.php?rest_route=%2Fwp%2Fv2%2Fproduct_cat&post=13237"},{"taxonomy":"product_tag","embeddable":true,"href":"https:\/\/buscoequipomedico.com\/index.php?rest_route=%2Fwp%2Fv2%2Fproduct_tag&post=13237"}],"curies":[{"name":"wp","href":"https:\/\/api.w.org\/{rel}","templated":true}]}}