{"id":13261,"date":"2020-02-18T07:37:25","date_gmt":"2020-02-18T07:37:25","guid":{"rendered":"https:\/\/equipomedicomexico-com.preview-domain.com\/product\/reposet-pr505-adcape-tela-arena-mul-pos\/"},"modified":"2020-02-18T07:37:26","modified_gmt":"2020-02-18T07:37:26","slug":"reposet-pr505-adcape-tela-arena-mul-pos","status":"publish","type":"product","link":"https:\/\/buscoequipomedico.com\/?product=reposet-pr505-adcape-tela-arena-mul-pos","title":{"rendered":"REPOSET PR505 ADCAPE TELA-ARENA MUL\/POS"},"content":{"rendered":"<ul>\n<li>\u2022 Con la tecnolog\u00eda patentada de reclinaci\u00f3n MaxiComfort, la \u00fanica silla de dos motores y silla reclinable del mundo con nuestra opci\u00f3n de asiento activo ajustable.<\/li>\n<li>\u2022 Las opciones de reclinaci\u00f3n de MaxiComfort incluyen Mirar televisi\u00f3n, Gravedad cero, Sue\u00f1o y Trendelenburg.<\/li>\n<li>\u2022 Oferta de Autodrive con configuraciones de memoria programables (No disponible en la M26)<\/li>\n<li>\u2022 Almohada el\u00e9ctrica opcional para mayor comodidad en la cabeza y el cuello<\/li>\n<li>\u2022 Capacidad de peso: 300 libras a 500 libras<\/li>\n<li>\u2022 Se adapta a todos los usuarios entre 4&#8217;8 \u00aba 6&#8217;8\u00bb<\/li>\n<li>\u2022 Garantia limitada de por vida; madera y metal<\/li>\n<li>\u2022 7 a\u00f1os de garant\u00eda; motor y electronica<\/li>\n<\/ul>\n","protected":false},"excerpt":{"rendered":"<p><span>La serie exclusiva MaxiComforter de Golden ahora est\u00e1 disponible en seis tama\u00f1os, \u00a1incluyendo el nuevo Alto y Extra Ancho! Los MaxiComforters cuentan con un lujoso respaldo cosido con soporte lumbar, un asiento suave y c\u00f3modo y nuestro exclusivo dise\u00f1o de brazo de \u00abrito de agarre\u00bb. Cada MaxiComforter viene de serie con nuestra tecnolog\u00eda patentada de reclinaci\u00f3n m\u00e1xima de MaxiComfort para una posible alineaci\u00f3n de la columna vertebral, alivio de la contrapresi\u00f3n y una mejor circulaci\u00f3n.<\/span><\/p>\n","protected":false},"featured_media":13262,"template":"","meta":{"_joinchat":[]},"product_brand":[],"product_cat":[323,322],"product_tag":[],"class_list":{"0":"post-13261","1":"product","2":"type-product","3":"status-publish","4":"has-post-thumbnail","6":"product_cat-reclinables","7":"product_cat-sillas","8":"pa_marca-pride","10":"first","11":"instock","12":"purchasable","13":"product-type-simple"},"yoast_head":"<!-- This site is optimized with the Yoast SEO plugin v25.1 - https:\/\/yoast.com\/wordpress\/plugins\/seo\/ -->\n<title>REPOSET PR505 ADCAPE TELA-ARENA MUL\/POS - Tu mejor opci\u00f3n Equipo M\u00e9dico M\u00e9xico<\/title>\n<meta name=\"robots\" content=\"index, follow, max-snippet:-1, max-image-preview:large, max-video-preview:-1\" \/>\n<link rel=\"canonical\" href=\"https:\/\/buscoequipomedico.com\/?product=reposet-pr505-adcape-tela-arena-mul-pos\" \/>\n<meta property=\"og:locale\" content=\"es_ES\" \/>\n<meta property=\"og:type\" content=\"article\" \/>\n<meta property=\"og:title\" content=\"REPOSET PR505 ADCAPE TELA-ARENA MUL\/POS - Tu mejor opci\u00f3n Equipo M\u00e9dico M\u00e9xico\" \/>\n<meta property=\"og:description\" content=\"La serie exclusiva MaxiComforter de Golden ahora est\u00e1 disponible en seis tama\u00f1os, \u00a1incluyendo el nuevo Alto y Extra Ancho! Los MaxiComforters cuentan con un lujoso respaldo cosido con soporte lumbar, un asiento suave y c\u00f3modo y nuestro exclusivo dise\u00f1o de brazo de &quot;rito de agarre&quot;. Cada MaxiComforter viene de serie con nuestra tecnolog\u00eda patentada de reclinaci\u00f3n m\u00e1xima de MaxiComfort para una posible alineaci\u00f3n de la columna vertebral, alivio de la contrapresi\u00f3n y una mejor circulaci\u00f3n.\" \/>\n<meta property=\"og:url\" content=\"https:\/\/buscoequipomedico.com\/?product=reposet-pr505-adcape-tela-arena-mul-pos\" \/>\n<meta property=\"og:site_name\" content=\"Tu mejor opci\u00f3n Equipo M\u00e9dico M\u00e9xico\" \/>\n<meta property=\"article:modified_time\" content=\"2020-02-18T07:37:26+00:00\" \/>\n<meta property=\"og:image\" content=\"https:\/\/buscoequipomedico.com\/wp-content\/uploads\/2020\/02\/reposet-pr505-adcape-tela-arena-mul-pos-la-serie-exclusiva-maxicomforter-de-golden-ahora-esta-disponible-en-seis-tamanos-incluye.jpg\" \/>\n\t<meta property=\"og:image:width\" content=\"800\" \/>\n\t<meta property=\"og:image:height\" content=\"800\" \/>\n\t<meta property=\"og:image:type\" content=\"image\/png\" \/>\n<meta name=\"twitter:card\" content=\"summary_large_image\" \/>\n<meta name=\"twitter:label1\" content=\"Tiempo de lectura\" \/>\n\t<meta name=\"twitter:data1\" content=\"1 minuto\" \/>\n<script type=\"application\/ld+json\" class=\"yoast-schema-graph\">{\"@context\":\"https:\/\/schema.org\",\"@graph\":[{\"@type\":\"WebPage\",\"@id\":\"https:\/\/buscoequipomedico.com\/?product=reposet-pr505-adcape-tela-arena-mul-pos\",\"url\":\"https:\/\/buscoequipomedico.com\/?product=reposet-pr505-adcape-tela-arena-mul-pos\",\"name\":\"REPOSET PR505 ADCAPE TELA-ARENA MUL\/POS - Tu mejor opci\u00f3n Equipo M\u00e9dico M\u00e9xico\",\"isPartOf\":{\"@id\":\"https:\/\/buscoequipomedico.com\/#website\"},\"primaryImageOfPage\":{\"@id\":\"https:\/\/buscoequipomedico.com\/?product=reposet-pr505-adcape-tela-arena-mul-pos#primaryimage\"},\"image\":{\"@id\":\"https:\/\/buscoequipomedico.com\/?product=reposet-pr505-adcape-tela-arena-mul-pos#primaryimage\"},\"thumbnailUrl\":\"https:\/\/buscoequipomedico.com\/wp-content\/uploads\/2020\/02\/reposet-pr505-adcape-tela-arena-mul-pos-la-serie-exclusiva-maxicomforter-de-golden-ahora-esta-disponible-en-seis-tamanos-incluye.jpg\",\"datePublished\":\"2020-02-18T07:37:25+00:00\",\"dateModified\":\"2020-02-18T07:37:26+00:00\",\"breadcrumb\":{\"@id\":\"https:\/\/buscoequipomedico.com\/?product=reposet-pr505-adcape-tela-arena-mul-pos#breadcrumb\"},\"inLanguage\":\"es\",\"potentialAction\":[{\"@type\":\"ReadAction\",\"target\":[\"https:\/\/buscoequipomedico.com\/?product=reposet-pr505-adcape-tela-arena-mul-pos\"]}]},{\"@type\":\"ImageObject\",\"inLanguage\":\"es\",\"@id\":\"https:\/\/buscoequipomedico.com\/?product=reposet-pr505-adcape-tela-arena-mul-pos#primaryimage\",\"url\":\"https:\/\/buscoequipomedico.com\/wp-content\/uploads\/2020\/02\/reposet-pr505-adcape-tela-arena-mul-pos-la-serie-exclusiva-maxicomforter-de-golden-ahora-esta-disponible-en-seis-tamanos-incluye.jpg\",\"contentUrl\":\"https:\/\/buscoequipomedico.com\/wp-content\/uploads\/2020\/02\/reposet-pr505-adcape-tela-arena-mul-pos-la-serie-exclusiva-maxicomforter-de-golden-ahora-esta-disponible-en-seis-tamanos-incluye.jpg\",\"width\":800,\"height\":800},{\"@type\":\"BreadcrumbList\",\"@id\":\"https:\/\/buscoequipomedico.com\/?product=reposet-pr505-adcape-tela-arena-mul-pos#breadcrumb\",\"itemListElement\":[{\"@type\":\"ListItem\",\"position\":1,\"name\":\"Productos\",\"item\":\"https:\/\/buscoequipomedico.com\/shop\/\"},{\"@type\":\"ListItem\",\"position\":2,\"name\":\"REPOSET PR505 ADCAPE TELA-ARENA MUL\/POS\"}]},{\"@type\":\"WebSite\",\"@id\":\"https:\/\/buscoequipomedico.com\/#website\",\"url\":\"https:\/\/buscoequipomedico.com\/\",\"name\":\"Tu mejor opci\u00f3n Equipo M\u00e9dico M\u00e9xico\",\"description\":\"Tienda de equipo m\u00e9dico\",\"publisher\":{\"@id\":\"https:\/\/buscoequipomedico.com\/#organization\"},\"potentialAction\":[{\"@type\":\"SearchAction\",\"target\":{\"@type\":\"EntryPoint\",\"urlTemplate\":\"https:\/\/buscoequipomedico.com\/?s={search_term_string}\"},\"query-input\":{\"@type\":\"PropertyValueSpecification\",\"valueRequired\":true,\"valueName\":\"search_term_string\"}}],\"inLanguage\":\"es\"},{\"@type\":\"Organization\",\"@id\":\"https:\/\/buscoequipomedico.com\/#organization\",\"name\":\"Tu mejor opci\u00f3n Equipo M\u00e9dico M\u00e9xico\",\"url\":\"https:\/\/buscoequipomedico.com\/\",\"logo\":{\"@type\":\"ImageObject\",\"inLanguage\":\"es\",\"@id\":\"https:\/\/buscoequipomedico.com\/#\/schema\/logo\/image\/\",\"url\":\"https:\/\/buscoequipomedico.com\/wp-content\/uploads\/2021\/07\/EMM-VPrincipal-scaled.jpg\",\"contentUrl\":\"https:\/\/buscoequipomedico.com\/wp-content\/uploads\/2021\/07\/EMM-VPrincipal-scaled.jpg\",\"width\":2560,\"height\":1058,\"caption\":\"Tu mejor opci\u00f3n Equipo M\u00e9dico M\u00e9xico\"},\"image\":{\"@id\":\"https:\/\/buscoequipomedico.com\/#\/schema\/logo\/image\/\"}}]}<\/script>\n<!-- \/ Yoast SEO plugin. -->","yoast_head_json":{"title":"REPOSET PR505 ADCAPE TELA-ARENA MUL\/POS - Tu mejor opci\u00f3n Equipo M\u00e9dico M\u00e9xico","robots":{"index":"index","follow":"follow","max-snippet":"max-snippet:-1","max-image-preview":"max-image-preview:large","max-video-preview":"max-video-preview:-1"},"canonical":"https:\/\/buscoequipomedico.com\/?product=reposet-pr505-adcape-tela-arena-mul-pos","og_locale":"es_ES","og_type":"article","og_title":"REPOSET PR505 ADCAPE TELA-ARENA MUL\/POS - Tu mejor opci\u00f3n Equipo M\u00e9dico M\u00e9xico","og_description":"La serie exclusiva MaxiComforter de Golden ahora est\u00e1 disponible en seis tama\u00f1os, \u00a1incluyendo el nuevo Alto y Extra Ancho! Los MaxiComforters cuentan con un lujoso respaldo cosido con soporte lumbar, un asiento suave y c\u00f3modo y nuestro exclusivo dise\u00f1o de brazo de \"rito de agarre\". Cada MaxiComforter viene de serie con nuestra tecnolog\u00eda patentada de reclinaci\u00f3n m\u00e1xima de MaxiComfort para una posible alineaci\u00f3n de la columna vertebral, alivio de la contrapresi\u00f3n y una mejor circulaci\u00f3n.","og_url":"https:\/\/buscoequipomedico.com\/?product=reposet-pr505-adcape-tela-arena-mul-pos","og_site_name":"Tu mejor opci\u00f3n Equipo M\u00e9dico M\u00e9xico","article_modified_time":"2020-02-18T07:37:26+00:00","og_image":[{"width":800,"height":800,"url":"https:\/\/buscoequipomedico.com\/wp-content\/uploads\/2020\/02\/reposet-pr505-adcape-tela-arena-mul-pos-la-serie-exclusiva-maxicomforter-de-golden-ahora-esta-disponible-en-seis-tamanos-incluye.jpg","type":"image\/png"}],"twitter_card":"summary_large_image","twitter_misc":{"Tiempo de lectura":"1 minuto"},"schema":{"@context":"https:\/\/schema.org","@graph":[{"@type":"WebPage","@id":"https:\/\/buscoequipomedico.com\/?product=reposet-pr505-adcape-tela-arena-mul-pos","url":"https:\/\/buscoequipomedico.com\/?product=reposet-pr505-adcape-tela-arena-mul-pos","name":"REPOSET PR505 ADCAPE TELA-ARENA MUL\/POS - Tu mejor opci\u00f3n Equipo M\u00e9dico M\u00e9xico","isPartOf":{"@id":"https:\/\/buscoequipomedico.com\/#website"},"primaryImageOfPage":{"@id":"https:\/\/buscoequipomedico.com\/?product=reposet-pr505-adcape-tela-arena-mul-pos#primaryimage"},"image":{"@id":"https:\/\/buscoequipomedico.com\/?product=reposet-pr505-adcape-tela-arena-mul-pos#primaryimage"},"thumbnailUrl":"https:\/\/buscoequipomedico.com\/wp-content\/uploads\/2020\/02\/reposet-pr505-adcape-tela-arena-mul-pos-la-serie-exclusiva-maxicomforter-de-golden-ahora-esta-disponible-en-seis-tamanos-incluye.jpg","datePublished":"2020-02-18T07:37:25+00:00","dateModified":"2020-02-18T07:37:26+00:00","breadcrumb":{"@id":"https:\/\/buscoequipomedico.com\/?product=reposet-pr505-adcape-tela-arena-mul-pos#breadcrumb"},"inLanguage":"es","potentialAction":[{"@type":"ReadAction","target":["https:\/\/buscoequipomedico.com\/?product=reposet-pr505-adcape-tela-arena-mul-pos"]}]},{"@type":"ImageObject","inLanguage":"es","@id":"https:\/\/buscoequipomedico.com\/?product=reposet-pr505-adcape-tela-arena-mul-pos#primaryimage","url":"https:\/\/buscoequipomedico.com\/wp-content\/uploads\/2020\/02\/reposet-pr505-adcape-tela-arena-mul-pos-la-serie-exclusiva-maxicomforter-de-golden-ahora-esta-disponible-en-seis-tamanos-incluye.jpg","contentUrl":"https:\/\/buscoequipomedico.com\/wp-content\/uploads\/2020\/02\/reposet-pr505-adcape-tela-arena-mul-pos-la-serie-exclusiva-maxicomforter-de-golden-ahora-esta-disponible-en-seis-tamanos-incluye.jpg","width":800,"height":800},{"@type":"BreadcrumbList","@id":"https:\/\/buscoequipomedico.com\/?product=reposet-pr505-adcape-tela-arena-mul-pos#breadcrumb","itemListElement":[{"@type":"ListItem","position":1,"name":"Productos","item":"https:\/\/buscoequipomedico.com\/shop\/"},{"@type":"ListItem","position":2,"name":"REPOSET PR505 ADCAPE TELA-ARENA MUL\/POS"}]},{"@type":"WebSite","@id":"https:\/\/buscoequipomedico.com\/#website","url":"https:\/\/buscoequipomedico.com\/","name":"Tu mejor opci\u00f3n Equipo M\u00e9dico M\u00e9xico","description":"Tienda de equipo m\u00e9dico","publisher":{"@id":"https:\/\/buscoequipomedico.com\/#organization"},"potentialAction":[{"@type":"SearchAction","target":{"@type":"EntryPoint","urlTemplate":"https:\/\/buscoequipomedico.com\/?s={search_term_string}"},"query-input":{"@type":"PropertyValueSpecification","valueRequired":true,"valueName":"search_term_string"}}],"inLanguage":"es"},{"@type":"Organization","@id":"https:\/\/buscoequipomedico.com\/#organization","name":"Tu mejor opci\u00f3n Equipo M\u00e9dico M\u00e9xico","url":"https:\/\/buscoequipomedico.com\/","logo":{"@type":"ImageObject","inLanguage":"es","@id":"https:\/\/buscoequipomedico.com\/#\/schema\/logo\/image\/","url":"https:\/\/buscoequipomedico.com\/wp-content\/uploads\/2021\/07\/EMM-VPrincipal-scaled.jpg","contentUrl":"https:\/\/buscoequipomedico.com\/wp-content\/uploads\/2021\/07\/EMM-VPrincipal-scaled.jpg","width":2560,"height":1058,"caption":"Tu mejor opci\u00f3n Equipo M\u00e9dico M\u00e9xico"},"image":{"@id":"https:\/\/buscoequipomedico.com\/#\/schema\/logo\/image\/"}}]}},"_links":{"self":[{"href":"https:\/\/buscoequipomedico.com\/index.php?rest_route=\/wp\/v2\/product\/13261","targetHints":{"allow":["GET"]}}],"collection":[{"href":"https:\/\/buscoequipomedico.com\/index.php?rest_route=\/wp\/v2\/product"}],"about":[{"href":"https:\/\/buscoequipomedico.com\/index.php?rest_route=\/wp\/v2\/types\/product"}],"wp:featuredmedia":[{"embeddable":true,"href":"https:\/\/buscoequipomedico.com\/index.php?rest_route=\/wp\/v2\/media\/13262"}],"wp:attachment":[{"href":"https:\/\/buscoequipomedico.com\/index.php?rest_route=%2Fwp%2Fv2%2Fmedia&parent=13261"}],"wp:term":[{"taxonomy":"product_brand","embeddable":true,"href":"https:\/\/buscoequipomedico.com\/index.php?rest_route=%2Fwp%2Fv2%2Fproduct_brand&post=13261"},{"taxonomy":"product_cat","embeddable":true,"href":"https:\/\/buscoequipomedico.com\/index.php?rest_route=%2Fwp%2Fv2%2Fproduct_cat&post=13261"},{"taxonomy":"product_tag","embeddable":true,"href":"https:\/\/buscoequipomedico.com\/index.php?rest_route=%2Fwp%2Fv2%2Fproduct_tag&post=13261"}],"curies":[{"name":"wp","href":"https:\/\/api.w.org\/{rel}","templated":true}]}}