{"id":13321,"date":"2020-02-18T07:37:30","date_gmt":"2020-02-18T07:37:30","guid":{"rendered":"https:\/\/equipomedicomexico-com.preview-domain.com\/product\/silla-de-ruedas-tt-20-azul-abatible-elevapiernas-alum-neumatica\/"},"modified":"2020-02-18T07:37:33","modified_gmt":"2020-02-18T07:37:33","slug":"silla-de-ruedas-tt-20-azul-abatible-elevapiernas-alum-neumatica","status":"publish","type":"product","link":"https:\/\/buscoequipomedico.com\/?product=silla-de-ruedas-tt-20-azul-abatible-elevapiernas-alum-neumatica","title":{"rendered":"SILLA DE RUEDAS TT 20\u201d AZUL ABATIBLE\/ELEVAPIERNAS ALUM. NEUMATICA"},"content":{"rendered":"<ul>\n<li>Rueda trasera Neum\u00e1tica Todo Terreno y delantera 8 x 2\u201d de PU.<\/li>\n<li>Peso M\u00e1ximo de usuario: 110 kg.<\/li>\n<li>Peso Bruto: 22.5 kg \/ Peso Neto: 20.5 kg.<\/li>\n<li>Medidas de empaque: 30 x 82 x 94 cm.<\/li>\n<\/ul>\n","protected":false},"excerpt":{"rendered":"<ul>\n<li>Acero esmaltado.<\/li>\n<li>Descansabrazo abatible con coj\u00edn de PU.<\/li>\n<li>Elevapierna removible.<\/li>\n<\/ul>\n","protected":false},"featured_media":13322,"template":"","meta":{"_joinchat":[]},"product_brand":[],"product_cat":[322,327],"product_tag":[],"class_list":{"0":"post-13321","1":"product","2":"type-product","3":"status-publish","4":"has-post-thumbnail","6":"product_cat-sillas","7":"product_cat-sillas-de-rueda","8":"pa_marca-eko","10":"first","11":"instock","12":"purchasable","13":"product-type-simple"},"yoast_head":"<!-- This site is optimized with the Yoast SEO plugin v25.1 - https:\/\/yoast.com\/wordpress\/plugins\/seo\/ -->\n<title>SILLA DE RUEDAS TT 20\u201d AZUL ABATIBLE\/ELEVAPIERNAS ALUM. NEUMATICA - Tu mejor opci\u00f3n Equipo M\u00e9dico M\u00e9xico<\/title>\n<meta name=\"robots\" content=\"index, follow, max-snippet:-1, max-image-preview:large, max-video-preview:-1\" \/>\n<link rel=\"canonical\" href=\"https:\/\/buscoequipomedico.com\/?product=silla-de-ruedas-tt-20-azul-abatible-elevapiernas-alum-neumatica\" \/>\n<meta property=\"og:locale\" content=\"es_ES\" \/>\n<meta property=\"og:type\" content=\"article\" \/>\n<meta property=\"og:title\" content=\"SILLA DE RUEDAS TT 20\u201d AZUL ABATIBLE\/ELEVAPIERNAS ALUM. NEUMATICA - Tu mejor opci\u00f3n Equipo M\u00e9dico M\u00e9xico\" \/>\n<meta property=\"og:description\" content=\"Acero esmaltado. Descansabrazo abatible con coj\u00edn de PU. Elevapierna removible.\" \/>\n<meta property=\"og:url\" content=\"https:\/\/buscoequipomedico.com\/?product=silla-de-ruedas-tt-20-azul-abatible-elevapiernas-alum-neumatica\" \/>\n<meta property=\"og:site_name\" content=\"Tu mejor opci\u00f3n Equipo M\u00e9dico M\u00e9xico\" \/>\n<meta property=\"article:modified_time\" content=\"2020-02-18T07:37:33+00:00\" \/>\n<meta property=\"og:image\" content=\"https:\/\/buscoequipomedico.com\/wp-content\/uploads\/2020\/02\/silla-de-ruedas-tt-20-azul-abatible-elevapiernas-alum-neumatica-acero-esmaltado-descansabrazo-abatible-con-cojin-de-pu-elevapier.jpg\" \/>\n\t<meta property=\"og:image:width\" content=\"800\" \/>\n\t<meta property=\"og:image:height\" content=\"800\" \/>\n\t<meta property=\"og:image:type\" content=\"image\/png\" \/>\n<meta name=\"twitter:card\" content=\"summary_large_image\" \/>\n<script type=\"application\/ld+json\" class=\"yoast-schema-graph\">{\"@context\":\"https:\/\/schema.org\",\"@graph\":[{\"@type\":\"WebPage\",\"@id\":\"https:\/\/buscoequipomedico.com\/?product=silla-de-ruedas-tt-20-azul-abatible-elevapiernas-alum-neumatica\",\"url\":\"https:\/\/buscoequipomedico.com\/?product=silla-de-ruedas-tt-20-azul-abatible-elevapiernas-alum-neumatica\",\"name\":\"SILLA DE RUEDAS TT 20\u201d AZUL ABATIBLE\/ELEVAPIERNAS ALUM. NEUMATICA - Tu mejor opci\u00f3n Equipo M\u00e9dico M\u00e9xico\",\"isPartOf\":{\"@id\":\"https:\/\/buscoequipomedico.com\/#website\"},\"primaryImageOfPage\":{\"@id\":\"https:\/\/buscoequipomedico.com\/?product=silla-de-ruedas-tt-20-azul-abatible-elevapiernas-alum-neumatica#primaryimage\"},\"image\":{\"@id\":\"https:\/\/buscoequipomedico.com\/?product=silla-de-ruedas-tt-20-azul-abatible-elevapiernas-alum-neumatica#primaryimage\"},\"thumbnailUrl\":\"https:\/\/buscoequipomedico.com\/wp-content\/uploads\/2020\/02\/silla-de-ruedas-tt-20-azul-abatible-elevapiernas-alum-neumatica-acero-esmaltado-descansabrazo-abatible-con-cojin-de-pu-elevapier.jpg\",\"datePublished\":\"2020-02-18T07:37:30+00:00\",\"dateModified\":\"2020-02-18T07:37:33+00:00\",\"breadcrumb\":{\"@id\":\"https:\/\/buscoequipomedico.com\/?product=silla-de-ruedas-tt-20-azul-abatible-elevapiernas-alum-neumatica#breadcrumb\"},\"inLanguage\":\"es\",\"potentialAction\":[{\"@type\":\"ReadAction\",\"target\":[\"https:\/\/buscoequipomedico.com\/?product=silla-de-ruedas-tt-20-azul-abatible-elevapiernas-alum-neumatica\"]}]},{\"@type\":\"ImageObject\",\"inLanguage\":\"es\",\"@id\":\"https:\/\/buscoequipomedico.com\/?product=silla-de-ruedas-tt-20-azul-abatible-elevapiernas-alum-neumatica#primaryimage\",\"url\":\"https:\/\/buscoequipomedico.com\/wp-content\/uploads\/2020\/02\/silla-de-ruedas-tt-20-azul-abatible-elevapiernas-alum-neumatica-acero-esmaltado-descansabrazo-abatible-con-cojin-de-pu-elevapier.jpg\",\"contentUrl\":\"https:\/\/buscoequipomedico.com\/wp-content\/uploads\/2020\/02\/silla-de-ruedas-tt-20-azul-abatible-elevapiernas-alum-neumatica-acero-esmaltado-descansabrazo-abatible-con-cojin-de-pu-elevapier.jpg\",\"width\":800,\"height\":800},{\"@type\":\"BreadcrumbList\",\"@id\":\"https:\/\/buscoequipomedico.com\/?product=silla-de-ruedas-tt-20-azul-abatible-elevapiernas-alum-neumatica#breadcrumb\",\"itemListElement\":[{\"@type\":\"ListItem\",\"position\":1,\"name\":\"Productos\",\"item\":\"https:\/\/buscoequipomedico.com\/shop\/\"},{\"@type\":\"ListItem\",\"position\":2,\"name\":\"SILLA DE RUEDAS TT 20\u201d AZUL ABATIBLE\/ELEVAPIERNAS ALUM. NEUMATICA\"}]},{\"@type\":\"WebSite\",\"@id\":\"https:\/\/buscoequipomedico.com\/#website\",\"url\":\"https:\/\/buscoequipomedico.com\/\",\"name\":\"Tu mejor opci\u00f3n Equipo M\u00e9dico M\u00e9xico\",\"description\":\"Tienda de equipo m\u00e9dico\",\"publisher\":{\"@id\":\"https:\/\/buscoequipomedico.com\/#organization\"},\"potentialAction\":[{\"@type\":\"SearchAction\",\"target\":{\"@type\":\"EntryPoint\",\"urlTemplate\":\"https:\/\/buscoequipomedico.com\/?s={search_term_string}\"},\"query-input\":{\"@type\":\"PropertyValueSpecification\",\"valueRequired\":true,\"valueName\":\"search_term_string\"}}],\"inLanguage\":\"es\"},{\"@type\":\"Organization\",\"@id\":\"https:\/\/buscoequipomedico.com\/#organization\",\"name\":\"Tu mejor opci\u00f3n Equipo M\u00e9dico M\u00e9xico\",\"url\":\"https:\/\/buscoequipomedico.com\/\",\"logo\":{\"@type\":\"ImageObject\",\"inLanguage\":\"es\",\"@id\":\"https:\/\/buscoequipomedico.com\/#\/schema\/logo\/image\/\",\"url\":\"https:\/\/buscoequipomedico.com\/wp-content\/uploads\/2021\/07\/EMM-VPrincipal-scaled.jpg\",\"contentUrl\":\"https:\/\/buscoequipomedico.com\/wp-content\/uploads\/2021\/07\/EMM-VPrincipal-scaled.jpg\",\"width\":2560,\"height\":1058,\"caption\":\"Tu mejor opci\u00f3n Equipo M\u00e9dico M\u00e9xico\"},\"image\":{\"@id\":\"https:\/\/buscoequipomedico.com\/#\/schema\/logo\/image\/\"}}]}<\/script>\n<!-- \/ Yoast SEO plugin. -->","yoast_head_json":{"title":"SILLA DE RUEDAS TT 20\u201d AZUL ABATIBLE\/ELEVAPIERNAS ALUM. NEUMATICA - Tu mejor opci\u00f3n Equipo M\u00e9dico M\u00e9xico","robots":{"index":"index","follow":"follow","max-snippet":"max-snippet:-1","max-image-preview":"max-image-preview:large","max-video-preview":"max-video-preview:-1"},"canonical":"https:\/\/buscoequipomedico.com\/?product=silla-de-ruedas-tt-20-azul-abatible-elevapiernas-alum-neumatica","og_locale":"es_ES","og_type":"article","og_title":"SILLA DE RUEDAS TT 20\u201d AZUL ABATIBLE\/ELEVAPIERNAS ALUM. NEUMATICA - Tu mejor opci\u00f3n Equipo M\u00e9dico M\u00e9xico","og_description":"Acero esmaltado. Descansabrazo abatible con coj\u00edn de PU. Elevapierna removible.","og_url":"https:\/\/buscoequipomedico.com\/?product=silla-de-ruedas-tt-20-azul-abatible-elevapiernas-alum-neumatica","og_site_name":"Tu mejor opci\u00f3n Equipo M\u00e9dico M\u00e9xico","article_modified_time":"2020-02-18T07:37:33+00:00","og_image":[{"width":800,"height":800,"url":"https:\/\/buscoequipomedico.com\/wp-content\/uploads\/2020\/02\/silla-de-ruedas-tt-20-azul-abatible-elevapiernas-alum-neumatica-acero-esmaltado-descansabrazo-abatible-con-cojin-de-pu-elevapier.jpg","type":"image\/png"}],"twitter_card":"summary_large_image","schema":{"@context":"https:\/\/schema.org","@graph":[{"@type":"WebPage","@id":"https:\/\/buscoequipomedico.com\/?product=silla-de-ruedas-tt-20-azul-abatible-elevapiernas-alum-neumatica","url":"https:\/\/buscoequipomedico.com\/?product=silla-de-ruedas-tt-20-azul-abatible-elevapiernas-alum-neumatica","name":"SILLA DE RUEDAS TT 20\u201d AZUL ABATIBLE\/ELEVAPIERNAS ALUM. NEUMATICA - Tu mejor opci\u00f3n Equipo M\u00e9dico M\u00e9xico","isPartOf":{"@id":"https:\/\/buscoequipomedico.com\/#website"},"primaryImageOfPage":{"@id":"https:\/\/buscoequipomedico.com\/?product=silla-de-ruedas-tt-20-azul-abatible-elevapiernas-alum-neumatica#primaryimage"},"image":{"@id":"https:\/\/buscoequipomedico.com\/?product=silla-de-ruedas-tt-20-azul-abatible-elevapiernas-alum-neumatica#primaryimage"},"thumbnailUrl":"https:\/\/buscoequipomedico.com\/wp-content\/uploads\/2020\/02\/silla-de-ruedas-tt-20-azul-abatible-elevapiernas-alum-neumatica-acero-esmaltado-descansabrazo-abatible-con-cojin-de-pu-elevapier.jpg","datePublished":"2020-02-18T07:37:30+00:00","dateModified":"2020-02-18T07:37:33+00:00","breadcrumb":{"@id":"https:\/\/buscoequipomedico.com\/?product=silla-de-ruedas-tt-20-azul-abatible-elevapiernas-alum-neumatica#breadcrumb"},"inLanguage":"es","potentialAction":[{"@type":"ReadAction","target":["https:\/\/buscoequipomedico.com\/?product=silla-de-ruedas-tt-20-azul-abatible-elevapiernas-alum-neumatica"]}]},{"@type":"ImageObject","inLanguage":"es","@id":"https:\/\/buscoequipomedico.com\/?product=silla-de-ruedas-tt-20-azul-abatible-elevapiernas-alum-neumatica#primaryimage","url":"https:\/\/buscoequipomedico.com\/wp-content\/uploads\/2020\/02\/silla-de-ruedas-tt-20-azul-abatible-elevapiernas-alum-neumatica-acero-esmaltado-descansabrazo-abatible-con-cojin-de-pu-elevapier.jpg","contentUrl":"https:\/\/buscoequipomedico.com\/wp-content\/uploads\/2020\/02\/silla-de-ruedas-tt-20-azul-abatible-elevapiernas-alum-neumatica-acero-esmaltado-descansabrazo-abatible-con-cojin-de-pu-elevapier.jpg","width":800,"height":800},{"@type":"BreadcrumbList","@id":"https:\/\/buscoequipomedico.com\/?product=silla-de-ruedas-tt-20-azul-abatible-elevapiernas-alum-neumatica#breadcrumb","itemListElement":[{"@type":"ListItem","position":1,"name":"Productos","item":"https:\/\/buscoequipomedico.com\/shop\/"},{"@type":"ListItem","position":2,"name":"SILLA DE RUEDAS TT 20\u201d AZUL ABATIBLE\/ELEVAPIERNAS ALUM. NEUMATICA"}]},{"@type":"WebSite","@id":"https:\/\/buscoequipomedico.com\/#website","url":"https:\/\/buscoequipomedico.com\/","name":"Tu mejor opci\u00f3n Equipo M\u00e9dico M\u00e9xico","description":"Tienda de equipo m\u00e9dico","publisher":{"@id":"https:\/\/buscoequipomedico.com\/#organization"},"potentialAction":[{"@type":"SearchAction","target":{"@type":"EntryPoint","urlTemplate":"https:\/\/buscoequipomedico.com\/?s={search_term_string}"},"query-input":{"@type":"PropertyValueSpecification","valueRequired":true,"valueName":"search_term_string"}}],"inLanguage":"es"},{"@type":"Organization","@id":"https:\/\/buscoequipomedico.com\/#organization","name":"Tu mejor opci\u00f3n Equipo M\u00e9dico M\u00e9xico","url":"https:\/\/buscoequipomedico.com\/","logo":{"@type":"ImageObject","inLanguage":"es","@id":"https:\/\/buscoequipomedico.com\/#\/schema\/logo\/image\/","url":"https:\/\/buscoequipomedico.com\/wp-content\/uploads\/2021\/07\/EMM-VPrincipal-scaled.jpg","contentUrl":"https:\/\/buscoequipomedico.com\/wp-content\/uploads\/2021\/07\/EMM-VPrincipal-scaled.jpg","width":2560,"height":1058,"caption":"Tu mejor opci\u00f3n Equipo M\u00e9dico M\u00e9xico"},"image":{"@id":"https:\/\/buscoequipomedico.com\/#\/schema\/logo\/image\/"}}]}},"_links":{"self":[{"href":"https:\/\/buscoequipomedico.com\/index.php?rest_route=\/wp\/v2\/product\/13321","targetHints":{"allow":["GET"]}}],"collection":[{"href":"https:\/\/buscoequipomedico.com\/index.php?rest_route=\/wp\/v2\/product"}],"about":[{"href":"https:\/\/buscoequipomedico.com\/index.php?rest_route=\/wp\/v2\/types\/product"}],"wp:featuredmedia":[{"embeddable":true,"href":"https:\/\/buscoequipomedico.com\/index.php?rest_route=\/wp\/v2\/media\/13322"}],"wp:attachment":[{"href":"https:\/\/buscoequipomedico.com\/index.php?rest_route=%2Fwp%2Fv2%2Fmedia&parent=13321"}],"wp:term":[{"taxonomy":"product_brand","embeddable":true,"href":"https:\/\/buscoequipomedico.com\/index.php?rest_route=%2Fwp%2Fv2%2Fproduct_brand&post=13321"},{"taxonomy":"product_cat","embeddable":true,"href":"https:\/\/buscoequipomedico.com\/index.php?rest_route=%2Fwp%2Fv2%2Fproduct_cat&post=13321"},{"taxonomy":"product_tag","embeddable":true,"href":"https:\/\/buscoequipomedico.com\/index.php?rest_route=%2Fwp%2Fv2%2Fproduct_tag&post=13321"}],"curies":[{"name":"wp","href":"https:\/\/api.w.org\/{rel}","templated":true}]}}