{"id":13403,"date":"2020-02-18T07:37:41","date_gmt":"2020-02-18T07:37:41","guid":{"rendered":"https:\/\/equipomedicomexico-com.preview-domain.com\/product\/silla-bipedestadora-get-up-serie-p-baja\/"},"modified":"2020-02-18T07:37:44","modified_gmt":"2020-02-18T07:37:44","slug":"silla-bipedestadora-get-up-serie-p-baja","status":"publish","type":"product","link":"https:\/\/buscoequipomedico.com\/?product=silla-bipedestadora-get-up-serie-p-baja","title":{"rendered":"SILLA BIPEDESTADORA GET UP (Serie P Baja)"},"content":{"rendered":"<p>\u2022 Fabricada con tubos de acero de 1 pulgada en 2mm de espesor y planchas de 5mm cortadas con l\u00e1ser.<\/p>\n<\/p>\n<p>\u2022 Para pacientes que midan entre 115 y 160 cms. de alto.<\/p>\n<\/p>\n<p>\u2022 Respaldo abatible y ruedas traseras desmontables.<\/p>\n<\/p>\n<p>\u2022 Ruedas ligeras y neum\u00e1ticos con gel antipinchaduras. Sistema de freno bilateral de placa.<\/p>\n<\/p>\n<p>\u2022 Bater\u00eda de alta duraci\u00f3n. Tiempo de recarga: 8 horas.<\/p>\n<\/p>\n<p>\u2022 Control remoto para ascenso y descenso de la silla.<\/p>\n<\/p>\n<p>\u2022 3 Cinturones de contenci\u00f3n acolchados (empeine, rodillas, abdomen).<\/p>\n<\/p>\n<p>\u2022 Tela Cordura de alta durabilidad.<\/p>\n<\/p>\n<p>\u2022 Voltaje de carga: 220V<\/p>\n<\/p>\n<p>\u2022 Ancho entre ruedas: 56 cms.<\/p>\n<\/p>\n<p>\u2022 Alto completo: 100 cms. (Sedente)<\/p>\n<\/p>\n<p>\u2022 Alto completo: 140 cms. (Bipedestada)<\/p>\n<\/p>\n<p>\u2022 Largo completo: 96 cms.<\/p>\n<\/p>\n<p>\u2022 Ancho del Asiento: 37 cms.<\/p>\n<\/p>\n<p>Profundidad del Asiento: 40 cms.<\/p><\/p>\n","protected":false},"excerpt":{"rendered":"<p>Get Up\u00ae es un sistema de bipedestaci\u00f3n el\u00e9ctrico que se combina con una silla de ruedas de desplazamiento manual, el cual tiene como objetivo entregarte un nuevo punto de vista, aumentar tus capacidades de alcance y tener una potente herramienta de rehabilitaci\u00f3n en tu hogar.<\/p>\n<\/p>\n<p>Get Up\u00ae est\u00e1 fabricado con materiales de alta calidad, lo que le da una gran durabilidad a un excelente precio.<\/p>\n<\/p>\n<p>Get Up \u00ae Serie-T Baja la est\u00e1n utilizando personas con control de trondo bueno a moderado que tengan Paraplej\u00eda, PC<\/p>\n<\/p>\n<p>Esp\u00e1stica, ACV, Parkinson, ELA, mielomeningocele, entre otros.<\/p><\/p>\n","protected":false},"featured_media":13404,"template":"","meta":{"_joinchat":[]},"product_brand":[],"product_cat":[322,327],"product_tag":[],"class_list":{"0":"post-13403","1":"product","2":"type-product","3":"status-publish","4":"has-post-thumbnail","6":"product_cat-sillas","7":"product_cat-sillas-de-rueda","9":"first","10":"instock","11":"purchasable","12":"product-type-simple"},"yoast_head":"<!-- This site is optimized with the Yoast SEO plugin v25.1 - https:\/\/yoast.com\/wordpress\/plugins\/seo\/ -->\n<title>SILLA BIPEDESTADORA GET UP (Serie P Baja) - Tu mejor opci\u00f3n Equipo M\u00e9dico M\u00e9xico<\/title>\n<meta name=\"robots\" content=\"index, follow, max-snippet:-1, max-image-preview:large, max-video-preview:-1\" \/>\n<link rel=\"canonical\" href=\"https:\/\/buscoequipomedico.com\/?product=silla-bipedestadora-get-up-serie-p-baja\" \/>\n<meta property=\"og:locale\" content=\"es_ES\" \/>\n<meta property=\"og:type\" content=\"article\" \/>\n<meta property=\"og:title\" content=\"SILLA BIPEDESTADORA GET UP (Serie P Baja) - Tu mejor opci\u00f3n Equipo M\u00e9dico M\u00e9xico\" \/>\n<meta property=\"og:description\" content=\"Get Up\u00ae es un sistema de bipedestaci\u00f3n el\u00e9ctrico que se combina con una silla de ruedas de desplazamiento manual, el cual tiene como objetivo entregarte un nuevo punto de vista, aumentar tus capacidades de alcance y tener una potente herramienta de rehabilitaci\u00f3n en tu hogar. Get Up\u00ae est\u00e1 fabricado con materiales de alta calidad, lo que le da una gran durabilidad a un excelente precio. Get Up \u00ae Serie-T Baja la est\u00e1n utilizando personas con control de trondo bueno a moderado que tengan Paraplej\u00eda, PC Esp\u00e1stica, ACV, Parkinson, ELA, mielomeningocele, entre otros.\" \/>\n<meta property=\"og:url\" content=\"https:\/\/buscoequipomedico.com\/?product=silla-bipedestadora-get-up-serie-p-baja\" \/>\n<meta property=\"og:site_name\" content=\"Tu mejor opci\u00f3n Equipo M\u00e9dico M\u00e9xico\" \/>\n<meta property=\"article:modified_time\" content=\"2020-02-18T07:37:44+00:00\" \/>\n<meta property=\"og:image\" content=\"https:\/\/buscoequipomedico.com\/wp-content\/uploads\/2020\/02\/silla-bipedestadora-get-up-serie-p-baja-get-upr-es-un-sistema-de-bipedestacion-electrico-que-se-combina-con-una-silla-de-ruedas.jpg\" \/>\n\t<meta property=\"og:image:width\" content=\"800\" \/>\n\t<meta property=\"og:image:height\" content=\"800\" \/>\n\t<meta property=\"og:image:type\" content=\"image\/png\" \/>\n<meta name=\"twitter:card\" content=\"summary_large_image\" \/>\n<meta name=\"twitter:label1\" content=\"Tiempo de lectura\" \/>\n\t<meta name=\"twitter:data1\" content=\"1 minuto\" \/>\n<script type=\"application\/ld+json\" class=\"yoast-schema-graph\">{\"@context\":\"https:\/\/schema.org\",\"@graph\":[{\"@type\":\"WebPage\",\"@id\":\"https:\/\/buscoequipomedico.com\/?product=silla-bipedestadora-get-up-serie-p-baja\",\"url\":\"https:\/\/buscoequipomedico.com\/?product=silla-bipedestadora-get-up-serie-p-baja\",\"name\":\"SILLA BIPEDESTADORA GET UP (Serie P Baja) - Tu mejor opci\u00f3n Equipo M\u00e9dico M\u00e9xico\",\"isPartOf\":{\"@id\":\"https:\/\/buscoequipomedico.com\/#website\"},\"primaryImageOfPage\":{\"@id\":\"https:\/\/buscoequipomedico.com\/?product=silla-bipedestadora-get-up-serie-p-baja#primaryimage\"},\"image\":{\"@id\":\"https:\/\/buscoequipomedico.com\/?product=silla-bipedestadora-get-up-serie-p-baja#primaryimage\"},\"thumbnailUrl\":\"https:\/\/buscoequipomedico.com\/wp-content\/uploads\/2020\/02\/silla-bipedestadora-get-up-serie-p-baja-get-upr-es-un-sistema-de-bipedestacion-electrico-que-se-combina-con-una-silla-de-ruedas.jpg\",\"datePublished\":\"2020-02-18T07:37:41+00:00\",\"dateModified\":\"2020-02-18T07:37:44+00:00\",\"breadcrumb\":{\"@id\":\"https:\/\/buscoequipomedico.com\/?product=silla-bipedestadora-get-up-serie-p-baja#breadcrumb\"},\"inLanguage\":\"es\",\"potentialAction\":[{\"@type\":\"ReadAction\",\"target\":[\"https:\/\/buscoequipomedico.com\/?product=silla-bipedestadora-get-up-serie-p-baja\"]}]},{\"@type\":\"ImageObject\",\"inLanguage\":\"es\",\"@id\":\"https:\/\/buscoequipomedico.com\/?product=silla-bipedestadora-get-up-serie-p-baja#primaryimage\",\"url\":\"https:\/\/buscoequipomedico.com\/wp-content\/uploads\/2020\/02\/silla-bipedestadora-get-up-serie-p-baja-get-upr-es-un-sistema-de-bipedestacion-electrico-que-se-combina-con-una-silla-de-ruedas.jpg\",\"contentUrl\":\"https:\/\/buscoequipomedico.com\/wp-content\/uploads\/2020\/02\/silla-bipedestadora-get-up-serie-p-baja-get-upr-es-un-sistema-de-bipedestacion-electrico-que-se-combina-con-una-silla-de-ruedas.jpg\",\"width\":800,\"height\":800},{\"@type\":\"BreadcrumbList\",\"@id\":\"https:\/\/buscoequipomedico.com\/?product=silla-bipedestadora-get-up-serie-p-baja#breadcrumb\",\"itemListElement\":[{\"@type\":\"ListItem\",\"position\":1,\"name\":\"Productos\",\"item\":\"https:\/\/buscoequipomedico.com\/shop\/\"},{\"@type\":\"ListItem\",\"position\":2,\"name\":\"SILLA BIPEDESTADORA GET UP (Serie P Baja)\"}]},{\"@type\":\"WebSite\",\"@id\":\"https:\/\/buscoequipomedico.com\/#website\",\"url\":\"https:\/\/buscoequipomedico.com\/\",\"name\":\"Tu mejor opci\u00f3n Equipo M\u00e9dico M\u00e9xico\",\"description\":\"Tienda de equipo m\u00e9dico\",\"publisher\":{\"@id\":\"https:\/\/buscoequipomedico.com\/#organization\"},\"potentialAction\":[{\"@type\":\"SearchAction\",\"target\":{\"@type\":\"EntryPoint\",\"urlTemplate\":\"https:\/\/buscoequipomedico.com\/?s={search_term_string}\"},\"query-input\":{\"@type\":\"PropertyValueSpecification\",\"valueRequired\":true,\"valueName\":\"search_term_string\"}}],\"inLanguage\":\"es\"},{\"@type\":\"Organization\",\"@id\":\"https:\/\/buscoequipomedico.com\/#organization\",\"name\":\"Tu mejor opci\u00f3n Equipo M\u00e9dico M\u00e9xico\",\"url\":\"https:\/\/buscoequipomedico.com\/\",\"logo\":{\"@type\":\"ImageObject\",\"inLanguage\":\"es\",\"@id\":\"https:\/\/buscoequipomedico.com\/#\/schema\/logo\/image\/\",\"url\":\"https:\/\/buscoequipomedico.com\/wp-content\/uploads\/2021\/07\/EMM-VPrincipal-scaled.jpg\",\"contentUrl\":\"https:\/\/buscoequipomedico.com\/wp-content\/uploads\/2021\/07\/EMM-VPrincipal-scaled.jpg\",\"width\":2560,\"height\":1058,\"caption\":\"Tu mejor opci\u00f3n Equipo M\u00e9dico M\u00e9xico\"},\"image\":{\"@id\":\"https:\/\/buscoequipomedico.com\/#\/schema\/logo\/image\/\"}}]}<\/script>\n<!-- \/ Yoast SEO plugin. -->","yoast_head_json":{"title":"SILLA BIPEDESTADORA GET UP (Serie P Baja) - Tu mejor opci\u00f3n Equipo M\u00e9dico M\u00e9xico","robots":{"index":"index","follow":"follow","max-snippet":"max-snippet:-1","max-image-preview":"max-image-preview:large","max-video-preview":"max-video-preview:-1"},"canonical":"https:\/\/buscoequipomedico.com\/?product=silla-bipedestadora-get-up-serie-p-baja","og_locale":"es_ES","og_type":"article","og_title":"SILLA BIPEDESTADORA GET UP (Serie P Baja) - Tu mejor opci\u00f3n Equipo M\u00e9dico M\u00e9xico","og_description":"Get Up\u00ae es un sistema de bipedestaci\u00f3n el\u00e9ctrico que se combina con una silla de ruedas de desplazamiento manual, el cual tiene como objetivo entregarte un nuevo punto de vista, aumentar tus capacidades de alcance y tener una potente herramienta de rehabilitaci\u00f3n en tu hogar. Get Up\u00ae est\u00e1 fabricado con materiales de alta calidad, lo que le da una gran durabilidad a un excelente precio. Get Up \u00ae Serie-T Baja la est\u00e1n utilizando personas con control de trondo bueno a moderado que tengan Paraplej\u00eda, PC Esp\u00e1stica, ACV, Parkinson, ELA, mielomeningocele, entre otros.","og_url":"https:\/\/buscoequipomedico.com\/?product=silla-bipedestadora-get-up-serie-p-baja","og_site_name":"Tu mejor opci\u00f3n Equipo M\u00e9dico M\u00e9xico","article_modified_time":"2020-02-18T07:37:44+00:00","og_image":[{"width":800,"height":800,"url":"https:\/\/buscoequipomedico.com\/wp-content\/uploads\/2020\/02\/silla-bipedestadora-get-up-serie-p-baja-get-upr-es-un-sistema-de-bipedestacion-electrico-que-se-combina-con-una-silla-de-ruedas.jpg","type":"image\/png"}],"twitter_card":"summary_large_image","twitter_misc":{"Tiempo de lectura":"1 minuto"},"schema":{"@context":"https:\/\/schema.org","@graph":[{"@type":"WebPage","@id":"https:\/\/buscoequipomedico.com\/?product=silla-bipedestadora-get-up-serie-p-baja","url":"https:\/\/buscoequipomedico.com\/?product=silla-bipedestadora-get-up-serie-p-baja","name":"SILLA BIPEDESTADORA GET UP (Serie P Baja) - Tu mejor opci\u00f3n Equipo M\u00e9dico M\u00e9xico","isPartOf":{"@id":"https:\/\/buscoequipomedico.com\/#website"},"primaryImageOfPage":{"@id":"https:\/\/buscoequipomedico.com\/?product=silla-bipedestadora-get-up-serie-p-baja#primaryimage"},"image":{"@id":"https:\/\/buscoequipomedico.com\/?product=silla-bipedestadora-get-up-serie-p-baja#primaryimage"},"thumbnailUrl":"https:\/\/buscoequipomedico.com\/wp-content\/uploads\/2020\/02\/silla-bipedestadora-get-up-serie-p-baja-get-upr-es-un-sistema-de-bipedestacion-electrico-que-se-combina-con-una-silla-de-ruedas.jpg","datePublished":"2020-02-18T07:37:41+00:00","dateModified":"2020-02-18T07:37:44+00:00","breadcrumb":{"@id":"https:\/\/buscoequipomedico.com\/?product=silla-bipedestadora-get-up-serie-p-baja#breadcrumb"},"inLanguage":"es","potentialAction":[{"@type":"ReadAction","target":["https:\/\/buscoequipomedico.com\/?product=silla-bipedestadora-get-up-serie-p-baja"]}]},{"@type":"ImageObject","inLanguage":"es","@id":"https:\/\/buscoequipomedico.com\/?product=silla-bipedestadora-get-up-serie-p-baja#primaryimage","url":"https:\/\/buscoequipomedico.com\/wp-content\/uploads\/2020\/02\/silla-bipedestadora-get-up-serie-p-baja-get-upr-es-un-sistema-de-bipedestacion-electrico-que-se-combina-con-una-silla-de-ruedas.jpg","contentUrl":"https:\/\/buscoequipomedico.com\/wp-content\/uploads\/2020\/02\/silla-bipedestadora-get-up-serie-p-baja-get-upr-es-un-sistema-de-bipedestacion-electrico-que-se-combina-con-una-silla-de-ruedas.jpg","width":800,"height":800},{"@type":"BreadcrumbList","@id":"https:\/\/buscoequipomedico.com\/?product=silla-bipedestadora-get-up-serie-p-baja#breadcrumb","itemListElement":[{"@type":"ListItem","position":1,"name":"Productos","item":"https:\/\/buscoequipomedico.com\/shop\/"},{"@type":"ListItem","position":2,"name":"SILLA BIPEDESTADORA GET UP (Serie P Baja)"}]},{"@type":"WebSite","@id":"https:\/\/buscoequipomedico.com\/#website","url":"https:\/\/buscoequipomedico.com\/","name":"Tu mejor opci\u00f3n Equipo M\u00e9dico M\u00e9xico","description":"Tienda de equipo m\u00e9dico","publisher":{"@id":"https:\/\/buscoequipomedico.com\/#organization"},"potentialAction":[{"@type":"SearchAction","target":{"@type":"EntryPoint","urlTemplate":"https:\/\/buscoequipomedico.com\/?s={search_term_string}"},"query-input":{"@type":"PropertyValueSpecification","valueRequired":true,"valueName":"search_term_string"}}],"inLanguage":"es"},{"@type":"Organization","@id":"https:\/\/buscoequipomedico.com\/#organization","name":"Tu mejor opci\u00f3n Equipo M\u00e9dico M\u00e9xico","url":"https:\/\/buscoequipomedico.com\/","logo":{"@type":"ImageObject","inLanguage":"es","@id":"https:\/\/buscoequipomedico.com\/#\/schema\/logo\/image\/","url":"https:\/\/buscoequipomedico.com\/wp-content\/uploads\/2021\/07\/EMM-VPrincipal-scaled.jpg","contentUrl":"https:\/\/buscoequipomedico.com\/wp-content\/uploads\/2021\/07\/EMM-VPrincipal-scaled.jpg","width":2560,"height":1058,"caption":"Tu mejor opci\u00f3n Equipo M\u00e9dico M\u00e9xico"},"image":{"@id":"https:\/\/buscoequipomedico.com\/#\/schema\/logo\/image\/"}}]}},"_links":{"self":[{"href":"https:\/\/buscoequipomedico.com\/index.php?rest_route=\/wp\/v2\/product\/13403","targetHints":{"allow":["GET"]}}],"collection":[{"href":"https:\/\/buscoequipomedico.com\/index.php?rest_route=\/wp\/v2\/product"}],"about":[{"href":"https:\/\/buscoequipomedico.com\/index.php?rest_route=\/wp\/v2\/types\/product"}],"wp:featuredmedia":[{"embeddable":true,"href":"https:\/\/buscoequipomedico.com\/index.php?rest_route=\/wp\/v2\/media\/13404"}],"wp:attachment":[{"href":"https:\/\/buscoequipomedico.com\/index.php?rest_route=%2Fwp%2Fv2%2Fmedia&parent=13403"}],"wp:term":[{"taxonomy":"product_brand","embeddable":true,"href":"https:\/\/buscoequipomedico.com\/index.php?rest_route=%2Fwp%2Fv2%2Fproduct_brand&post=13403"},{"taxonomy":"product_cat","embeddable":true,"href":"https:\/\/buscoequipomedico.com\/index.php?rest_route=%2Fwp%2Fv2%2Fproduct_cat&post=13403"},{"taxonomy":"product_tag","embeddable":true,"href":"https:\/\/buscoequipomedico.com\/index.php?rest_route=%2Fwp%2Fv2%2Fproduct_tag&post=13403"}],"curies":[{"name":"wp","href":"https:\/\/api.w.org\/{rel}","templated":true}]}}