{"id":13521,"date":"2020-02-18T07:37:57","date_gmt":"2020-02-18T07:37:57","guid":{"rendered":"https:\/\/equipomedicomexico-com.preview-domain.com\/product\/tocografo-gemelar-bestman\/"},"modified":"2020-02-18T07:38:00","modified_gmt":"2020-02-18T07:38:00","slug":"tocografo-gemelar-bestman","status":"publish","type":"product","link":"https:\/\/buscoequipomedico.com\/?product=tocografo-gemelar-bestman","title":{"rendered":"TOCOGRAFO GEMELAR BESTMAN"},"content":{"rendered":"<ul>\n<li>curva de velocidad de impresi\u00f3n (linea fina o gruesa)\u00a0<\/li>\n<li>Velocidad de impresi\u00f3n configurable\u00a0<\/li>\n<li>Sonda de 9 cristales\u00a0<\/li>\n<li>Modo de trabajo doppler pulsado\u00a0<\/li>\n<li>Frecuencia ultras\u00f3nica de 1.0 MHz + 10%\u00a0<\/li>\n<li>Unidades de procesamiento especiales\u00a0<\/li>\n<li>Rango de frecuencia cardiaca fetal 50-240 bpm\u00a0<\/li>\n<li>Resoluci\u00f3n de la impresi\u00f3n 27 bpm\/cm\u00a0<\/li>\n<li>Fracuencia de salida 5 W\u00a0<\/li>\n<li>Peeriodo de desempe\u00f1o en condiciones est\u00e1ticas 2 hrs.\u00a0<\/li>\n<li>Consumo de energ\u00eda 50 W<\/li>\n<\/ul>\n","protected":false},"excerpt":{"rendered":"<ul>\n<li>Indicaci\u00f3n de alarma para la FCF anormal\u00a0<\/li>\n<li>Memoria y reproducci\u00f3n de datos en 24 hrs. (opcional)\u00a0<\/li>\n<li>Velocidad de inpresi\u00f3n\u00a0<\/li>\n<li>Conexi\u00f3n y trasmici\u00f3n de datos\u00a0<\/li>\n<li>Muestra el US y datos TOCO en tres grupos de la exhibici\u00f3n de LED\u00a0<\/li>\n<li>Se\u00f1al de la FCF para indicaci\u00f3n de calidad\u00a0<\/li>\n<li>Indicaci\u00f3n de de alarma para la FCF anormal\u00a0<\/li>\n<li>Inducaci\u00f3n del movimiento fetal\u00a0<\/li>\n<li>Teclado codificado que ajusta los par\u00e1metros de configuraci\u00f3n de la unidad\u00a0<\/li>\n<li>Memoria y reproducci\u00f3n de datos en 24 hrs.\u00a0<\/li>\n<li>Registro de la FCF\u00a0<\/li>\n<\/ul>\n","protected":false},"featured_media":13522,"template":"","meta":{"_joinchat":[]},"product_brand":[],"product_cat":[330],"product_tag":[],"class_list":{"0":"post-13521","1":"product","2":"type-product","3":"status-publish","4":"has-post-thumbnail","6":"product_cat-tocografos","7":"pa_marca-hgm","9":"first","10":"instock","11":"purchasable","12":"product-type-simple"},"yoast_head":"<!-- This site is optimized with the Yoast SEO plugin v25.1 - https:\/\/yoast.com\/wordpress\/plugins\/seo\/ -->\n<title>TOCOGRAFO GEMELAR BESTMAN - Tu mejor opci\u00f3n Equipo M\u00e9dico M\u00e9xico<\/title>\n<meta name=\"robots\" content=\"index, follow, max-snippet:-1, max-image-preview:large, max-video-preview:-1\" \/>\n<link rel=\"canonical\" href=\"https:\/\/buscoequipomedico.com\/?product=tocografo-gemelar-bestman\" \/>\n<meta property=\"og:locale\" content=\"es_ES\" \/>\n<meta property=\"og:type\" content=\"article\" \/>\n<meta property=\"og:title\" content=\"TOCOGRAFO GEMELAR BESTMAN - Tu mejor opci\u00f3n Equipo M\u00e9dico M\u00e9xico\" \/>\n<meta property=\"og:description\" content=\"Indicaci\u00f3n de alarma para la FCF anormal\u00a0 Memoria y reproducci\u00f3n de datos en 24 hrs. (opcional)\u00a0 Velocidad de inpresi\u00f3n\u00a0 Conexi\u00f3n y trasmici\u00f3n de datos\u00a0 Muestra el US y datos TOCO en tres grupos de la exhibici\u00f3n de LED\u00a0 Se\u00f1al de la FCF para indicaci\u00f3n de calidad\u00a0 Indicaci\u00f3n de de alarma para la FCF anormal\u00a0 Inducaci\u00f3n del movimiento fetal\u00a0 Teclado codificado que ajusta los par\u00e1metros de configuraci\u00f3n de la unidad\u00a0 Memoria y reproducci\u00f3n de datos en 24 hrs.\u00a0 Registro de la FCF\u00a0\" \/>\n<meta property=\"og:url\" content=\"https:\/\/buscoequipomedico.com\/?product=tocografo-gemelar-bestman\" \/>\n<meta property=\"og:site_name\" content=\"Tu mejor opci\u00f3n Equipo M\u00e9dico M\u00e9xico\" \/>\n<meta property=\"article:modified_time\" content=\"2020-02-18T07:38:00+00:00\" \/>\n<meta property=\"og:image\" content=\"https:\/\/buscoequipomedico.com\/wp-content\/uploads\/2020\/02\/tocografo-gemelar-bestman-indicacion-de-alarma-para-la-fcf-anormal-memoria-y-reproduccion-de-datos-en-24-hrs-opcional-velocidad.jpg\" \/>\n\t<meta property=\"og:image:width\" content=\"800\" \/>\n\t<meta property=\"og:image:height\" content=\"800\" \/>\n\t<meta property=\"og:image:type\" content=\"image\/png\" \/>\n<meta name=\"twitter:card\" content=\"summary_large_image\" \/>\n<script type=\"application\/ld+json\" class=\"yoast-schema-graph\">{\"@context\":\"https:\/\/schema.org\",\"@graph\":[{\"@type\":\"WebPage\",\"@id\":\"https:\/\/buscoequipomedico.com\/?product=tocografo-gemelar-bestman\",\"url\":\"https:\/\/buscoequipomedico.com\/?product=tocografo-gemelar-bestman\",\"name\":\"TOCOGRAFO GEMELAR BESTMAN - Tu mejor opci\u00f3n Equipo M\u00e9dico M\u00e9xico\",\"isPartOf\":{\"@id\":\"https:\/\/buscoequipomedico.com\/#website\"},\"primaryImageOfPage\":{\"@id\":\"https:\/\/buscoequipomedico.com\/?product=tocografo-gemelar-bestman#primaryimage\"},\"image\":{\"@id\":\"https:\/\/buscoequipomedico.com\/?product=tocografo-gemelar-bestman#primaryimage\"},\"thumbnailUrl\":\"https:\/\/buscoequipomedico.com\/wp-content\/uploads\/2020\/02\/tocografo-gemelar-bestman-indicacion-de-alarma-para-la-fcf-anormal-memoria-y-reproduccion-de-datos-en-24-hrs-opcional-velocidad.jpg\",\"datePublished\":\"2020-02-18T07:37:57+00:00\",\"dateModified\":\"2020-02-18T07:38:00+00:00\",\"breadcrumb\":{\"@id\":\"https:\/\/buscoequipomedico.com\/?product=tocografo-gemelar-bestman#breadcrumb\"},\"inLanguage\":\"es\",\"potentialAction\":[{\"@type\":\"ReadAction\",\"target\":[\"https:\/\/buscoequipomedico.com\/?product=tocografo-gemelar-bestman\"]}]},{\"@type\":\"ImageObject\",\"inLanguage\":\"es\",\"@id\":\"https:\/\/buscoequipomedico.com\/?product=tocografo-gemelar-bestman#primaryimage\",\"url\":\"https:\/\/buscoequipomedico.com\/wp-content\/uploads\/2020\/02\/tocografo-gemelar-bestman-indicacion-de-alarma-para-la-fcf-anormal-memoria-y-reproduccion-de-datos-en-24-hrs-opcional-velocidad.jpg\",\"contentUrl\":\"https:\/\/buscoequipomedico.com\/wp-content\/uploads\/2020\/02\/tocografo-gemelar-bestman-indicacion-de-alarma-para-la-fcf-anormal-memoria-y-reproduccion-de-datos-en-24-hrs-opcional-velocidad.jpg\",\"width\":800,\"height\":800},{\"@type\":\"BreadcrumbList\",\"@id\":\"https:\/\/buscoequipomedico.com\/?product=tocografo-gemelar-bestman#breadcrumb\",\"itemListElement\":[{\"@type\":\"ListItem\",\"position\":1,\"name\":\"Productos\",\"item\":\"https:\/\/buscoequipomedico.com\/shop\/\"},{\"@type\":\"ListItem\",\"position\":2,\"name\":\"TOCOGRAFO GEMELAR BESTMAN\"}]},{\"@type\":\"WebSite\",\"@id\":\"https:\/\/buscoequipomedico.com\/#website\",\"url\":\"https:\/\/buscoequipomedico.com\/\",\"name\":\"Tu mejor opci\u00f3n Equipo M\u00e9dico M\u00e9xico\",\"description\":\"Tienda de equipo m\u00e9dico\",\"publisher\":{\"@id\":\"https:\/\/buscoequipomedico.com\/#organization\"},\"potentialAction\":[{\"@type\":\"SearchAction\",\"target\":{\"@type\":\"EntryPoint\",\"urlTemplate\":\"https:\/\/buscoequipomedico.com\/?s={search_term_string}\"},\"query-input\":{\"@type\":\"PropertyValueSpecification\",\"valueRequired\":true,\"valueName\":\"search_term_string\"}}],\"inLanguage\":\"es\"},{\"@type\":\"Organization\",\"@id\":\"https:\/\/buscoequipomedico.com\/#organization\",\"name\":\"Tu mejor opci\u00f3n Equipo M\u00e9dico M\u00e9xico\",\"url\":\"https:\/\/buscoequipomedico.com\/\",\"logo\":{\"@type\":\"ImageObject\",\"inLanguage\":\"es\",\"@id\":\"https:\/\/buscoequipomedico.com\/#\/schema\/logo\/image\/\",\"url\":\"https:\/\/buscoequipomedico.com\/wp-content\/uploads\/2021\/07\/EMM-VPrincipal-scaled.jpg\",\"contentUrl\":\"https:\/\/buscoequipomedico.com\/wp-content\/uploads\/2021\/07\/EMM-VPrincipal-scaled.jpg\",\"width\":2560,\"height\":1058,\"caption\":\"Tu mejor opci\u00f3n Equipo M\u00e9dico M\u00e9xico\"},\"image\":{\"@id\":\"https:\/\/buscoequipomedico.com\/#\/schema\/logo\/image\/\"}}]}<\/script>\n<!-- \/ Yoast SEO plugin. -->","yoast_head_json":{"title":"TOCOGRAFO GEMELAR BESTMAN - Tu mejor opci\u00f3n Equipo M\u00e9dico M\u00e9xico","robots":{"index":"index","follow":"follow","max-snippet":"max-snippet:-1","max-image-preview":"max-image-preview:large","max-video-preview":"max-video-preview:-1"},"canonical":"https:\/\/buscoequipomedico.com\/?product=tocografo-gemelar-bestman","og_locale":"es_ES","og_type":"article","og_title":"TOCOGRAFO GEMELAR BESTMAN - Tu mejor opci\u00f3n Equipo M\u00e9dico M\u00e9xico","og_description":"Indicaci\u00f3n de alarma para la FCF anormal\u00a0 Memoria y reproducci\u00f3n de datos en 24 hrs. (opcional)\u00a0 Velocidad de inpresi\u00f3n\u00a0 Conexi\u00f3n y trasmici\u00f3n de datos\u00a0 Muestra el US y datos TOCO en tres grupos de la exhibici\u00f3n de LED\u00a0 Se\u00f1al de la FCF para indicaci\u00f3n de calidad\u00a0 Indicaci\u00f3n de de alarma para la FCF anormal\u00a0 Inducaci\u00f3n del movimiento fetal\u00a0 Teclado codificado que ajusta los par\u00e1metros de configuraci\u00f3n de la unidad\u00a0 Memoria y reproducci\u00f3n de datos en 24 hrs.\u00a0 Registro de la FCF\u00a0","og_url":"https:\/\/buscoequipomedico.com\/?product=tocografo-gemelar-bestman","og_site_name":"Tu mejor opci\u00f3n Equipo M\u00e9dico M\u00e9xico","article_modified_time":"2020-02-18T07:38:00+00:00","og_image":[{"width":800,"height":800,"url":"https:\/\/buscoequipomedico.com\/wp-content\/uploads\/2020\/02\/tocografo-gemelar-bestman-indicacion-de-alarma-para-la-fcf-anormal-memoria-y-reproduccion-de-datos-en-24-hrs-opcional-velocidad.jpg","type":"image\/png"}],"twitter_card":"summary_large_image","schema":{"@context":"https:\/\/schema.org","@graph":[{"@type":"WebPage","@id":"https:\/\/buscoequipomedico.com\/?product=tocografo-gemelar-bestman","url":"https:\/\/buscoequipomedico.com\/?product=tocografo-gemelar-bestman","name":"TOCOGRAFO GEMELAR BESTMAN - Tu mejor opci\u00f3n Equipo M\u00e9dico M\u00e9xico","isPartOf":{"@id":"https:\/\/buscoequipomedico.com\/#website"},"primaryImageOfPage":{"@id":"https:\/\/buscoequipomedico.com\/?product=tocografo-gemelar-bestman#primaryimage"},"image":{"@id":"https:\/\/buscoequipomedico.com\/?product=tocografo-gemelar-bestman#primaryimage"},"thumbnailUrl":"https:\/\/buscoequipomedico.com\/wp-content\/uploads\/2020\/02\/tocografo-gemelar-bestman-indicacion-de-alarma-para-la-fcf-anormal-memoria-y-reproduccion-de-datos-en-24-hrs-opcional-velocidad.jpg","datePublished":"2020-02-18T07:37:57+00:00","dateModified":"2020-02-18T07:38:00+00:00","breadcrumb":{"@id":"https:\/\/buscoequipomedico.com\/?product=tocografo-gemelar-bestman#breadcrumb"},"inLanguage":"es","potentialAction":[{"@type":"ReadAction","target":["https:\/\/buscoequipomedico.com\/?product=tocografo-gemelar-bestman"]}]},{"@type":"ImageObject","inLanguage":"es","@id":"https:\/\/buscoequipomedico.com\/?product=tocografo-gemelar-bestman#primaryimage","url":"https:\/\/buscoequipomedico.com\/wp-content\/uploads\/2020\/02\/tocografo-gemelar-bestman-indicacion-de-alarma-para-la-fcf-anormal-memoria-y-reproduccion-de-datos-en-24-hrs-opcional-velocidad.jpg","contentUrl":"https:\/\/buscoequipomedico.com\/wp-content\/uploads\/2020\/02\/tocografo-gemelar-bestman-indicacion-de-alarma-para-la-fcf-anormal-memoria-y-reproduccion-de-datos-en-24-hrs-opcional-velocidad.jpg","width":800,"height":800},{"@type":"BreadcrumbList","@id":"https:\/\/buscoequipomedico.com\/?product=tocografo-gemelar-bestman#breadcrumb","itemListElement":[{"@type":"ListItem","position":1,"name":"Productos","item":"https:\/\/buscoequipomedico.com\/shop\/"},{"@type":"ListItem","position":2,"name":"TOCOGRAFO GEMELAR BESTMAN"}]},{"@type":"WebSite","@id":"https:\/\/buscoequipomedico.com\/#website","url":"https:\/\/buscoequipomedico.com\/","name":"Tu mejor opci\u00f3n Equipo M\u00e9dico M\u00e9xico","description":"Tienda de equipo m\u00e9dico","publisher":{"@id":"https:\/\/buscoequipomedico.com\/#organization"},"potentialAction":[{"@type":"SearchAction","target":{"@type":"EntryPoint","urlTemplate":"https:\/\/buscoequipomedico.com\/?s={search_term_string}"},"query-input":{"@type":"PropertyValueSpecification","valueRequired":true,"valueName":"search_term_string"}}],"inLanguage":"es"},{"@type":"Organization","@id":"https:\/\/buscoequipomedico.com\/#organization","name":"Tu mejor opci\u00f3n Equipo M\u00e9dico M\u00e9xico","url":"https:\/\/buscoequipomedico.com\/","logo":{"@type":"ImageObject","inLanguage":"es","@id":"https:\/\/buscoequipomedico.com\/#\/schema\/logo\/image\/","url":"https:\/\/buscoequipomedico.com\/wp-content\/uploads\/2021\/07\/EMM-VPrincipal-scaled.jpg","contentUrl":"https:\/\/buscoequipomedico.com\/wp-content\/uploads\/2021\/07\/EMM-VPrincipal-scaled.jpg","width":2560,"height":1058,"caption":"Tu mejor opci\u00f3n Equipo M\u00e9dico M\u00e9xico"},"image":{"@id":"https:\/\/buscoequipomedico.com\/#\/schema\/logo\/image\/"}}]}},"_links":{"self":[{"href":"https:\/\/buscoequipomedico.com\/index.php?rest_route=\/wp\/v2\/product\/13521","targetHints":{"allow":["GET"]}}],"collection":[{"href":"https:\/\/buscoequipomedico.com\/index.php?rest_route=\/wp\/v2\/product"}],"about":[{"href":"https:\/\/buscoequipomedico.com\/index.php?rest_route=\/wp\/v2\/types\/product"}],"wp:featuredmedia":[{"embeddable":true,"href":"https:\/\/buscoequipomedico.com\/index.php?rest_route=\/wp\/v2\/media\/13522"}],"wp:attachment":[{"href":"https:\/\/buscoequipomedico.com\/index.php?rest_route=%2Fwp%2Fv2%2Fmedia&parent=13521"}],"wp:term":[{"taxonomy":"product_brand","embeddable":true,"href":"https:\/\/buscoequipomedico.com\/index.php?rest_route=%2Fwp%2Fv2%2Fproduct_brand&post=13521"},{"taxonomy":"product_cat","embeddable":true,"href":"https:\/\/buscoequipomedico.com\/index.php?rest_route=%2Fwp%2Fv2%2Fproduct_cat&post=13521"},{"taxonomy":"product_tag","embeddable":true,"href":"https:\/\/buscoequipomedico.com\/index.php?rest_route=%2Fwp%2Fv2%2Fproduct_tag&post=13521"}],"curies":[{"name":"wp","href":"https:\/\/api.w.org\/{rel}","templated":true}]}}