{"id":13589,"date":"2020-02-18T07:38:07","date_gmt":"2020-02-18T07:38:07","guid":{"rendered":"https:\/\/equipomedicomexico-com.preview-domain.com\/product\/ultrasonido-y-electroterapia-dynatronics-solaris-plus-3-canales\/"},"modified":"2021-02-17T00:04:15","modified_gmt":"2021-02-17T00:04:15","slug":"ultrasonido-y-electroterapia-dynatronics-solaris-plus-3-canales","status":"publish","type":"product","link":"https:\/\/buscoequipomedico.com\/?product=ultrasonido-y-electroterapia-dynatronics-solaris-plus-3-canales","title":{"rendered":"ULTRASONIDO Y ELECTROTERAPIA DYNATRONICS SOLARIS PLUS 3 CANALES"},"content":{"rendered":"<h2>NOVEDADES \u00daNICAS EN EL MERCADO \/ TARGET AND TARGET SWEEP:<\/h2>\n<ul>\n<li>Capacidad de seleccionar el punto exacto a tratar de una manera muy f\u00e1cil e intuitiva<\/li>\n<li>Tratamientos m\u00e1s efectivos<\/li>\n<li>Mayor comodidad para los pacientes<\/li>\n<\/ul>\n<h2>POSIBILIDAD DE COMBO:<\/h2>\n<ul>\n<li>Ultrasonido-Electroterapia<\/li>\n<li>Termoterapia-Electroterapia<\/li>\n<\/ul>\n<h2>ACCESORIOS QUE INCLUYE:<\/h2>\n<ul>\n<li>Cable de alimentaci\u00f3n (negro)<\/li>\n<li>Manual de operaci\u00f3n<\/li>\n<li>Manual de Referencia para Electroterapia y Ultrasonido<\/li>\n<li>4 Electrodos autoadhesivos (Ultra PolysTM) 5.08cm x 10.16cm con conector de clavija<\/li>\n<li>2 Cintas 6.35cm x 121.92cm<\/li>\n<li>Electrodo dispersivo para Alto-Voltaje 12.7cm x 20.32cm<\/li>\n<li>Tejido esponjoso para usar con electrodos dispersivos de 12.7cm x 20.3cm<\/li>\n<li>1 Cable de plomo envuelto 2.43 m (rojo)<\/li>\n<li>1Cable de plomo envuelto 2.43 m (negro)\/li&gt;<\/li>\n<li>Gel ultrasonido DynaGel 100ml.<\/li>\n<li>1 Cable de conexi\u00f3n combinado<\/li>\n<li>Cabezal para ultrasonido 5 cm<\/li>\n<\/ul>\n<h2>TERAPIA DE LUZ-TRI-WAVE LIGHT:<\/h2>\n<ul>\n<li>Luz Roja<\/li>\n<li>Luz Azul<\/li>\n<li>Luz Infrarroja<\/li>\n<\/ul>\n<h2>3 FRECUENCIAS DE ULTRASONIDO:<\/h2>\n<ul>\n<li>1 MHz<\/li>\n<li>2 MHz<\/li>\n<li>3 MHz<\/li>\n<\/ul>\n<h2>TERMOTERAPIA-THERMOSTIM:<\/h2>\n<ul>\n<li>Frio<\/li>\n<li>Calor<\/li>\n<li>Electroterapia<\/li>\n<\/ul>\n<h2>ACCESORIOS OPCIONALES::<\/h2>\n<ul>\n<li>Thermostim<\/li>\n<li>Mango Tri-Wave Light<\/li>\n<li>Pads Tri-Wave Light<\/li>\n<li>Carro porta equipo Solaris Plus<\/li>\n<\/ul>\n","protected":false},"excerpt":{"rendered":"<p>EQUIPO MULTIFUNCIONAL HASTA 8 TRATAMIENTOS SEPARADOS EN EL MISMO EQUIPO:\/h2><\/p>\n<\/p>\n<ul>\n<li>Interferencia<\/li>\n<li>Pre Modulado<\/li>\n<li>Bif\u00e1sica<\/li>\n<li>Alto Voltaje<\/li>\n<li>Corriente Rusa<\/li>\n<li>Micro Corriente<\/li>\n<\/ul>\n","protected":false},"featured_media":13590,"template":"","meta":{"_joinchat":[]},"product_brand":[],"product_cat":[333],"product_tag":[],"class_list":{"0":"post-13589","1":"product","2":"type-product","3":"status-publish","4":"has-post-thumbnail","6":"product_cat-ultrasonidos","7":"pa_marca-dynatronics","9":"first","10":"instock","11":"purchasable","12":"product-type-simple"},"yoast_head":"<!-- This site is optimized with the Yoast SEO plugin v25.1 - https:\/\/yoast.com\/wordpress\/plugins\/seo\/ -->\n<title>ULTRASONIDO Y ELECTROTERAPIA DYNATRONICS SOLARIS PLUS 3 CANALES - Tu mejor opci\u00f3n Equipo M\u00e9dico M\u00e9xico<\/title>\n<meta name=\"robots\" content=\"index, follow, max-snippet:-1, max-image-preview:large, max-video-preview:-1\" \/>\n<link rel=\"canonical\" href=\"https:\/\/buscoequipomedico.com\/?product=ultrasonido-y-electroterapia-dynatronics-solaris-plus-3-canales\" \/>\n<meta property=\"og:locale\" content=\"es_ES\" \/>\n<meta property=\"og:type\" content=\"article\" \/>\n<meta property=\"og:title\" content=\"ULTRASONIDO Y ELECTROTERAPIA DYNATRONICS SOLARIS PLUS 3 CANALES - Tu mejor opci\u00f3n Equipo M\u00e9dico M\u00e9xico\" \/>\n<meta property=\"og:description\" content=\"EQUIPO MULTIFUNCIONAL HASTA 8 TRATAMIENTOS SEPARADOS EN EL MISMO EQUIPO:\/h2&gt;  Interferencia Pre Modulado Bif\u00e1sica Alto Voltaje Corriente Rusa Micro Corriente\" \/>\n<meta property=\"og:url\" content=\"https:\/\/buscoequipomedico.com\/?product=ultrasonido-y-electroterapia-dynatronics-solaris-plus-3-canales\" \/>\n<meta property=\"og:site_name\" content=\"Tu mejor opci\u00f3n Equipo M\u00e9dico M\u00e9xico\" \/>\n<meta property=\"article:modified_time\" content=\"2021-02-17T00:04:15+00:00\" \/>\n<meta property=\"og:image\" content=\"https:\/\/buscoequipomedico.com\/wp-content\/uploads\/2020\/02\/ultrasonido-y-electroterapia-dynatronics-solaris-plus-3-canales-equipo-multifuncional-hasta-8-tratamientos-separados-en-el-mismo.jpg\" \/>\n\t<meta property=\"og:image:width\" content=\"800\" \/>\n\t<meta property=\"og:image:height\" content=\"800\" \/>\n\t<meta property=\"og:image:type\" content=\"image\/png\" \/>\n<meta name=\"twitter:card\" content=\"summary_large_image\" \/>\n<meta name=\"twitter:label1\" content=\"Tiempo de lectura\" \/>\n\t<meta name=\"twitter:data1\" content=\"1 minuto\" \/>\n<script type=\"application\/ld+json\" class=\"yoast-schema-graph\">{\"@context\":\"https:\/\/schema.org\",\"@graph\":[{\"@type\":\"WebPage\",\"@id\":\"https:\/\/buscoequipomedico.com\/?product=ultrasonido-y-electroterapia-dynatronics-solaris-plus-3-canales\",\"url\":\"https:\/\/buscoequipomedico.com\/?product=ultrasonido-y-electroterapia-dynatronics-solaris-plus-3-canales\",\"name\":\"ULTRASONIDO Y ELECTROTERAPIA DYNATRONICS SOLARIS PLUS 3 CANALES - Tu mejor opci\u00f3n Equipo M\u00e9dico M\u00e9xico\",\"isPartOf\":{\"@id\":\"https:\/\/buscoequipomedico.com\/#website\"},\"primaryImageOfPage\":{\"@id\":\"https:\/\/buscoequipomedico.com\/?product=ultrasonido-y-electroterapia-dynatronics-solaris-plus-3-canales#primaryimage\"},\"image\":{\"@id\":\"https:\/\/buscoequipomedico.com\/?product=ultrasonido-y-electroterapia-dynatronics-solaris-plus-3-canales#primaryimage\"},\"thumbnailUrl\":\"https:\/\/buscoequipomedico.com\/wp-content\/uploads\/2020\/02\/ultrasonido-y-electroterapia-dynatronics-solaris-plus-3-canales-equipo-multifuncional-hasta-8-tratamientos-separados-en-el-mismo.jpg\",\"datePublished\":\"2020-02-18T07:38:07+00:00\",\"dateModified\":\"2021-02-17T00:04:15+00:00\",\"breadcrumb\":{\"@id\":\"https:\/\/buscoequipomedico.com\/?product=ultrasonido-y-electroterapia-dynatronics-solaris-plus-3-canales#breadcrumb\"},\"inLanguage\":\"es\",\"potentialAction\":[{\"@type\":\"ReadAction\",\"target\":[\"https:\/\/buscoequipomedico.com\/?product=ultrasonido-y-electroterapia-dynatronics-solaris-plus-3-canales\"]}]},{\"@type\":\"ImageObject\",\"inLanguage\":\"es\",\"@id\":\"https:\/\/buscoequipomedico.com\/?product=ultrasonido-y-electroterapia-dynatronics-solaris-plus-3-canales#primaryimage\",\"url\":\"https:\/\/buscoequipomedico.com\/wp-content\/uploads\/2020\/02\/ultrasonido-y-electroterapia-dynatronics-solaris-plus-3-canales-equipo-multifuncional-hasta-8-tratamientos-separados-en-el-mismo.jpg\",\"contentUrl\":\"https:\/\/buscoequipomedico.com\/wp-content\/uploads\/2020\/02\/ultrasonido-y-electroterapia-dynatronics-solaris-plus-3-canales-equipo-multifuncional-hasta-8-tratamientos-separados-en-el-mismo.jpg\",\"width\":800,\"height\":800},{\"@type\":\"BreadcrumbList\",\"@id\":\"https:\/\/buscoequipomedico.com\/?product=ultrasonido-y-electroterapia-dynatronics-solaris-plus-3-canales#breadcrumb\",\"itemListElement\":[{\"@type\":\"ListItem\",\"position\":1,\"name\":\"Productos\",\"item\":\"https:\/\/buscoequipomedico.com\/shop\/\"},{\"@type\":\"ListItem\",\"position\":2,\"name\":\"ULTRASONIDO Y ELECTROTERAPIA DYNATRONICS SOLARIS PLUS 3 CANALES\"}]},{\"@type\":\"WebSite\",\"@id\":\"https:\/\/buscoequipomedico.com\/#website\",\"url\":\"https:\/\/buscoequipomedico.com\/\",\"name\":\"Tu mejor opci\u00f3n Equipo M\u00e9dico M\u00e9xico\",\"description\":\"Tienda de equipo m\u00e9dico\",\"publisher\":{\"@id\":\"https:\/\/buscoequipomedico.com\/#organization\"},\"potentialAction\":[{\"@type\":\"SearchAction\",\"target\":{\"@type\":\"EntryPoint\",\"urlTemplate\":\"https:\/\/buscoequipomedico.com\/?s={search_term_string}\"},\"query-input\":{\"@type\":\"PropertyValueSpecification\",\"valueRequired\":true,\"valueName\":\"search_term_string\"}}],\"inLanguage\":\"es\"},{\"@type\":\"Organization\",\"@id\":\"https:\/\/buscoequipomedico.com\/#organization\",\"name\":\"Tu mejor opci\u00f3n Equipo M\u00e9dico M\u00e9xico\",\"url\":\"https:\/\/buscoequipomedico.com\/\",\"logo\":{\"@type\":\"ImageObject\",\"inLanguage\":\"es\",\"@id\":\"https:\/\/buscoequipomedico.com\/#\/schema\/logo\/image\/\",\"url\":\"https:\/\/buscoequipomedico.com\/wp-content\/uploads\/2021\/07\/EMM-VPrincipal-scaled.jpg\",\"contentUrl\":\"https:\/\/buscoequipomedico.com\/wp-content\/uploads\/2021\/07\/EMM-VPrincipal-scaled.jpg\",\"width\":2560,\"height\":1058,\"caption\":\"Tu mejor opci\u00f3n Equipo M\u00e9dico M\u00e9xico\"},\"image\":{\"@id\":\"https:\/\/buscoequipomedico.com\/#\/schema\/logo\/image\/\"}}]}<\/script>\n<!-- \/ Yoast SEO plugin. -->","yoast_head_json":{"title":"ULTRASONIDO Y ELECTROTERAPIA DYNATRONICS SOLARIS PLUS 3 CANALES - Tu mejor opci\u00f3n Equipo M\u00e9dico M\u00e9xico","robots":{"index":"index","follow":"follow","max-snippet":"max-snippet:-1","max-image-preview":"max-image-preview:large","max-video-preview":"max-video-preview:-1"},"canonical":"https:\/\/buscoequipomedico.com\/?product=ultrasonido-y-electroterapia-dynatronics-solaris-plus-3-canales","og_locale":"es_ES","og_type":"article","og_title":"ULTRASONIDO Y ELECTROTERAPIA DYNATRONICS SOLARIS PLUS 3 CANALES - Tu mejor opci\u00f3n Equipo M\u00e9dico M\u00e9xico","og_description":"EQUIPO MULTIFUNCIONAL HASTA 8 TRATAMIENTOS SEPARADOS EN EL MISMO EQUIPO:\/h2>  Interferencia Pre Modulado Bif\u00e1sica Alto Voltaje Corriente Rusa Micro Corriente","og_url":"https:\/\/buscoequipomedico.com\/?product=ultrasonido-y-electroterapia-dynatronics-solaris-plus-3-canales","og_site_name":"Tu mejor opci\u00f3n Equipo M\u00e9dico M\u00e9xico","article_modified_time":"2021-02-17T00:04:15+00:00","og_image":[{"width":800,"height":800,"url":"https:\/\/buscoequipomedico.com\/wp-content\/uploads\/2020\/02\/ultrasonido-y-electroterapia-dynatronics-solaris-plus-3-canales-equipo-multifuncional-hasta-8-tratamientos-separados-en-el-mismo.jpg","type":"image\/png"}],"twitter_card":"summary_large_image","twitter_misc":{"Tiempo de lectura":"1 minuto"},"schema":{"@context":"https:\/\/schema.org","@graph":[{"@type":"WebPage","@id":"https:\/\/buscoequipomedico.com\/?product=ultrasonido-y-electroterapia-dynatronics-solaris-plus-3-canales","url":"https:\/\/buscoequipomedico.com\/?product=ultrasonido-y-electroterapia-dynatronics-solaris-plus-3-canales","name":"ULTRASONIDO Y ELECTROTERAPIA DYNATRONICS SOLARIS PLUS 3 CANALES - Tu mejor opci\u00f3n Equipo M\u00e9dico M\u00e9xico","isPartOf":{"@id":"https:\/\/buscoequipomedico.com\/#website"},"primaryImageOfPage":{"@id":"https:\/\/buscoequipomedico.com\/?product=ultrasonido-y-electroterapia-dynatronics-solaris-plus-3-canales#primaryimage"},"image":{"@id":"https:\/\/buscoequipomedico.com\/?product=ultrasonido-y-electroterapia-dynatronics-solaris-plus-3-canales#primaryimage"},"thumbnailUrl":"https:\/\/buscoequipomedico.com\/wp-content\/uploads\/2020\/02\/ultrasonido-y-electroterapia-dynatronics-solaris-plus-3-canales-equipo-multifuncional-hasta-8-tratamientos-separados-en-el-mismo.jpg","datePublished":"2020-02-18T07:38:07+00:00","dateModified":"2021-02-17T00:04:15+00:00","breadcrumb":{"@id":"https:\/\/buscoequipomedico.com\/?product=ultrasonido-y-electroterapia-dynatronics-solaris-plus-3-canales#breadcrumb"},"inLanguage":"es","potentialAction":[{"@type":"ReadAction","target":["https:\/\/buscoequipomedico.com\/?product=ultrasonido-y-electroterapia-dynatronics-solaris-plus-3-canales"]}]},{"@type":"ImageObject","inLanguage":"es","@id":"https:\/\/buscoequipomedico.com\/?product=ultrasonido-y-electroterapia-dynatronics-solaris-plus-3-canales#primaryimage","url":"https:\/\/buscoequipomedico.com\/wp-content\/uploads\/2020\/02\/ultrasonido-y-electroterapia-dynatronics-solaris-plus-3-canales-equipo-multifuncional-hasta-8-tratamientos-separados-en-el-mismo.jpg","contentUrl":"https:\/\/buscoequipomedico.com\/wp-content\/uploads\/2020\/02\/ultrasonido-y-electroterapia-dynatronics-solaris-plus-3-canales-equipo-multifuncional-hasta-8-tratamientos-separados-en-el-mismo.jpg","width":800,"height":800},{"@type":"BreadcrumbList","@id":"https:\/\/buscoequipomedico.com\/?product=ultrasonido-y-electroterapia-dynatronics-solaris-plus-3-canales#breadcrumb","itemListElement":[{"@type":"ListItem","position":1,"name":"Productos","item":"https:\/\/buscoequipomedico.com\/shop\/"},{"@type":"ListItem","position":2,"name":"ULTRASONIDO Y ELECTROTERAPIA DYNATRONICS SOLARIS PLUS 3 CANALES"}]},{"@type":"WebSite","@id":"https:\/\/buscoequipomedico.com\/#website","url":"https:\/\/buscoequipomedico.com\/","name":"Tu mejor opci\u00f3n Equipo M\u00e9dico M\u00e9xico","description":"Tienda de equipo m\u00e9dico","publisher":{"@id":"https:\/\/buscoequipomedico.com\/#organization"},"potentialAction":[{"@type":"SearchAction","target":{"@type":"EntryPoint","urlTemplate":"https:\/\/buscoequipomedico.com\/?s={search_term_string}"},"query-input":{"@type":"PropertyValueSpecification","valueRequired":true,"valueName":"search_term_string"}}],"inLanguage":"es"},{"@type":"Organization","@id":"https:\/\/buscoequipomedico.com\/#organization","name":"Tu mejor opci\u00f3n Equipo M\u00e9dico M\u00e9xico","url":"https:\/\/buscoequipomedico.com\/","logo":{"@type":"ImageObject","inLanguage":"es","@id":"https:\/\/buscoequipomedico.com\/#\/schema\/logo\/image\/","url":"https:\/\/buscoequipomedico.com\/wp-content\/uploads\/2021\/07\/EMM-VPrincipal-scaled.jpg","contentUrl":"https:\/\/buscoequipomedico.com\/wp-content\/uploads\/2021\/07\/EMM-VPrincipal-scaled.jpg","width":2560,"height":1058,"caption":"Tu mejor opci\u00f3n Equipo M\u00e9dico M\u00e9xico"},"image":{"@id":"https:\/\/buscoequipomedico.com\/#\/schema\/logo\/image\/"}}]}},"_links":{"self":[{"href":"https:\/\/buscoequipomedico.com\/index.php?rest_route=\/wp\/v2\/product\/13589","targetHints":{"allow":["GET"]}}],"collection":[{"href":"https:\/\/buscoequipomedico.com\/index.php?rest_route=\/wp\/v2\/product"}],"about":[{"href":"https:\/\/buscoequipomedico.com\/index.php?rest_route=\/wp\/v2\/types\/product"}],"wp:featuredmedia":[{"embeddable":true,"href":"https:\/\/buscoequipomedico.com\/index.php?rest_route=\/wp\/v2\/media\/13590"}],"wp:attachment":[{"href":"https:\/\/buscoequipomedico.com\/index.php?rest_route=%2Fwp%2Fv2%2Fmedia&parent=13589"}],"wp:term":[{"taxonomy":"product_brand","embeddable":true,"href":"https:\/\/buscoequipomedico.com\/index.php?rest_route=%2Fwp%2Fv2%2Fproduct_brand&post=13589"},{"taxonomy":"product_cat","embeddable":true,"href":"https:\/\/buscoequipomedico.com\/index.php?rest_route=%2Fwp%2Fv2%2Fproduct_cat&post=13589"},{"taxonomy":"product_tag","embeddable":true,"href":"https:\/\/buscoequipomedico.com\/index.php?rest_route=%2Fwp%2Fv2%2Fproduct_tag&post=13589"}],"curies":[{"name":"wp","href":"https:\/\/api.w.org\/{rel}","templated":true}]}}