{"id":13796,"date":"2021-01-22T03:22:21","date_gmt":"2021-01-22T03:22:21","guid":{"rendered":"https:\/\/equipomedicomexico-com.preview-domain.com\/?post_type=product&#038;p=13796"},"modified":"2021-01-27T00:54:17","modified_gmt":"2021-01-27T00:54:17","slug":"concentrador-de-oxigeno-de-10-litros-ultraoc-8-grado-medico","status":"publish","type":"product","link":"https:\/\/buscoequipomedico.com\/?product=concentrador-de-oxigeno-de-10-litros-ultraoc-8-grado-medico","title":{"rendered":"Concentrador de Ox\u00edgeno de 10 litros  Grado M\u00e9dico"},"content":{"rendered":"<p>Concentrador de Ox\u00edgeno de 10 litros Ultraoc 8<\/p>\n<p>El ULTRAOC 8 fue desarrollado para<br \/>\nsuministrar ox\u00edgeno de alta pureza para uso<br \/>\nindividual sin la necesidad de usar el cilindro<br \/>\no botella de ox\u00edgeno tradicional, lo que<br \/>\npermite una independencia total en t\u00e9rminos<br \/>\nde fuente de suministro.<\/p>\n<p>El ULTRAOC 8 filtran el aire circundante, lo<br \/>\ncomprimen a la densidad requerida y luego<br \/>\nsuministran ox\u00edgeno purificado para uso<br \/>\nm\u00e9dico con un flujo continuo de ox\u00edgeno al<br \/>\npaciente.<\/p>\n<p>El ULTRAOC 8 viene equipado con un prefiltro de alta eficiencia<br \/>\npara una f\u00e1cil desmotaje por el usuario para su limpieza, desinfecci\u00f3n<br \/>\no cambio. Tiene tambi\u00e9n un filtro HEPA que garantiza una alta<br \/>\ncalidad del aire en la entrada del sistema de separaci\u00f3n de gases.<br \/>\nEl medio adsorbente de alta calidad permite la filtraci\u00f3n de aire y la<br \/>\neliminaci\u00f3n de nitr\u00f3geno, garantizando el suministro de ox\u00edgeno<br \/>\ncompletamente purificado al paciente con una concentraci\u00f3n entre<br \/>\n93 y 95%.<\/p>\n<p>El ULTRAOC 8 est\u00e1n equipados con una interfaz digital (pantalla<br \/>\nLCD con botones para configurar el equipo) muy intuitiva con<br \/>\ninformaci\u00f3n vocal y ajuste manual del flujo de ox\u00edgeno a trav\u00e9s de<br \/>\nun fluj\u00f3metro medido en LPM (litros por minuto &#8211; ox\u00edgeno). La<br \/>\ninhalaci\u00f3n de ox\u00edgeno se realiza a trav\u00e9s de la c\u00e1nula o la m\u00e1scara<br \/>\nespecial.<\/p>\n<p>El ULTRAOC 8 tambi\u00e9n permite su uso para nebulizaciones, ya que<br \/>\nest\u00e1 equipado de serie con un vaso nebulizador.<br \/>\nLa terapia de ox\u00edgeno debe ser prescrita y monitoreada por el m\u00e9dico.<\/p>\n<p>Especificaciones T\u00e9cnicas<\/p>\n<p>Modelo ULTRAOC 8<\/p>\n<p>Pureza Ox\u00edgeno:\u00a0 93%\u00b13%<\/p>\n<p>Presi\u00f3n de Salida: 40kPa~80kPa<\/p>\n<p>Dimensiones: 344\u00d7306\u00d7565(mm)<\/p>\n<p>Caudal: 0-10L\/min<\/p>\n<p>Voltaje: 110v \u00b1 15V,60Hz \u00b1 1Hz<\/p>\n<p>Consumo el\u00e9trico: 610W<\/p>\n<p>N\u00edvel de Ru\u00eddo: 50dB (A)<\/p>\n<p>Peso: 20kg<\/p>\n<p>Accesorios incluidos<br \/>\n1 x Cable de alimentaci\u00f3n<br \/>\n1 x Humidificador<br \/>\n1 x Pr\u00e9-filtro de reserva<br \/>\n1 x Filtro Hepa<br \/>\n2 x C\u00e1nulas Nasal<br \/>\n1 x Manual de Uso<br \/>\n1 x Tarjeta de Garant\u00eda (2 a\u00f1os)<\/p>\n<p>Material absorbente de fabricaci\u00f3n europea;<br \/>\nOx\u00edgeno de elevada pureza 93% \u00b1 3%;<br \/>\nCiclo de vida superior a 18000 horas;<br \/>\n2 a\u00f1os de garant\u00eda.<\/p>\n<p>Alarmas y par\u00e1metros:<br \/>\nConcentraci\u00f3n de Oxigeno<br \/>\nLuz Verde &#8211; buenas condiciones,<br \/>\nCONCGNI\u00cd\u00bbCI\u00d3N OG oxio\u00fanio c\u00ae2%<br \/>\nLuz Amarela &#8211; concentraci\u00f3n de oxig\u00e9nio<br \/>\nGNI\u00cdG 6\u00a5%-\u00ae2%<br \/>\nLuz Vermelha &#8211; concentraci\u00f3n de oxig\u00e9nio,<br \/>\no\u00bbj\u00bb CONCGNI\u00cd\u00bbC\u00cdON &lt;6\u00a5%<br \/>\nIndicador de oclusi\u00f3n (sin flujo)<br \/>\nFalla de energia el\u00e9ctrica<\/p>\n<p>&nbsp;<\/p>\n","protected":false},"excerpt":{"rendered":"<p>Concentrador de Ox\u00edgeno de 10 litros<\/p>\n<p>El ULTRAOC 8 fue desarrollado para<br \/>\nsuministrar ox\u00edgeno de alta pureza para uso<br \/>\nindividual sin la necesidad de usar el cilindro<br \/>\no botella de ox\u00edgeno tradicional, lo que<br \/>\npermite una independencia total en t\u00e9rminos<br \/>\nde fuente de suministro.<\/p>\n<p>&nbsp;<\/p>\n","protected":false},"featured_media":13800,"template":"","meta":{"_joinchat":[]},"product_brand":[],"product_cat":[213],"product_tag":[359,358],"class_list":{"0":"post-13796","1":"product","2":"type-product","3":"status-publish","4":"has-post-thumbnail","6":"product_cat-concentradores","7":"product_tag-concentrador-grado-medico","8":"product_tag-concentrador-oxigeno-10-litros","10":"first","11":"onbackorder","12":"shipping-taxable","13":"product-type-simple"},"yoast_head":"<!-- This site is optimized with the Yoast SEO plugin v25.1 - https:\/\/yoast.com\/wordpress\/plugins\/seo\/ -->\n<title>Concentrador de Ox\u00edgeno de 10 litros Grado M\u00e9dico - Tu mejor opci\u00f3n Equipo M\u00e9dico M\u00e9xico<\/title>\n<meta name=\"robots\" content=\"index, follow, max-snippet:-1, max-image-preview:large, max-video-preview:-1\" \/>\n<link rel=\"canonical\" href=\"https:\/\/buscoequipomedico.com\/?product=concentrador-de-oxigeno-de-10-litros-ultraoc-8-grado-medico\" \/>\n<meta property=\"og:locale\" content=\"es_ES\" \/>\n<meta property=\"og:type\" content=\"article\" \/>\n<meta property=\"og:title\" content=\"Concentrador de Ox\u00edgeno de 10 litros Grado M\u00e9dico - Tu mejor opci\u00f3n Equipo M\u00e9dico M\u00e9xico\" \/>\n<meta property=\"og:description\" content=\"Concentrador de Ox\u00edgeno de 10 litros  El ULTRAOC 8 fue desarrollado para suministrar ox\u00edgeno de alta pureza para uso individual sin la necesidad de usar el cilindro o botella de ox\u00edgeno tradicional, lo que permite una independencia total en t\u00e9rminos de fuente de suministro.  &nbsp;\" \/>\n<meta property=\"og:url\" content=\"https:\/\/buscoequipomedico.com\/?product=concentrador-de-oxigeno-de-10-litros-ultraoc-8-grado-medico\" \/>\n<meta property=\"og:site_name\" content=\"Tu mejor opci\u00f3n Equipo M\u00e9dico M\u00e9xico\" \/>\n<meta property=\"article:modified_time\" content=\"2021-01-27T00:54:17+00:00\" \/>\n<meta property=\"og:image\" content=\"https:\/\/buscoequipomedico.com\/wp-content\/uploads\/2021\/01\/H820657569ecc4e6bb2297c1abe5dac18T.jpg\" \/>\n\t<meta property=\"og:image:width\" content=\"1000\" \/>\n\t<meta property=\"og:image:height\" content=\"1000\" \/>\n\t<meta property=\"og:image:type\" content=\"image\/jpeg\" \/>\n<meta name=\"twitter:card\" content=\"summary_large_image\" \/>\n<meta name=\"twitter:label1\" content=\"Tiempo de lectura\" \/>\n\t<meta name=\"twitter:data1\" content=\"2 minutos\" \/>\n<script type=\"application\/ld+json\" class=\"yoast-schema-graph\">{\"@context\":\"https:\/\/schema.org\",\"@graph\":[{\"@type\":\"WebPage\",\"@id\":\"https:\/\/buscoequipomedico.com\/?product=concentrador-de-oxigeno-de-10-litros-ultraoc-8-grado-medico\",\"url\":\"https:\/\/buscoequipomedico.com\/?product=concentrador-de-oxigeno-de-10-litros-ultraoc-8-grado-medico\",\"name\":\"Concentrador de Ox\u00edgeno de 10 litros Grado M\u00e9dico - Tu mejor opci\u00f3n Equipo M\u00e9dico M\u00e9xico\",\"isPartOf\":{\"@id\":\"https:\/\/buscoequipomedico.com\/#website\"},\"primaryImageOfPage\":{\"@id\":\"https:\/\/buscoequipomedico.com\/?product=concentrador-de-oxigeno-de-10-litros-ultraoc-8-grado-medico#primaryimage\"},\"image\":{\"@id\":\"https:\/\/buscoequipomedico.com\/?product=concentrador-de-oxigeno-de-10-litros-ultraoc-8-grado-medico#primaryimage\"},\"thumbnailUrl\":\"https:\/\/buscoequipomedico.com\/wp-content\/uploads\/2021\/01\/H820657569ecc4e6bb2297c1abe5dac18T.jpg\",\"datePublished\":\"2021-01-22T03:22:21+00:00\",\"dateModified\":\"2021-01-27T00:54:17+00:00\",\"breadcrumb\":{\"@id\":\"https:\/\/buscoequipomedico.com\/?product=concentrador-de-oxigeno-de-10-litros-ultraoc-8-grado-medico#breadcrumb\"},\"inLanguage\":\"es\",\"potentialAction\":[{\"@type\":\"ReadAction\",\"target\":[\"https:\/\/buscoequipomedico.com\/?product=concentrador-de-oxigeno-de-10-litros-ultraoc-8-grado-medico\"]}]},{\"@type\":\"ImageObject\",\"inLanguage\":\"es\",\"@id\":\"https:\/\/buscoequipomedico.com\/?product=concentrador-de-oxigeno-de-10-litros-ultraoc-8-grado-medico#primaryimage\",\"url\":\"https:\/\/buscoequipomedico.com\/wp-content\/uploads\/2021\/01\/H820657569ecc4e6bb2297c1abe5dac18T.jpg\",\"contentUrl\":\"https:\/\/buscoequipomedico.com\/wp-content\/uploads\/2021\/01\/H820657569ecc4e6bb2297c1abe5dac18T.jpg\",\"width\":1000,\"height\":1000},{\"@type\":\"BreadcrumbList\",\"@id\":\"https:\/\/buscoequipomedico.com\/?product=concentrador-de-oxigeno-de-10-litros-ultraoc-8-grado-medico#breadcrumb\",\"itemListElement\":[{\"@type\":\"ListItem\",\"position\":1,\"name\":\"Productos\",\"item\":\"https:\/\/buscoequipomedico.com\/shop\/\"},{\"@type\":\"ListItem\",\"position\":2,\"name\":\"Concentrador de Ox\u00edgeno de 10 litros Grado M\u00e9dico\"}]},{\"@type\":\"WebSite\",\"@id\":\"https:\/\/buscoequipomedico.com\/#website\",\"url\":\"https:\/\/buscoequipomedico.com\/\",\"name\":\"Tu mejor opci\u00f3n Equipo M\u00e9dico M\u00e9xico\",\"description\":\"Tienda de equipo m\u00e9dico\",\"publisher\":{\"@id\":\"https:\/\/buscoequipomedico.com\/#organization\"},\"potentialAction\":[{\"@type\":\"SearchAction\",\"target\":{\"@type\":\"EntryPoint\",\"urlTemplate\":\"https:\/\/buscoequipomedico.com\/?s={search_term_string}\"},\"query-input\":{\"@type\":\"PropertyValueSpecification\",\"valueRequired\":true,\"valueName\":\"search_term_string\"}}],\"inLanguage\":\"es\"},{\"@type\":\"Organization\",\"@id\":\"https:\/\/buscoequipomedico.com\/#organization\",\"name\":\"Tu mejor opci\u00f3n Equipo M\u00e9dico M\u00e9xico\",\"url\":\"https:\/\/buscoequipomedico.com\/\",\"logo\":{\"@type\":\"ImageObject\",\"inLanguage\":\"es\",\"@id\":\"https:\/\/buscoequipomedico.com\/#\/schema\/logo\/image\/\",\"url\":\"https:\/\/buscoequipomedico.com\/wp-content\/uploads\/2021\/07\/EMM-VPrincipal-scaled.jpg\",\"contentUrl\":\"https:\/\/buscoequipomedico.com\/wp-content\/uploads\/2021\/07\/EMM-VPrincipal-scaled.jpg\",\"width\":2560,\"height\":1058,\"caption\":\"Tu mejor opci\u00f3n Equipo M\u00e9dico M\u00e9xico\"},\"image\":{\"@id\":\"https:\/\/buscoequipomedico.com\/#\/schema\/logo\/image\/\"}}]}<\/script>\n<!-- \/ Yoast SEO plugin. -->","yoast_head_json":{"title":"Concentrador de Ox\u00edgeno de 10 litros Grado M\u00e9dico - Tu mejor opci\u00f3n Equipo M\u00e9dico M\u00e9xico","robots":{"index":"index","follow":"follow","max-snippet":"max-snippet:-1","max-image-preview":"max-image-preview:large","max-video-preview":"max-video-preview:-1"},"canonical":"https:\/\/buscoequipomedico.com\/?product=concentrador-de-oxigeno-de-10-litros-ultraoc-8-grado-medico","og_locale":"es_ES","og_type":"article","og_title":"Concentrador de Ox\u00edgeno de 10 litros Grado M\u00e9dico - Tu mejor opci\u00f3n Equipo M\u00e9dico M\u00e9xico","og_description":"Concentrador de Ox\u00edgeno de 10 litros  El ULTRAOC 8 fue desarrollado para suministrar ox\u00edgeno de alta pureza para uso individual sin la necesidad de usar el cilindro o botella de ox\u00edgeno tradicional, lo que permite una independencia total en t\u00e9rminos de fuente de suministro.  &nbsp;","og_url":"https:\/\/buscoequipomedico.com\/?product=concentrador-de-oxigeno-de-10-litros-ultraoc-8-grado-medico","og_site_name":"Tu mejor opci\u00f3n Equipo M\u00e9dico M\u00e9xico","article_modified_time":"2021-01-27T00:54:17+00:00","og_image":[{"width":1000,"height":1000,"url":"https:\/\/buscoequipomedico.com\/wp-content\/uploads\/2021\/01\/H820657569ecc4e6bb2297c1abe5dac18T.jpg","type":"image\/jpeg"}],"twitter_card":"summary_large_image","twitter_misc":{"Tiempo de lectura":"2 minutos"},"schema":{"@context":"https:\/\/schema.org","@graph":[{"@type":"WebPage","@id":"https:\/\/buscoequipomedico.com\/?product=concentrador-de-oxigeno-de-10-litros-ultraoc-8-grado-medico","url":"https:\/\/buscoequipomedico.com\/?product=concentrador-de-oxigeno-de-10-litros-ultraoc-8-grado-medico","name":"Concentrador de Ox\u00edgeno de 10 litros Grado M\u00e9dico - Tu mejor opci\u00f3n Equipo M\u00e9dico M\u00e9xico","isPartOf":{"@id":"https:\/\/buscoequipomedico.com\/#website"},"primaryImageOfPage":{"@id":"https:\/\/buscoequipomedico.com\/?product=concentrador-de-oxigeno-de-10-litros-ultraoc-8-grado-medico#primaryimage"},"image":{"@id":"https:\/\/buscoequipomedico.com\/?product=concentrador-de-oxigeno-de-10-litros-ultraoc-8-grado-medico#primaryimage"},"thumbnailUrl":"https:\/\/buscoequipomedico.com\/wp-content\/uploads\/2021\/01\/H820657569ecc4e6bb2297c1abe5dac18T.jpg","datePublished":"2021-01-22T03:22:21+00:00","dateModified":"2021-01-27T00:54:17+00:00","breadcrumb":{"@id":"https:\/\/buscoequipomedico.com\/?product=concentrador-de-oxigeno-de-10-litros-ultraoc-8-grado-medico#breadcrumb"},"inLanguage":"es","potentialAction":[{"@type":"ReadAction","target":["https:\/\/buscoequipomedico.com\/?product=concentrador-de-oxigeno-de-10-litros-ultraoc-8-grado-medico"]}]},{"@type":"ImageObject","inLanguage":"es","@id":"https:\/\/buscoequipomedico.com\/?product=concentrador-de-oxigeno-de-10-litros-ultraoc-8-grado-medico#primaryimage","url":"https:\/\/buscoequipomedico.com\/wp-content\/uploads\/2021\/01\/H820657569ecc4e6bb2297c1abe5dac18T.jpg","contentUrl":"https:\/\/buscoequipomedico.com\/wp-content\/uploads\/2021\/01\/H820657569ecc4e6bb2297c1abe5dac18T.jpg","width":1000,"height":1000},{"@type":"BreadcrumbList","@id":"https:\/\/buscoequipomedico.com\/?product=concentrador-de-oxigeno-de-10-litros-ultraoc-8-grado-medico#breadcrumb","itemListElement":[{"@type":"ListItem","position":1,"name":"Productos","item":"https:\/\/buscoequipomedico.com\/shop\/"},{"@type":"ListItem","position":2,"name":"Concentrador de Ox\u00edgeno de 10 litros Grado M\u00e9dico"}]},{"@type":"WebSite","@id":"https:\/\/buscoequipomedico.com\/#website","url":"https:\/\/buscoequipomedico.com\/","name":"Tu mejor opci\u00f3n Equipo M\u00e9dico M\u00e9xico","description":"Tienda de equipo m\u00e9dico","publisher":{"@id":"https:\/\/buscoequipomedico.com\/#organization"},"potentialAction":[{"@type":"SearchAction","target":{"@type":"EntryPoint","urlTemplate":"https:\/\/buscoequipomedico.com\/?s={search_term_string}"},"query-input":{"@type":"PropertyValueSpecification","valueRequired":true,"valueName":"search_term_string"}}],"inLanguage":"es"},{"@type":"Organization","@id":"https:\/\/buscoequipomedico.com\/#organization","name":"Tu mejor opci\u00f3n Equipo M\u00e9dico M\u00e9xico","url":"https:\/\/buscoequipomedico.com\/","logo":{"@type":"ImageObject","inLanguage":"es","@id":"https:\/\/buscoequipomedico.com\/#\/schema\/logo\/image\/","url":"https:\/\/buscoequipomedico.com\/wp-content\/uploads\/2021\/07\/EMM-VPrincipal-scaled.jpg","contentUrl":"https:\/\/buscoequipomedico.com\/wp-content\/uploads\/2021\/07\/EMM-VPrincipal-scaled.jpg","width":2560,"height":1058,"caption":"Tu mejor opci\u00f3n Equipo M\u00e9dico M\u00e9xico"},"image":{"@id":"https:\/\/buscoequipomedico.com\/#\/schema\/logo\/image\/"}}]}},"_links":{"self":[{"href":"https:\/\/buscoequipomedico.com\/index.php?rest_route=\/wp\/v2\/product\/13796","targetHints":{"allow":["GET"]}}],"collection":[{"href":"https:\/\/buscoequipomedico.com\/index.php?rest_route=\/wp\/v2\/product"}],"about":[{"href":"https:\/\/buscoequipomedico.com\/index.php?rest_route=\/wp\/v2\/types\/product"}],"wp:featuredmedia":[{"embeddable":true,"href":"https:\/\/buscoequipomedico.com\/index.php?rest_route=\/wp\/v2\/media\/13800"}],"wp:attachment":[{"href":"https:\/\/buscoequipomedico.com\/index.php?rest_route=%2Fwp%2Fv2%2Fmedia&parent=13796"}],"wp:term":[{"taxonomy":"product_brand","embeddable":true,"href":"https:\/\/buscoequipomedico.com\/index.php?rest_route=%2Fwp%2Fv2%2Fproduct_brand&post=13796"},{"taxonomy":"product_cat","embeddable":true,"href":"https:\/\/buscoequipomedico.com\/index.php?rest_route=%2Fwp%2Fv2%2Fproduct_cat&post=13796"},{"taxonomy":"product_tag","embeddable":true,"href":"https:\/\/buscoequipomedico.com\/index.php?rest_route=%2Fwp%2Fv2%2Fproduct_tag&post=13796"}],"curies":[{"name":"wp","href":"https:\/\/api.w.org\/{rel}","templated":true}]}}