{"id":15379,"date":"2021-07-22T18:04:43","date_gmt":"2021-07-22T18:04:43","guid":{"rendered":"https:\/\/equipomedicomexico-com.preview-domain.com\/?post_type=product&#038;p=15379"},"modified":"2021-07-22T18:04:44","modified_gmt":"2021-07-22T18:04:44","slug":"brazalete-flexiport-reusable-10-con-2-tubos","status":"publish","type":"product","link":"https:\/\/buscoequipomedico.com\/?product=brazalete-flexiport-reusable-10-con-2-tubos","title":{"rendered":"BRAZALETE FLEXIPORT REUSABLE # 10 CON 2 TUBOS"},"content":{"rendered":"<p>ESPECIFICACIONES:<\/p>\n<ul>\n<li>LOS DISTINTOS TAMA\u00d1OS EST\u00c1N CODIFICADOS POR COLOR LO QUE FACILITA LA B\u00daSQUEDA DEL BRAZALETE CORRECTO.<\/li>\n<li>CON FLEXIPORT LA CONEXI\u00d3N\/DESCONEXI\u00d3N DEL TUBO SE REALIZA CON UNA SOLA MANO, POR LO QUE CAMBIAR LOS BRAZALETES ES MUCHO M\u00c1S F\u00c1CIL Y R\u00c1PIDO.<\/li>\n<li>EL MATERIAL LIBRE DE L\u00c1TEX MINIMIZA EL RIESGO DE PROVOCAR REACCIONES AL\u00c9RGICAS.<\/li>\n<li>EL PUERTO GIRATORIO REDUCE LA TENSI\u00d3N SOBRE EL TUBO Y EL PUERTO DEL BRAZALETE, LO QUE MEJORA LA COMODIDAD DEL PACIENTE Y LA DURACI\u00d3N DEL BRAZALETE.<\/li>\n<li>EL BORDE PLEGADO REDUCE EL RIESGO DE CORTADURAS Y RASGU\u00d1OS, LO QUE MAXIMIZA LA COMODIDAD DEL PACIENTE.<\/li>\n<li>CUMPLE CON LOS LINEAMIENTOS CL\u00cdNICOS M\u00c1S RECIENTES DE AAMI Y AHA PARA UN AJUSTE ADECUADO.<\/li>\n<\/ul>\n","protected":false},"excerpt":{"rendered":"<table width=\"714\">\n<tbody>\n<tr>\n<td style=\"font-weight: 400;\" width=\"714\">BRAZALETE FLEXIPORT REUSABLE # 10 CON 2 TUBOS<\/td>\n<\/tr>\n<\/tbody>\n<\/table>\n","protected":false},"featured_media":15380,"template":"","meta":{"_joinchat":[]},"product_brand":[],"product_cat":[194],"product_tag":[],"class_list":{"0":"post-15379","1":"product","2":"type-product","3":"status-publish","4":"has-post-thumbnail","6":"product_cat-baumanometros","8":"first","9":"instock","10":"shipping-taxable","11":"product-type-simple"},"yoast_head":"<!-- This site is optimized with the Yoast SEO plugin v25.1 - https:\/\/yoast.com\/wordpress\/plugins\/seo\/ -->\n<title>BRAZALETE FLEXIPORT REUSABLE # 10 CON 2 TUBOS - Tu mejor opci\u00f3n Equipo M\u00e9dico M\u00e9xico<\/title>\n<meta name=\"robots\" content=\"index, follow, max-snippet:-1, max-image-preview:large, max-video-preview:-1\" \/>\n<link rel=\"canonical\" href=\"https:\/\/buscoequipomedico.com\/?product=brazalete-flexiport-reusable-10-con-2-tubos\" \/>\n<meta property=\"og:locale\" content=\"es_ES\" \/>\n<meta property=\"og:type\" content=\"article\" \/>\n<meta property=\"og:title\" content=\"BRAZALETE FLEXIPORT REUSABLE # 10 CON 2 TUBOS - Tu mejor opci\u00f3n Equipo M\u00e9dico M\u00e9xico\" \/>\n<meta property=\"og:description\" content=\"BRAZALETE FLEXIPORT REUSABLE # 10 CON 2 TUBOS\" \/>\n<meta property=\"og:url\" content=\"https:\/\/buscoequipomedico.com\/?product=brazalete-flexiport-reusable-10-con-2-tubos\" \/>\n<meta property=\"og:site_name\" content=\"Tu mejor opci\u00f3n Equipo M\u00e9dico M\u00e9xico\" \/>\n<meta property=\"article:modified_time\" content=\"2021-07-22T18:04:44+00:00\" \/>\n<meta property=\"og:image\" content=\"https:\/\/buscoequipomedico.com\/wp-content\/uploads\/2021\/07\/repuesto-brazalete-10-2-tubos-welch-allyn-500x500-1.jpg\" \/>\n\t<meta property=\"og:image:width\" content=\"500\" \/>\n\t<meta property=\"og:image:height\" content=\"500\" \/>\n\t<meta property=\"og:image:type\" content=\"image\/jpeg\" \/>\n<meta name=\"twitter:card\" content=\"summary_large_image\" \/>\n<meta name=\"twitter:label1\" content=\"Tiempo de lectura\" \/>\n\t<meta name=\"twitter:data1\" content=\"1 minuto\" \/>\n<script type=\"application\/ld+json\" class=\"yoast-schema-graph\">{\"@context\":\"https:\/\/schema.org\",\"@graph\":[{\"@type\":\"WebPage\",\"@id\":\"https:\/\/buscoequipomedico.com\/?product=brazalete-flexiport-reusable-10-con-2-tubos\",\"url\":\"https:\/\/buscoequipomedico.com\/?product=brazalete-flexiport-reusable-10-con-2-tubos\",\"name\":\"BRAZALETE FLEXIPORT REUSABLE # 10 CON 2 TUBOS - Tu mejor opci\u00f3n Equipo M\u00e9dico M\u00e9xico\",\"isPartOf\":{\"@id\":\"https:\/\/buscoequipomedico.com\/#website\"},\"primaryImageOfPage\":{\"@id\":\"https:\/\/buscoequipomedico.com\/?product=brazalete-flexiport-reusable-10-con-2-tubos#primaryimage\"},\"image\":{\"@id\":\"https:\/\/buscoequipomedico.com\/?product=brazalete-flexiport-reusable-10-con-2-tubos#primaryimage\"},\"thumbnailUrl\":\"https:\/\/buscoequipomedico.com\/wp-content\/uploads\/2021\/07\/repuesto-brazalete-10-2-tubos-welch-allyn-500x500-1.jpg\",\"datePublished\":\"2021-07-22T18:04:43+00:00\",\"dateModified\":\"2021-07-22T18:04:44+00:00\",\"breadcrumb\":{\"@id\":\"https:\/\/buscoequipomedico.com\/?product=brazalete-flexiport-reusable-10-con-2-tubos#breadcrumb\"},\"inLanguage\":\"es\",\"potentialAction\":[{\"@type\":\"ReadAction\",\"target\":[\"https:\/\/buscoequipomedico.com\/?product=brazalete-flexiport-reusable-10-con-2-tubos\"]}]},{\"@type\":\"ImageObject\",\"inLanguage\":\"es\",\"@id\":\"https:\/\/buscoequipomedico.com\/?product=brazalete-flexiport-reusable-10-con-2-tubos#primaryimage\",\"url\":\"https:\/\/buscoequipomedico.com\/wp-content\/uploads\/2021\/07\/repuesto-brazalete-10-2-tubos-welch-allyn-500x500-1.jpg\",\"contentUrl\":\"https:\/\/buscoequipomedico.com\/wp-content\/uploads\/2021\/07\/repuesto-brazalete-10-2-tubos-welch-allyn-500x500-1.jpg\",\"width\":500,\"height\":500},{\"@type\":\"BreadcrumbList\",\"@id\":\"https:\/\/buscoequipomedico.com\/?product=brazalete-flexiport-reusable-10-con-2-tubos#breadcrumb\",\"itemListElement\":[{\"@type\":\"ListItem\",\"position\":1,\"name\":\"Productos\",\"item\":\"https:\/\/buscoequipomedico.com\/shop\/\"},{\"@type\":\"ListItem\",\"position\":2,\"name\":\"BRAZALETE FLEXIPORT REUSABLE # 10 CON 2 TUBOS\"}]},{\"@type\":\"WebSite\",\"@id\":\"https:\/\/buscoequipomedico.com\/#website\",\"url\":\"https:\/\/buscoequipomedico.com\/\",\"name\":\"Tu mejor opci\u00f3n Equipo M\u00e9dico M\u00e9xico\",\"description\":\"Tienda de equipo m\u00e9dico\",\"publisher\":{\"@id\":\"https:\/\/buscoequipomedico.com\/#organization\"},\"potentialAction\":[{\"@type\":\"SearchAction\",\"target\":{\"@type\":\"EntryPoint\",\"urlTemplate\":\"https:\/\/buscoequipomedico.com\/?s={search_term_string}\"},\"query-input\":{\"@type\":\"PropertyValueSpecification\",\"valueRequired\":true,\"valueName\":\"search_term_string\"}}],\"inLanguage\":\"es\"},{\"@type\":\"Organization\",\"@id\":\"https:\/\/buscoequipomedico.com\/#organization\",\"name\":\"Tu mejor opci\u00f3n Equipo M\u00e9dico M\u00e9xico\",\"url\":\"https:\/\/buscoequipomedico.com\/\",\"logo\":{\"@type\":\"ImageObject\",\"inLanguage\":\"es\",\"@id\":\"https:\/\/buscoequipomedico.com\/#\/schema\/logo\/image\/\",\"url\":\"https:\/\/buscoequipomedico.com\/wp-content\/uploads\/2021\/07\/EMM-VPrincipal-scaled.jpg\",\"contentUrl\":\"https:\/\/buscoequipomedico.com\/wp-content\/uploads\/2021\/07\/EMM-VPrincipal-scaled.jpg\",\"width\":2560,\"height\":1058,\"caption\":\"Tu mejor opci\u00f3n Equipo M\u00e9dico M\u00e9xico\"},\"image\":{\"@id\":\"https:\/\/buscoequipomedico.com\/#\/schema\/logo\/image\/\"}}]}<\/script>\n<!-- \/ Yoast SEO plugin. -->","yoast_head_json":{"title":"BRAZALETE FLEXIPORT REUSABLE # 10 CON 2 TUBOS - Tu mejor opci\u00f3n Equipo M\u00e9dico M\u00e9xico","robots":{"index":"index","follow":"follow","max-snippet":"max-snippet:-1","max-image-preview":"max-image-preview:large","max-video-preview":"max-video-preview:-1"},"canonical":"https:\/\/buscoequipomedico.com\/?product=brazalete-flexiport-reusable-10-con-2-tubos","og_locale":"es_ES","og_type":"article","og_title":"BRAZALETE FLEXIPORT REUSABLE # 10 CON 2 TUBOS - Tu mejor opci\u00f3n Equipo M\u00e9dico M\u00e9xico","og_description":"BRAZALETE FLEXIPORT REUSABLE # 10 CON 2 TUBOS","og_url":"https:\/\/buscoequipomedico.com\/?product=brazalete-flexiport-reusable-10-con-2-tubos","og_site_name":"Tu mejor opci\u00f3n Equipo M\u00e9dico M\u00e9xico","article_modified_time":"2021-07-22T18:04:44+00:00","og_image":[{"width":500,"height":500,"url":"https:\/\/buscoequipomedico.com\/wp-content\/uploads\/2021\/07\/repuesto-brazalete-10-2-tubos-welch-allyn-500x500-1.jpg","type":"image\/jpeg"}],"twitter_card":"summary_large_image","twitter_misc":{"Tiempo de lectura":"1 minuto"},"schema":{"@context":"https:\/\/schema.org","@graph":[{"@type":"WebPage","@id":"https:\/\/buscoequipomedico.com\/?product=brazalete-flexiport-reusable-10-con-2-tubos","url":"https:\/\/buscoequipomedico.com\/?product=brazalete-flexiport-reusable-10-con-2-tubos","name":"BRAZALETE FLEXIPORT REUSABLE # 10 CON 2 TUBOS - Tu mejor opci\u00f3n Equipo M\u00e9dico M\u00e9xico","isPartOf":{"@id":"https:\/\/buscoequipomedico.com\/#website"},"primaryImageOfPage":{"@id":"https:\/\/buscoequipomedico.com\/?product=brazalete-flexiport-reusable-10-con-2-tubos#primaryimage"},"image":{"@id":"https:\/\/buscoequipomedico.com\/?product=brazalete-flexiport-reusable-10-con-2-tubos#primaryimage"},"thumbnailUrl":"https:\/\/buscoequipomedico.com\/wp-content\/uploads\/2021\/07\/repuesto-brazalete-10-2-tubos-welch-allyn-500x500-1.jpg","datePublished":"2021-07-22T18:04:43+00:00","dateModified":"2021-07-22T18:04:44+00:00","breadcrumb":{"@id":"https:\/\/buscoequipomedico.com\/?product=brazalete-flexiport-reusable-10-con-2-tubos#breadcrumb"},"inLanguage":"es","potentialAction":[{"@type":"ReadAction","target":["https:\/\/buscoequipomedico.com\/?product=brazalete-flexiport-reusable-10-con-2-tubos"]}]},{"@type":"ImageObject","inLanguage":"es","@id":"https:\/\/buscoequipomedico.com\/?product=brazalete-flexiport-reusable-10-con-2-tubos#primaryimage","url":"https:\/\/buscoequipomedico.com\/wp-content\/uploads\/2021\/07\/repuesto-brazalete-10-2-tubos-welch-allyn-500x500-1.jpg","contentUrl":"https:\/\/buscoequipomedico.com\/wp-content\/uploads\/2021\/07\/repuesto-brazalete-10-2-tubos-welch-allyn-500x500-1.jpg","width":500,"height":500},{"@type":"BreadcrumbList","@id":"https:\/\/buscoequipomedico.com\/?product=brazalete-flexiport-reusable-10-con-2-tubos#breadcrumb","itemListElement":[{"@type":"ListItem","position":1,"name":"Productos","item":"https:\/\/buscoequipomedico.com\/shop\/"},{"@type":"ListItem","position":2,"name":"BRAZALETE FLEXIPORT REUSABLE # 10 CON 2 TUBOS"}]},{"@type":"WebSite","@id":"https:\/\/buscoequipomedico.com\/#website","url":"https:\/\/buscoequipomedico.com\/","name":"Tu mejor opci\u00f3n Equipo M\u00e9dico M\u00e9xico","description":"Tienda de equipo m\u00e9dico","publisher":{"@id":"https:\/\/buscoequipomedico.com\/#organization"},"potentialAction":[{"@type":"SearchAction","target":{"@type":"EntryPoint","urlTemplate":"https:\/\/buscoequipomedico.com\/?s={search_term_string}"},"query-input":{"@type":"PropertyValueSpecification","valueRequired":true,"valueName":"search_term_string"}}],"inLanguage":"es"},{"@type":"Organization","@id":"https:\/\/buscoequipomedico.com\/#organization","name":"Tu mejor opci\u00f3n Equipo M\u00e9dico M\u00e9xico","url":"https:\/\/buscoequipomedico.com\/","logo":{"@type":"ImageObject","inLanguage":"es","@id":"https:\/\/buscoequipomedico.com\/#\/schema\/logo\/image\/","url":"https:\/\/buscoequipomedico.com\/wp-content\/uploads\/2021\/07\/EMM-VPrincipal-scaled.jpg","contentUrl":"https:\/\/buscoequipomedico.com\/wp-content\/uploads\/2021\/07\/EMM-VPrincipal-scaled.jpg","width":2560,"height":1058,"caption":"Tu mejor opci\u00f3n Equipo M\u00e9dico M\u00e9xico"},"image":{"@id":"https:\/\/buscoequipomedico.com\/#\/schema\/logo\/image\/"}}]}},"_links":{"self":[{"href":"https:\/\/buscoequipomedico.com\/index.php?rest_route=\/wp\/v2\/product\/15379","targetHints":{"allow":["GET"]}}],"collection":[{"href":"https:\/\/buscoequipomedico.com\/index.php?rest_route=\/wp\/v2\/product"}],"about":[{"href":"https:\/\/buscoequipomedico.com\/index.php?rest_route=\/wp\/v2\/types\/product"}],"wp:featuredmedia":[{"embeddable":true,"href":"https:\/\/buscoequipomedico.com\/index.php?rest_route=\/wp\/v2\/media\/15380"}],"wp:attachment":[{"href":"https:\/\/buscoequipomedico.com\/index.php?rest_route=%2Fwp%2Fv2%2Fmedia&parent=15379"}],"wp:term":[{"taxonomy":"product_brand","embeddable":true,"href":"https:\/\/buscoequipomedico.com\/index.php?rest_route=%2Fwp%2Fv2%2Fproduct_brand&post=15379"},{"taxonomy":"product_cat","embeddable":true,"href":"https:\/\/buscoequipomedico.com\/index.php?rest_route=%2Fwp%2Fv2%2Fproduct_cat&post=15379"},{"taxonomy":"product_tag","embeddable":true,"href":"https:\/\/buscoequipomedico.com\/index.php?rest_route=%2Fwp%2Fv2%2Fproduct_tag&post=15379"}],"curies":[{"name":"wp","href":"https:\/\/api.w.org\/{rel}","templated":true}]}}