{"id":15930,"date":"2021-10-07T00:36:37","date_gmt":"2021-10-07T05:36:37","guid":{"rendered":"https:\/\/equipomedicomexico-com.preview-domain.com\/?post_type=product&#038;p=15930"},"modified":"2021-10-07T00:37:27","modified_gmt":"2021-10-07T05:37:27","slug":"bascula-madre-bebe-bm881","status":"publish","type":"product","link":"https:\/\/buscoequipomedico.com\/?product=bascula-madre-bebe-bm881","title":{"rendered":"B\u00e1scula Electr\u00f3nica Piso Madre\/ Beb\u00e9 BM881"},"content":{"rendered":"<p><strong>CARACTER\u00cdSTICAS<\/strong><\/p>\n<p>Centr\u00e1ndose en lo esencial: esta escala muestra c\u00f3mo se puede combinar la precisi\u00f3n con la simplicidad.<br \/>\nFunciona con pilas, tiene una pantalla LCD f\u00e1cil de leer y funci\u00f3n de encendido y encendido.<br \/>\nLa funci\u00f3n de cierre autom\u00e1tico garantiza una larga duraci\u00f3n de la bater\u00eda.<\/p>\n<p><strong>ESPECIFICACIONES T\u00c9CNICAS<\/strong><\/p>\n<p>Rango de medici\u00f3n: 200 kg<br \/>\nClasificaci\u00f3n: 100 g &lt;150 kg&gt; 200 g<br \/>\nDimensiones: (Ancho x Alto) 310 x 61 x 324 mm<br \/>\nPeso: 4.7 libras<br \/>\nFuente de alimentaci\u00f3n: Bater\u00edas<\/p>\n","protected":false},"excerpt":{"rendered":"<p><strong>BASCULA<\/strong>\u00a0ELECTR\u00d3NICA PISO FUNCION\u00a0<strong>MADRE\/BEBE<\/strong>. Centr\u00e1ndose en lo esencial: esta escala muestra c\u00f3mo se puede combinar la precisi\u00f3n con la simplicidad. Funciona con pilas, tiene una pantalla LCD f\u00e1cil de leer y funci\u00f3n de encendido y encendido. La funci\u00f3n de cierre autom\u00e1tico garantiza una larga duraci\u00f3n de la bater\u00eda.<\/p>\n","protected":false},"featured_media":15931,"template":"","meta":{"_joinchat":[]},"product_brand":[],"product_cat":[398],"product_tag":[402,389],"class_list":{"0":"post-15930","1":"product","2":"type-product","3":"status-publish","4":"has-post-thumbnail","6":"product_cat-basculas-2","7":"product_tag-basculas-medicion","8":"product_tag-seca","10":"first","11":"instock","12":"shipping-taxable","13":"product-type-simple"},"yoast_head":"<!-- This site is optimized with the Yoast SEO plugin v25.1 - https:\/\/yoast.com\/wordpress\/plugins\/seo\/ -->\n<title>B\u00e1scula Electr\u00f3nica Piso Madre\/ Beb\u00e9 BM881 - Tu mejor opci\u00f3n Equipo M\u00e9dico M\u00e9xico<\/title>\n<meta name=\"robots\" content=\"index, follow, max-snippet:-1, max-image-preview:large, max-video-preview:-1\" \/>\n<link rel=\"canonical\" href=\"https:\/\/buscoequipomedico.com\/?product=bascula-madre-bebe-bm881\" \/>\n<meta property=\"og:locale\" content=\"es_ES\" \/>\n<meta property=\"og:type\" content=\"article\" \/>\n<meta property=\"og:title\" content=\"B\u00e1scula Electr\u00f3nica Piso Madre\/ Beb\u00e9 BM881 - Tu mejor opci\u00f3n Equipo M\u00e9dico M\u00e9xico\" \/>\n<meta property=\"og:description\" content=\"BASCULA\u00a0ELECTR\u00d3NICA PISO FUNCION\u00a0MADRE\/BEBE. Centr\u00e1ndose en lo esencial: esta escala muestra c\u00f3mo se puede combinar la precisi\u00f3n con la simplicidad. Funciona con pilas, tiene una pantalla LCD f\u00e1cil de leer y funci\u00f3n de encendido y encendido. La funci\u00f3n de cierre autom\u00e1tico garantiza una larga duraci\u00f3n de la bater\u00eda.\" \/>\n<meta property=\"og:url\" content=\"https:\/\/buscoequipomedico.com\/?product=bascula-madre-bebe-bm881\" \/>\n<meta property=\"og:site_name\" content=\"Tu mejor opci\u00f3n Equipo M\u00e9dico M\u00e9xico\" \/>\n<meta property=\"article:modified_time\" content=\"2021-10-07T05:37:27+00:00\" \/>\n<meta property=\"og:image\" content=\"https:\/\/buscoequipomedico.com\/wp-content\/uploads\/2021\/10\/BM881.jpg\" \/>\n\t<meta property=\"og:image:width\" content=\"600\" \/>\n\t<meta property=\"og:image:height\" content=\"600\" \/>\n\t<meta property=\"og:image:type\" content=\"image\/jpeg\" \/>\n<meta name=\"twitter:card\" content=\"summary_large_image\" \/>\n<script type=\"application\/ld+json\" class=\"yoast-schema-graph\">{\"@context\":\"https:\/\/schema.org\",\"@graph\":[{\"@type\":\"WebPage\",\"@id\":\"https:\/\/buscoequipomedico.com\/?product=bascula-madre-bebe-bm881\",\"url\":\"https:\/\/buscoequipomedico.com\/?product=bascula-madre-bebe-bm881\",\"name\":\"B\u00e1scula Electr\u00f3nica Piso Madre\/ Beb\u00e9 BM881 - Tu mejor opci\u00f3n Equipo M\u00e9dico M\u00e9xico\",\"isPartOf\":{\"@id\":\"https:\/\/buscoequipomedico.com\/#website\"},\"primaryImageOfPage\":{\"@id\":\"https:\/\/buscoequipomedico.com\/?product=bascula-madre-bebe-bm881#primaryimage\"},\"image\":{\"@id\":\"https:\/\/buscoequipomedico.com\/?product=bascula-madre-bebe-bm881#primaryimage\"},\"thumbnailUrl\":\"https:\/\/buscoequipomedico.com\/wp-content\/uploads\/2021\/10\/BM881.jpg\",\"datePublished\":\"2021-10-07T05:36:37+00:00\",\"dateModified\":\"2021-10-07T05:37:27+00:00\",\"breadcrumb\":{\"@id\":\"https:\/\/buscoequipomedico.com\/?product=bascula-madre-bebe-bm881#breadcrumb\"},\"inLanguage\":\"es\",\"potentialAction\":[{\"@type\":\"ReadAction\",\"target\":[\"https:\/\/buscoequipomedico.com\/?product=bascula-madre-bebe-bm881\"]}]},{\"@type\":\"ImageObject\",\"inLanguage\":\"es\",\"@id\":\"https:\/\/buscoequipomedico.com\/?product=bascula-madre-bebe-bm881#primaryimage\",\"url\":\"https:\/\/buscoequipomedico.com\/wp-content\/uploads\/2021\/10\/BM881.jpg\",\"contentUrl\":\"https:\/\/buscoequipomedico.com\/wp-content\/uploads\/2021\/10\/BM881.jpg\",\"width\":600,\"height\":600,\"caption\":\"BASCULAS,BM881\"},{\"@type\":\"BreadcrumbList\",\"@id\":\"https:\/\/buscoequipomedico.com\/?product=bascula-madre-bebe-bm881#breadcrumb\",\"itemListElement\":[{\"@type\":\"ListItem\",\"position\":1,\"name\":\"Productos\",\"item\":\"https:\/\/buscoequipomedico.com\/shop\/\"},{\"@type\":\"ListItem\",\"position\":2,\"name\":\"B\u00e1scula Electr\u00f3nica Piso Madre\/ Beb\u00e9 BM881\"}]},{\"@type\":\"WebSite\",\"@id\":\"https:\/\/buscoequipomedico.com\/#website\",\"url\":\"https:\/\/buscoequipomedico.com\/\",\"name\":\"Tu mejor opci\u00f3n Equipo M\u00e9dico M\u00e9xico\",\"description\":\"Tienda de equipo m\u00e9dico\",\"publisher\":{\"@id\":\"https:\/\/buscoequipomedico.com\/#organization\"},\"potentialAction\":[{\"@type\":\"SearchAction\",\"target\":{\"@type\":\"EntryPoint\",\"urlTemplate\":\"https:\/\/buscoequipomedico.com\/?s={search_term_string}\"},\"query-input\":{\"@type\":\"PropertyValueSpecification\",\"valueRequired\":true,\"valueName\":\"search_term_string\"}}],\"inLanguage\":\"es\"},{\"@type\":\"Organization\",\"@id\":\"https:\/\/buscoequipomedico.com\/#organization\",\"name\":\"Tu mejor opci\u00f3n Equipo M\u00e9dico M\u00e9xico\",\"url\":\"https:\/\/buscoequipomedico.com\/\",\"logo\":{\"@type\":\"ImageObject\",\"inLanguage\":\"es\",\"@id\":\"https:\/\/buscoequipomedico.com\/#\/schema\/logo\/image\/\",\"url\":\"https:\/\/buscoequipomedico.com\/wp-content\/uploads\/2021\/07\/EMM-VPrincipal-scaled.jpg\",\"contentUrl\":\"https:\/\/buscoequipomedico.com\/wp-content\/uploads\/2021\/07\/EMM-VPrincipal-scaled.jpg\",\"width\":2560,\"height\":1058,\"caption\":\"Tu mejor opci\u00f3n Equipo M\u00e9dico M\u00e9xico\"},\"image\":{\"@id\":\"https:\/\/buscoequipomedico.com\/#\/schema\/logo\/image\/\"}}]}<\/script>\n<!-- \/ Yoast SEO plugin. -->","yoast_head_json":{"title":"B\u00e1scula Electr\u00f3nica Piso Madre\/ Beb\u00e9 BM881 - Tu mejor opci\u00f3n Equipo M\u00e9dico M\u00e9xico","robots":{"index":"index","follow":"follow","max-snippet":"max-snippet:-1","max-image-preview":"max-image-preview:large","max-video-preview":"max-video-preview:-1"},"canonical":"https:\/\/buscoequipomedico.com\/?product=bascula-madre-bebe-bm881","og_locale":"es_ES","og_type":"article","og_title":"B\u00e1scula Electr\u00f3nica Piso Madre\/ Beb\u00e9 BM881 - Tu mejor opci\u00f3n Equipo M\u00e9dico M\u00e9xico","og_description":"BASCULA\u00a0ELECTR\u00d3NICA PISO FUNCION\u00a0MADRE\/BEBE. Centr\u00e1ndose en lo esencial: esta escala muestra c\u00f3mo se puede combinar la precisi\u00f3n con la simplicidad. Funciona con pilas, tiene una pantalla LCD f\u00e1cil de leer y funci\u00f3n de encendido y encendido. La funci\u00f3n de cierre autom\u00e1tico garantiza una larga duraci\u00f3n de la bater\u00eda.","og_url":"https:\/\/buscoequipomedico.com\/?product=bascula-madre-bebe-bm881","og_site_name":"Tu mejor opci\u00f3n Equipo M\u00e9dico M\u00e9xico","article_modified_time":"2021-10-07T05:37:27+00:00","og_image":[{"width":600,"height":600,"url":"https:\/\/buscoequipomedico.com\/wp-content\/uploads\/2021\/10\/BM881.jpg","type":"image\/jpeg"}],"twitter_card":"summary_large_image","schema":{"@context":"https:\/\/schema.org","@graph":[{"@type":"WebPage","@id":"https:\/\/buscoequipomedico.com\/?product=bascula-madre-bebe-bm881","url":"https:\/\/buscoequipomedico.com\/?product=bascula-madre-bebe-bm881","name":"B\u00e1scula Electr\u00f3nica Piso Madre\/ Beb\u00e9 BM881 - Tu mejor opci\u00f3n Equipo M\u00e9dico M\u00e9xico","isPartOf":{"@id":"https:\/\/buscoequipomedico.com\/#website"},"primaryImageOfPage":{"@id":"https:\/\/buscoequipomedico.com\/?product=bascula-madre-bebe-bm881#primaryimage"},"image":{"@id":"https:\/\/buscoequipomedico.com\/?product=bascula-madre-bebe-bm881#primaryimage"},"thumbnailUrl":"https:\/\/buscoequipomedico.com\/wp-content\/uploads\/2021\/10\/BM881.jpg","datePublished":"2021-10-07T05:36:37+00:00","dateModified":"2021-10-07T05:37:27+00:00","breadcrumb":{"@id":"https:\/\/buscoequipomedico.com\/?product=bascula-madre-bebe-bm881#breadcrumb"},"inLanguage":"es","potentialAction":[{"@type":"ReadAction","target":["https:\/\/buscoequipomedico.com\/?product=bascula-madre-bebe-bm881"]}]},{"@type":"ImageObject","inLanguage":"es","@id":"https:\/\/buscoequipomedico.com\/?product=bascula-madre-bebe-bm881#primaryimage","url":"https:\/\/buscoequipomedico.com\/wp-content\/uploads\/2021\/10\/BM881.jpg","contentUrl":"https:\/\/buscoequipomedico.com\/wp-content\/uploads\/2021\/10\/BM881.jpg","width":600,"height":600,"caption":"BASCULAS,BM881"},{"@type":"BreadcrumbList","@id":"https:\/\/buscoequipomedico.com\/?product=bascula-madre-bebe-bm881#breadcrumb","itemListElement":[{"@type":"ListItem","position":1,"name":"Productos","item":"https:\/\/buscoequipomedico.com\/shop\/"},{"@type":"ListItem","position":2,"name":"B\u00e1scula Electr\u00f3nica Piso Madre\/ Beb\u00e9 BM881"}]},{"@type":"WebSite","@id":"https:\/\/buscoequipomedico.com\/#website","url":"https:\/\/buscoequipomedico.com\/","name":"Tu mejor opci\u00f3n Equipo M\u00e9dico M\u00e9xico","description":"Tienda de equipo m\u00e9dico","publisher":{"@id":"https:\/\/buscoequipomedico.com\/#organization"},"potentialAction":[{"@type":"SearchAction","target":{"@type":"EntryPoint","urlTemplate":"https:\/\/buscoequipomedico.com\/?s={search_term_string}"},"query-input":{"@type":"PropertyValueSpecification","valueRequired":true,"valueName":"search_term_string"}}],"inLanguage":"es"},{"@type":"Organization","@id":"https:\/\/buscoequipomedico.com\/#organization","name":"Tu mejor opci\u00f3n Equipo M\u00e9dico M\u00e9xico","url":"https:\/\/buscoequipomedico.com\/","logo":{"@type":"ImageObject","inLanguage":"es","@id":"https:\/\/buscoequipomedico.com\/#\/schema\/logo\/image\/","url":"https:\/\/buscoequipomedico.com\/wp-content\/uploads\/2021\/07\/EMM-VPrincipal-scaled.jpg","contentUrl":"https:\/\/buscoequipomedico.com\/wp-content\/uploads\/2021\/07\/EMM-VPrincipal-scaled.jpg","width":2560,"height":1058,"caption":"Tu mejor opci\u00f3n Equipo M\u00e9dico M\u00e9xico"},"image":{"@id":"https:\/\/buscoequipomedico.com\/#\/schema\/logo\/image\/"}}]}},"_links":{"self":[{"href":"https:\/\/buscoequipomedico.com\/index.php?rest_route=\/wp\/v2\/product\/15930","targetHints":{"allow":["GET"]}}],"collection":[{"href":"https:\/\/buscoequipomedico.com\/index.php?rest_route=\/wp\/v2\/product"}],"about":[{"href":"https:\/\/buscoequipomedico.com\/index.php?rest_route=\/wp\/v2\/types\/product"}],"wp:featuredmedia":[{"embeddable":true,"href":"https:\/\/buscoequipomedico.com\/index.php?rest_route=\/wp\/v2\/media\/15931"}],"wp:attachment":[{"href":"https:\/\/buscoequipomedico.com\/index.php?rest_route=%2Fwp%2Fv2%2Fmedia&parent=15930"}],"wp:term":[{"taxonomy":"product_brand","embeddable":true,"href":"https:\/\/buscoequipomedico.com\/index.php?rest_route=%2Fwp%2Fv2%2Fproduct_brand&post=15930"},{"taxonomy":"product_cat","embeddable":true,"href":"https:\/\/buscoequipomedico.com\/index.php?rest_route=%2Fwp%2Fv2%2Fproduct_cat&post=15930"},{"taxonomy":"product_tag","embeddable":true,"href":"https:\/\/buscoequipomedico.com\/index.php?rest_route=%2Fwp%2Fv2%2Fproduct_tag&post=15930"}],"curies":[{"name":"wp","href":"https:\/\/api.w.org\/{rel}","templated":true}]}}