{"id":15947,"date":"2021-10-07T01:28:09","date_gmt":"2021-10-07T06:28:09","guid":{"rendered":"https:\/\/equipomedicomexico-com.preview-domain.com\/?post_type=product&#038;p=15947"},"modified":"2021-10-07T01:28:31","modified_gmt":"2021-10-07T06:28:31","slug":"bm-684-bascula-digital-plataforma","status":"publish","type":"product","link":"https:\/\/buscoequipomedico.com\/?product=bm-684-bascula-digital-plataforma","title":{"rendered":"BM 684 B\u00e1scula Digital Plataforma 360Kg Div 100g Tara Auto-Hold BMI Multifuncional"},"content":{"rendered":"<p><strong>CARACTER\u00cdSTICAS<\/strong><\/p>\n<p>Permite el pesaje seguro del paciente de pie, sentado y en silla de ruedas, sin necesidad de realizar adaptaciones: de pie mediante el pasamanos estable, sentado con una asiento plegable integrado y en silla de ruedas mediante una plataforma grande (76 x 82 cm).<br \/>\nEl peso de la silla de ruedas o del andador se resta de forma sencilla con la funci\u00f3n pre-TARA.<br \/>\nLa b\u00e1scula multifunci\u00f3n seca 684 es una verdadera b\u00e1scula universal que aligera la carga cotidiana de los profesionales de la medicina.<br \/>\nCon su diversidad de funciones se han tenido en cuenta todos los aspectos importantes para que el pesaje en medicina general, nefrolog\u00eda y centros de atenci\u00f3n sea r\u00e1pido, confortable, preciso y seguro.<br \/>\nPesaje seguro de personas paradas, sentadas o en silla de ruedas.<br \/>\nDurante el pesaje en esta b\u00e1scula, las personas con dificultades motrices podr\u00e1n estabilizar su posici\u00f3n afirm\u00e1ndose en el pasamanos o tomar asiento en el confortable asiento, rebatible con una sola maniobra.<br \/>\nAdem\u00e1s, la b\u00e1scula seca 684 es muy indicada para el pesaje en una silla de ruedas.<br \/>\nPuede subirse por la rampa sin dificultades a la plataforma amplia y de escasa altura, donde una barrera para las ruedas delanteras proporciona un plus de seguridad.<\/p>\n<p><strong>ESPECIFICACIONES T\u00c9CNICAS<\/strong><\/p>\n<p>Capacidad: 360 kg \/ 800 lbs<br \/>\nDivisi\u00f3n: 100 g \/ 0,2 lbs<br \/>\nDimensiones (AxAxP): 910 x 1.100 x 1.064 mm \/ 35,8 x 43,3 x 41,9\u2033<br \/>\nDimensiones plataforma (AxAxP): 760 x 50 x 820 mm \/ 29,9 x 2 x 32,3\u2033<br \/>\nPeso: 59,5 kg \/ 131,2 lbs<br \/>\nFunciones: TARA, pre-TARA, auto-HOLD, BMI, conmutaci\u00f3n kg\/lbs, amortiguaci\u00f3n<br \/>\nAlimentaci\u00f3n: Red el\u00e9ctrica<\/p>\n","protected":false},"excerpt":{"rendered":"<p>Como l\u00edder mundial en el sector de b\u00e1sculas m\u00e9dicas, tambi\u00e9n le ofrecemos un servicio de primera calidad. Nuestras sucursales, nuestros socios y distribuidores le ofrecen una red de servicio internacional que le garantiza el funcionamiento perfecto de nuestros productos.<\/p>\n","protected":false},"featured_media":15948,"template":"","meta":{"_joinchat":[]},"product_brand":[],"product_cat":[398],"product_tag":[388,399,389],"class_list":{"0":"post-15947","1":"product","2":"type-product","3":"status-publish","4":"has-post-thumbnail","6":"product_cat-basculas-2","7":"product_tag-basculas","8":"product_tag-medicion","9":"product_tag-seca","11":"first","12":"instock","13":"shipping-taxable","14":"product-type-simple"},"yoast_head":"<!-- This site is optimized with the Yoast SEO plugin v25.1 - https:\/\/yoast.com\/wordpress\/plugins\/seo\/ -->\n<title>BM 684 B\u00e1scula Digital Plataforma 360Kg Div 100g Tara Auto-Hold BMI Multifuncional - Tu mejor opci\u00f3n Equipo M\u00e9dico M\u00e9xico<\/title>\n<meta name=\"robots\" content=\"index, follow, max-snippet:-1, max-image-preview:large, max-video-preview:-1\" \/>\n<link rel=\"canonical\" href=\"https:\/\/buscoequipomedico.com\/?product=bm-684-bascula-digital-plataforma\" \/>\n<meta property=\"og:locale\" content=\"es_ES\" \/>\n<meta property=\"og:type\" content=\"article\" \/>\n<meta property=\"og:title\" content=\"BM 684 B\u00e1scula Digital Plataforma 360Kg Div 100g Tara Auto-Hold BMI Multifuncional - Tu mejor opci\u00f3n Equipo M\u00e9dico M\u00e9xico\" \/>\n<meta property=\"og:description\" content=\"Como l\u00edder mundial en el sector de b\u00e1sculas m\u00e9dicas, tambi\u00e9n le ofrecemos un servicio de primera calidad. Nuestras sucursales, nuestros socios y distribuidores le ofrecen una red de servicio internacional que le garantiza el funcionamiento perfecto de nuestros productos.\" \/>\n<meta property=\"og:url\" content=\"https:\/\/buscoequipomedico.com\/?product=bm-684-bascula-digital-plataforma\" \/>\n<meta property=\"og:site_name\" content=\"Tu mejor opci\u00f3n Equipo M\u00e9dico M\u00e9xico\" \/>\n<meta property=\"article:modified_time\" content=\"2021-10-07T06:28:31+00:00\" \/>\n<meta property=\"og:image\" content=\"https:\/\/buscoequipomedico.com\/wp-content\/uploads\/2021\/10\/BM684.jpg\" \/>\n\t<meta property=\"og:image:width\" content=\"600\" \/>\n\t<meta property=\"og:image:height\" content=\"600\" \/>\n\t<meta property=\"og:image:type\" content=\"image\/jpeg\" \/>\n<meta name=\"twitter:card\" content=\"summary_large_image\" \/>\n<meta name=\"twitter:label1\" content=\"Tiempo de lectura\" \/>\n\t<meta name=\"twitter:data1\" content=\"1 minuto\" \/>\n<script type=\"application\/ld+json\" class=\"yoast-schema-graph\">{\"@context\":\"https:\/\/schema.org\",\"@graph\":[{\"@type\":\"WebPage\",\"@id\":\"https:\/\/buscoequipomedico.com\/?product=bm-684-bascula-digital-plataforma\",\"url\":\"https:\/\/buscoequipomedico.com\/?product=bm-684-bascula-digital-plataforma\",\"name\":\"BM 684 B\u00e1scula Digital Plataforma 360Kg Div 100g Tara Auto-Hold BMI Multifuncional - Tu mejor opci\u00f3n Equipo M\u00e9dico M\u00e9xico\",\"isPartOf\":{\"@id\":\"https:\/\/buscoequipomedico.com\/#website\"},\"primaryImageOfPage\":{\"@id\":\"https:\/\/buscoequipomedico.com\/?product=bm-684-bascula-digital-plataforma#primaryimage\"},\"image\":{\"@id\":\"https:\/\/buscoequipomedico.com\/?product=bm-684-bascula-digital-plataforma#primaryimage\"},\"thumbnailUrl\":\"https:\/\/buscoequipomedico.com\/wp-content\/uploads\/2021\/10\/BM684.jpg\",\"datePublished\":\"2021-10-07T06:28:09+00:00\",\"dateModified\":\"2021-10-07T06:28:31+00:00\",\"breadcrumb\":{\"@id\":\"https:\/\/buscoequipomedico.com\/?product=bm-684-bascula-digital-plataforma#breadcrumb\"},\"inLanguage\":\"es\",\"potentialAction\":[{\"@type\":\"ReadAction\",\"target\":[\"https:\/\/buscoequipomedico.com\/?product=bm-684-bascula-digital-plataforma\"]}]},{\"@type\":\"ImageObject\",\"inLanguage\":\"es\",\"@id\":\"https:\/\/buscoequipomedico.com\/?product=bm-684-bascula-digital-plataforma#primaryimage\",\"url\":\"https:\/\/buscoequipomedico.com\/wp-content\/uploads\/2021\/10\/BM684.jpg\",\"contentUrl\":\"https:\/\/buscoequipomedico.com\/wp-content\/uploads\/2021\/10\/BM684.jpg\",\"width\":600,\"height\":600,\"caption\":\"BM684 BASCULA\"},{\"@type\":\"BreadcrumbList\",\"@id\":\"https:\/\/buscoequipomedico.com\/?product=bm-684-bascula-digital-plataforma#breadcrumb\",\"itemListElement\":[{\"@type\":\"ListItem\",\"position\":1,\"name\":\"Productos\",\"item\":\"https:\/\/buscoequipomedico.com\/shop\/\"},{\"@type\":\"ListItem\",\"position\":2,\"name\":\"BM 684 B\u00e1scula Digital Plataforma 360Kg Div 100g Tara Auto-Hold BMI Multifuncional\"}]},{\"@type\":\"WebSite\",\"@id\":\"https:\/\/buscoequipomedico.com\/#website\",\"url\":\"https:\/\/buscoequipomedico.com\/\",\"name\":\"Tu mejor opci\u00f3n Equipo M\u00e9dico M\u00e9xico\",\"description\":\"Tienda de equipo m\u00e9dico\",\"publisher\":{\"@id\":\"https:\/\/buscoequipomedico.com\/#organization\"},\"potentialAction\":[{\"@type\":\"SearchAction\",\"target\":{\"@type\":\"EntryPoint\",\"urlTemplate\":\"https:\/\/buscoequipomedico.com\/?s={search_term_string}\"},\"query-input\":{\"@type\":\"PropertyValueSpecification\",\"valueRequired\":true,\"valueName\":\"search_term_string\"}}],\"inLanguage\":\"es\"},{\"@type\":\"Organization\",\"@id\":\"https:\/\/buscoequipomedico.com\/#organization\",\"name\":\"Tu mejor opci\u00f3n Equipo M\u00e9dico M\u00e9xico\",\"url\":\"https:\/\/buscoequipomedico.com\/\",\"logo\":{\"@type\":\"ImageObject\",\"inLanguage\":\"es\",\"@id\":\"https:\/\/buscoequipomedico.com\/#\/schema\/logo\/image\/\",\"url\":\"https:\/\/buscoequipomedico.com\/wp-content\/uploads\/2021\/07\/EMM-VPrincipal-scaled.jpg\",\"contentUrl\":\"https:\/\/buscoequipomedico.com\/wp-content\/uploads\/2021\/07\/EMM-VPrincipal-scaled.jpg\",\"width\":2560,\"height\":1058,\"caption\":\"Tu mejor opci\u00f3n Equipo M\u00e9dico M\u00e9xico\"},\"image\":{\"@id\":\"https:\/\/buscoequipomedico.com\/#\/schema\/logo\/image\/\"}}]}<\/script>\n<!-- \/ Yoast SEO plugin. -->","yoast_head_json":{"title":"BM 684 B\u00e1scula Digital Plataforma 360Kg Div 100g Tara Auto-Hold BMI Multifuncional - Tu mejor opci\u00f3n Equipo M\u00e9dico M\u00e9xico","robots":{"index":"index","follow":"follow","max-snippet":"max-snippet:-1","max-image-preview":"max-image-preview:large","max-video-preview":"max-video-preview:-1"},"canonical":"https:\/\/buscoequipomedico.com\/?product=bm-684-bascula-digital-plataforma","og_locale":"es_ES","og_type":"article","og_title":"BM 684 B\u00e1scula Digital Plataforma 360Kg Div 100g Tara Auto-Hold BMI Multifuncional - Tu mejor opci\u00f3n Equipo M\u00e9dico M\u00e9xico","og_description":"Como l\u00edder mundial en el sector de b\u00e1sculas m\u00e9dicas, tambi\u00e9n le ofrecemos un servicio de primera calidad. Nuestras sucursales, nuestros socios y distribuidores le ofrecen una red de servicio internacional que le garantiza el funcionamiento perfecto de nuestros productos.","og_url":"https:\/\/buscoequipomedico.com\/?product=bm-684-bascula-digital-plataforma","og_site_name":"Tu mejor opci\u00f3n Equipo M\u00e9dico M\u00e9xico","article_modified_time":"2021-10-07T06:28:31+00:00","og_image":[{"width":600,"height":600,"url":"https:\/\/buscoequipomedico.com\/wp-content\/uploads\/2021\/10\/BM684.jpg","type":"image\/jpeg"}],"twitter_card":"summary_large_image","twitter_misc":{"Tiempo de lectura":"1 minuto"},"schema":{"@context":"https:\/\/schema.org","@graph":[{"@type":"WebPage","@id":"https:\/\/buscoequipomedico.com\/?product=bm-684-bascula-digital-plataforma","url":"https:\/\/buscoequipomedico.com\/?product=bm-684-bascula-digital-plataforma","name":"BM 684 B\u00e1scula Digital Plataforma 360Kg Div 100g Tara Auto-Hold BMI Multifuncional - Tu mejor opci\u00f3n Equipo M\u00e9dico M\u00e9xico","isPartOf":{"@id":"https:\/\/buscoequipomedico.com\/#website"},"primaryImageOfPage":{"@id":"https:\/\/buscoequipomedico.com\/?product=bm-684-bascula-digital-plataforma#primaryimage"},"image":{"@id":"https:\/\/buscoequipomedico.com\/?product=bm-684-bascula-digital-plataforma#primaryimage"},"thumbnailUrl":"https:\/\/buscoequipomedico.com\/wp-content\/uploads\/2021\/10\/BM684.jpg","datePublished":"2021-10-07T06:28:09+00:00","dateModified":"2021-10-07T06:28:31+00:00","breadcrumb":{"@id":"https:\/\/buscoequipomedico.com\/?product=bm-684-bascula-digital-plataforma#breadcrumb"},"inLanguage":"es","potentialAction":[{"@type":"ReadAction","target":["https:\/\/buscoequipomedico.com\/?product=bm-684-bascula-digital-plataforma"]}]},{"@type":"ImageObject","inLanguage":"es","@id":"https:\/\/buscoequipomedico.com\/?product=bm-684-bascula-digital-plataforma#primaryimage","url":"https:\/\/buscoequipomedico.com\/wp-content\/uploads\/2021\/10\/BM684.jpg","contentUrl":"https:\/\/buscoequipomedico.com\/wp-content\/uploads\/2021\/10\/BM684.jpg","width":600,"height":600,"caption":"BM684 BASCULA"},{"@type":"BreadcrumbList","@id":"https:\/\/buscoequipomedico.com\/?product=bm-684-bascula-digital-plataforma#breadcrumb","itemListElement":[{"@type":"ListItem","position":1,"name":"Productos","item":"https:\/\/buscoequipomedico.com\/shop\/"},{"@type":"ListItem","position":2,"name":"BM 684 B\u00e1scula Digital Plataforma 360Kg Div 100g Tara Auto-Hold BMI Multifuncional"}]},{"@type":"WebSite","@id":"https:\/\/buscoequipomedico.com\/#website","url":"https:\/\/buscoequipomedico.com\/","name":"Tu mejor opci\u00f3n Equipo M\u00e9dico M\u00e9xico","description":"Tienda de equipo m\u00e9dico","publisher":{"@id":"https:\/\/buscoequipomedico.com\/#organization"},"potentialAction":[{"@type":"SearchAction","target":{"@type":"EntryPoint","urlTemplate":"https:\/\/buscoequipomedico.com\/?s={search_term_string}"},"query-input":{"@type":"PropertyValueSpecification","valueRequired":true,"valueName":"search_term_string"}}],"inLanguage":"es"},{"@type":"Organization","@id":"https:\/\/buscoequipomedico.com\/#organization","name":"Tu mejor opci\u00f3n Equipo M\u00e9dico M\u00e9xico","url":"https:\/\/buscoequipomedico.com\/","logo":{"@type":"ImageObject","inLanguage":"es","@id":"https:\/\/buscoequipomedico.com\/#\/schema\/logo\/image\/","url":"https:\/\/buscoequipomedico.com\/wp-content\/uploads\/2021\/07\/EMM-VPrincipal-scaled.jpg","contentUrl":"https:\/\/buscoequipomedico.com\/wp-content\/uploads\/2021\/07\/EMM-VPrincipal-scaled.jpg","width":2560,"height":1058,"caption":"Tu mejor opci\u00f3n Equipo M\u00e9dico M\u00e9xico"},"image":{"@id":"https:\/\/buscoequipomedico.com\/#\/schema\/logo\/image\/"}}]}},"_links":{"self":[{"href":"https:\/\/buscoequipomedico.com\/index.php?rest_route=\/wp\/v2\/product\/15947","targetHints":{"allow":["GET"]}}],"collection":[{"href":"https:\/\/buscoequipomedico.com\/index.php?rest_route=\/wp\/v2\/product"}],"about":[{"href":"https:\/\/buscoequipomedico.com\/index.php?rest_route=\/wp\/v2\/types\/product"}],"wp:featuredmedia":[{"embeddable":true,"href":"https:\/\/buscoequipomedico.com\/index.php?rest_route=\/wp\/v2\/media\/15948"}],"wp:attachment":[{"href":"https:\/\/buscoequipomedico.com\/index.php?rest_route=%2Fwp%2Fv2%2Fmedia&parent=15947"}],"wp:term":[{"taxonomy":"product_brand","embeddable":true,"href":"https:\/\/buscoequipomedico.com\/index.php?rest_route=%2Fwp%2Fv2%2Fproduct_brand&post=15947"},{"taxonomy":"product_cat","embeddable":true,"href":"https:\/\/buscoequipomedico.com\/index.php?rest_route=%2Fwp%2Fv2%2Fproduct_cat&post=15947"},{"taxonomy":"product_tag","embeddable":true,"href":"https:\/\/buscoequipomedico.com\/index.php?rest_route=%2Fwp%2Fv2%2Fproduct_tag&post=15947"}],"curies":[{"name":"wp","href":"https:\/\/api.w.org\/{rel}","templated":true}]}}