{"id":15961,"date":"2021-10-07T02:02:13","date_gmt":"2021-10-07T07:02:13","guid":{"rendered":"https:\/\/equipomedicomexico-com.preview-domain.com\/?post_type=product&#038;p=15961"},"modified":"2021-11-18T16:52:43","modified_gmt":"2021-11-18T22:52:43","slug":"bm644-bascula-digital-plataforma","status":"publish","type":"product","link":"https:\/\/buscoequipomedico.com\/?product=bm644-bascula-digital-plataforma","title":{"rendered":"BM644 B\u00e1scula Digital Plataforma 300Kg Div 100g Tara Auto-Hold BMI Con Pasamanos"},"content":{"rendered":"<p><strong>CARACTER\u00cdSTICAS<\/strong><\/p>\n<p>El pasamanos integrado en la b\u00e1scula permite que el paciente se sujete mientras se realiza el pesaje.<br \/>\nGracias a su generosa plataforma, es posible colocar una silla sobre la b\u00e1scula para que los pacientes puedan sentarse.<br \/>\nLa funci\u00f3n pre-TARA con tres memorias almacena un peso (el de la silla, por ejemplo) que es posible deducir para determinar con facilidad el peso neto.<br \/>\nAdem\u00e1s, la b\u00e1scula seca 644 se transporta f\u00e1cilmente ya que dispone de dos ruedas de caucho que permiten moverla por la unidad.<br \/>\nDispone de alimentaci\u00f3n por bater\u00eda o mediante conexi\u00f3n a la red el\u00e9ctrica, lo que le confiere a\u00fan mayor flexibilidad.<br \/>\nSi se conecta una impresora, el m\u00f3dulo de tiempo indicar\u00e1 autom\u00e1ticamente la fecha y hora del pesaje y el peso en la hoja impresa.<br \/>\nGran capacidad y funci\u00f3n IMC.<br \/>\nCon una capacidad de 300 kg, la b\u00e1scula seca 644 est\u00e1 perfectamente preparada para el pesaje de personas obesas.<br \/>\nEl tall\u00edmetro opcional seca 223 permite comprobar la talla del paciente en un solo paso de trabajo.<br \/>\nSimplemente pulsando un bot\u00f3n, la funci\u00f3n IMC establece la relaci\u00f3n entre el peso comprobado y la talla, suministrando datos objetivos sobre el estado nutricional del paciente.<\/p>\n<p><strong>ESPECIFICACIONES T\u00c9CNICAS<\/strong><\/p>\n<p>Capacidad: 300 kg<br \/>\nDivisi\u00f3n: 100 g<br \/>\nDimensiones de la b\u00e1scula (AxAxP): 640 x 1.150 x 660 mm<br \/>\nPeso: 25,4 kg<br \/>\nAlimentaci\u00f3n: red el\u00e9ctrica, bater\u00eda<br \/>\nFunciones: TARA, pre-TARA, auto-HOLD, IMC, amortiguaci\u00f3n, desconexi\u00f3n autom\u00e1tica<\/p>\n","protected":false},"excerpt":{"rendered":"<p>Adem\u00e1s, la <strong>b\u00e1scula seca<\/strong> 644 se transporta f\u00e1cilmente ya que dispone de dos ruedas de caucho que permiten moverla por la unidad. Dispone de alimentaci\u00f3n por bater\u00eda o mediante conexi\u00f3n a la red el\u00e9ctrica, lo que le confiere a\u00fan mayor flexibilidad. Si se conecta una impresora, el m\u00f3dulo de tiempo indicar\u00e1 autom\u00e1ticamente la fecha,<\/p>\n","protected":false},"featured_media":15962,"template":"","meta":{"_joinchat":[]},"product_brand":[],"product_cat":[398],"product_tag":[388,399,389],"class_list":{"0":"post-15961","1":"product","2":"type-product","3":"status-publish","4":"has-post-thumbnail","6":"product_cat-basculas-2","7":"product_tag-basculas","8":"product_tag-medicion","9":"product_tag-seca","11":"first","12":"instock","13":"shipping-taxable","14":"product-type-simple"},"yoast_head":"<!-- This site is optimized with the Yoast SEO plugin v25.1 - https:\/\/yoast.com\/wordpress\/plugins\/seo\/ -->\n<title>BM644 B\u00e1scula Digital Plataforma 300Kg Div 100g Tara Auto-Hold BMI Con Pasamanos - Tu mejor opci\u00f3n Equipo M\u00e9dico M\u00e9xico<\/title>\n<meta name=\"robots\" content=\"index, follow, max-snippet:-1, max-image-preview:large, max-video-preview:-1\" \/>\n<link rel=\"canonical\" href=\"https:\/\/buscoequipomedico.com\/?product=bm644-bascula-digital-plataforma\" \/>\n<meta property=\"og:locale\" content=\"es_ES\" \/>\n<meta property=\"og:type\" content=\"article\" \/>\n<meta property=\"og:title\" content=\"BM644 B\u00e1scula Digital Plataforma 300Kg Div 100g Tara Auto-Hold BMI Con Pasamanos - Tu mejor opci\u00f3n Equipo M\u00e9dico M\u00e9xico\" \/>\n<meta property=\"og:description\" content=\"Adem\u00e1s, la b\u00e1scula seca 644 se transporta f\u00e1cilmente ya que dispone de dos ruedas de caucho que permiten moverla por la unidad. Dispone de alimentaci\u00f3n por bater\u00eda o mediante conexi\u00f3n a la red el\u00e9ctrica, lo que le confiere a\u00fan mayor flexibilidad. Si se conecta una impresora, el m\u00f3dulo de tiempo indicar\u00e1 autom\u00e1ticamente la fecha,\" \/>\n<meta property=\"og:url\" content=\"https:\/\/buscoequipomedico.com\/?product=bm644-bascula-digital-plataforma\" \/>\n<meta property=\"og:site_name\" content=\"Tu mejor opci\u00f3n Equipo M\u00e9dico M\u00e9xico\" \/>\n<meta property=\"article:modified_time\" content=\"2021-11-18T22:52:43+00:00\" \/>\n<meta property=\"og:image\" content=\"https:\/\/buscoequipomedico.com\/wp-content\/uploads\/2021\/10\/BM644.jpg\" \/>\n\t<meta property=\"og:image:width\" content=\"600\" \/>\n\t<meta property=\"og:image:height\" content=\"600\" \/>\n\t<meta property=\"og:image:type\" content=\"image\/jpeg\" \/>\n<meta name=\"twitter:card\" content=\"summary_large_image\" \/>\n<meta name=\"twitter:label1\" content=\"Tiempo de lectura\" \/>\n\t<meta name=\"twitter:data1\" content=\"1 minuto\" \/>\n<script type=\"application\/ld+json\" class=\"yoast-schema-graph\">{\"@context\":\"https:\/\/schema.org\",\"@graph\":[{\"@type\":\"WebPage\",\"@id\":\"https:\/\/buscoequipomedico.com\/?product=bm644-bascula-digital-plataforma\",\"url\":\"https:\/\/buscoequipomedico.com\/?product=bm644-bascula-digital-plataforma\",\"name\":\"BM644 B\u00e1scula Digital Plataforma 300Kg Div 100g Tara Auto-Hold BMI Con Pasamanos - Tu mejor opci\u00f3n Equipo M\u00e9dico M\u00e9xico\",\"isPartOf\":{\"@id\":\"https:\/\/buscoequipomedico.com\/#website\"},\"primaryImageOfPage\":{\"@id\":\"https:\/\/buscoequipomedico.com\/?product=bm644-bascula-digital-plataforma#primaryimage\"},\"image\":{\"@id\":\"https:\/\/buscoequipomedico.com\/?product=bm644-bascula-digital-plataforma#primaryimage\"},\"thumbnailUrl\":\"https:\/\/buscoequipomedico.com\/wp-content\/uploads\/2021\/10\/BM644.jpg\",\"datePublished\":\"2021-10-07T07:02:13+00:00\",\"dateModified\":\"2021-11-18T22:52:43+00:00\",\"breadcrumb\":{\"@id\":\"https:\/\/buscoequipomedico.com\/?product=bm644-bascula-digital-plataforma#breadcrumb\"},\"inLanguage\":\"es\",\"potentialAction\":[{\"@type\":\"ReadAction\",\"target\":[\"https:\/\/buscoequipomedico.com\/?product=bm644-bascula-digital-plataforma\"]}]},{\"@type\":\"ImageObject\",\"inLanguage\":\"es\",\"@id\":\"https:\/\/buscoequipomedico.com\/?product=bm644-bascula-digital-plataforma#primaryimage\",\"url\":\"https:\/\/buscoequipomedico.com\/wp-content\/uploads\/2021\/10\/BM644.jpg\",\"contentUrl\":\"https:\/\/buscoequipomedico.com\/wp-content\/uploads\/2021\/10\/BM644.jpg\",\"width\":600,\"height\":600,\"caption\":\"BM644 BASCULA\"},{\"@type\":\"BreadcrumbList\",\"@id\":\"https:\/\/buscoequipomedico.com\/?product=bm644-bascula-digital-plataforma#breadcrumb\",\"itemListElement\":[{\"@type\":\"ListItem\",\"position\":1,\"name\":\"Productos\",\"item\":\"https:\/\/buscoequipomedico.com\/shop\/\"},{\"@type\":\"ListItem\",\"position\":2,\"name\":\"BM644 B\u00e1scula Digital Plataforma 300Kg Div 100g Tara Auto-Hold BMI Con Pasamanos\"}]},{\"@type\":\"WebSite\",\"@id\":\"https:\/\/buscoequipomedico.com\/#website\",\"url\":\"https:\/\/buscoequipomedico.com\/\",\"name\":\"Tu mejor opci\u00f3n Equipo M\u00e9dico M\u00e9xico\",\"description\":\"Tienda de equipo m\u00e9dico\",\"publisher\":{\"@id\":\"https:\/\/buscoequipomedico.com\/#organization\"},\"potentialAction\":[{\"@type\":\"SearchAction\",\"target\":{\"@type\":\"EntryPoint\",\"urlTemplate\":\"https:\/\/buscoequipomedico.com\/?s={search_term_string}\"},\"query-input\":{\"@type\":\"PropertyValueSpecification\",\"valueRequired\":true,\"valueName\":\"search_term_string\"}}],\"inLanguage\":\"es\"},{\"@type\":\"Organization\",\"@id\":\"https:\/\/buscoequipomedico.com\/#organization\",\"name\":\"Tu mejor opci\u00f3n Equipo M\u00e9dico M\u00e9xico\",\"url\":\"https:\/\/buscoequipomedico.com\/\",\"logo\":{\"@type\":\"ImageObject\",\"inLanguage\":\"es\",\"@id\":\"https:\/\/buscoequipomedico.com\/#\/schema\/logo\/image\/\",\"url\":\"https:\/\/buscoequipomedico.com\/wp-content\/uploads\/2021\/07\/EMM-VPrincipal-scaled.jpg\",\"contentUrl\":\"https:\/\/buscoequipomedico.com\/wp-content\/uploads\/2021\/07\/EMM-VPrincipal-scaled.jpg\",\"width\":2560,\"height\":1058,\"caption\":\"Tu mejor opci\u00f3n Equipo M\u00e9dico M\u00e9xico\"},\"image\":{\"@id\":\"https:\/\/buscoequipomedico.com\/#\/schema\/logo\/image\/\"}}]}<\/script>\n<!-- \/ Yoast SEO plugin. -->","yoast_head_json":{"title":"BM644 B\u00e1scula Digital Plataforma 300Kg Div 100g Tara Auto-Hold BMI Con Pasamanos - Tu mejor opci\u00f3n Equipo M\u00e9dico M\u00e9xico","robots":{"index":"index","follow":"follow","max-snippet":"max-snippet:-1","max-image-preview":"max-image-preview:large","max-video-preview":"max-video-preview:-1"},"canonical":"https:\/\/buscoequipomedico.com\/?product=bm644-bascula-digital-plataforma","og_locale":"es_ES","og_type":"article","og_title":"BM644 B\u00e1scula Digital Plataforma 300Kg Div 100g Tara Auto-Hold BMI Con Pasamanos - Tu mejor opci\u00f3n Equipo M\u00e9dico M\u00e9xico","og_description":"Adem\u00e1s, la b\u00e1scula seca 644 se transporta f\u00e1cilmente ya que dispone de dos ruedas de caucho que permiten moverla por la unidad. Dispone de alimentaci\u00f3n por bater\u00eda o mediante conexi\u00f3n a la red el\u00e9ctrica, lo que le confiere a\u00fan mayor flexibilidad. Si se conecta una impresora, el m\u00f3dulo de tiempo indicar\u00e1 autom\u00e1ticamente la fecha,","og_url":"https:\/\/buscoequipomedico.com\/?product=bm644-bascula-digital-plataforma","og_site_name":"Tu mejor opci\u00f3n Equipo M\u00e9dico M\u00e9xico","article_modified_time":"2021-11-18T22:52:43+00:00","og_image":[{"width":600,"height":600,"url":"https:\/\/buscoequipomedico.com\/wp-content\/uploads\/2021\/10\/BM644.jpg","type":"image\/jpeg"}],"twitter_card":"summary_large_image","twitter_misc":{"Tiempo de lectura":"1 minuto"},"schema":{"@context":"https:\/\/schema.org","@graph":[{"@type":"WebPage","@id":"https:\/\/buscoequipomedico.com\/?product=bm644-bascula-digital-plataforma","url":"https:\/\/buscoequipomedico.com\/?product=bm644-bascula-digital-plataforma","name":"BM644 B\u00e1scula Digital Plataforma 300Kg Div 100g Tara Auto-Hold BMI Con Pasamanos - Tu mejor opci\u00f3n Equipo M\u00e9dico M\u00e9xico","isPartOf":{"@id":"https:\/\/buscoequipomedico.com\/#website"},"primaryImageOfPage":{"@id":"https:\/\/buscoequipomedico.com\/?product=bm644-bascula-digital-plataforma#primaryimage"},"image":{"@id":"https:\/\/buscoequipomedico.com\/?product=bm644-bascula-digital-plataforma#primaryimage"},"thumbnailUrl":"https:\/\/buscoequipomedico.com\/wp-content\/uploads\/2021\/10\/BM644.jpg","datePublished":"2021-10-07T07:02:13+00:00","dateModified":"2021-11-18T22:52:43+00:00","breadcrumb":{"@id":"https:\/\/buscoequipomedico.com\/?product=bm644-bascula-digital-plataforma#breadcrumb"},"inLanguage":"es","potentialAction":[{"@type":"ReadAction","target":["https:\/\/buscoequipomedico.com\/?product=bm644-bascula-digital-plataforma"]}]},{"@type":"ImageObject","inLanguage":"es","@id":"https:\/\/buscoequipomedico.com\/?product=bm644-bascula-digital-plataforma#primaryimage","url":"https:\/\/buscoequipomedico.com\/wp-content\/uploads\/2021\/10\/BM644.jpg","contentUrl":"https:\/\/buscoequipomedico.com\/wp-content\/uploads\/2021\/10\/BM644.jpg","width":600,"height":600,"caption":"BM644 BASCULA"},{"@type":"BreadcrumbList","@id":"https:\/\/buscoequipomedico.com\/?product=bm644-bascula-digital-plataforma#breadcrumb","itemListElement":[{"@type":"ListItem","position":1,"name":"Productos","item":"https:\/\/buscoequipomedico.com\/shop\/"},{"@type":"ListItem","position":2,"name":"BM644 B\u00e1scula Digital Plataforma 300Kg Div 100g Tara Auto-Hold BMI Con Pasamanos"}]},{"@type":"WebSite","@id":"https:\/\/buscoequipomedico.com\/#website","url":"https:\/\/buscoequipomedico.com\/","name":"Tu mejor opci\u00f3n Equipo M\u00e9dico M\u00e9xico","description":"Tienda de equipo m\u00e9dico","publisher":{"@id":"https:\/\/buscoequipomedico.com\/#organization"},"potentialAction":[{"@type":"SearchAction","target":{"@type":"EntryPoint","urlTemplate":"https:\/\/buscoequipomedico.com\/?s={search_term_string}"},"query-input":{"@type":"PropertyValueSpecification","valueRequired":true,"valueName":"search_term_string"}}],"inLanguage":"es"},{"@type":"Organization","@id":"https:\/\/buscoequipomedico.com\/#organization","name":"Tu mejor opci\u00f3n Equipo M\u00e9dico M\u00e9xico","url":"https:\/\/buscoequipomedico.com\/","logo":{"@type":"ImageObject","inLanguage":"es","@id":"https:\/\/buscoequipomedico.com\/#\/schema\/logo\/image\/","url":"https:\/\/buscoequipomedico.com\/wp-content\/uploads\/2021\/07\/EMM-VPrincipal-scaled.jpg","contentUrl":"https:\/\/buscoequipomedico.com\/wp-content\/uploads\/2021\/07\/EMM-VPrincipal-scaled.jpg","width":2560,"height":1058,"caption":"Tu mejor opci\u00f3n Equipo M\u00e9dico M\u00e9xico"},"image":{"@id":"https:\/\/buscoequipomedico.com\/#\/schema\/logo\/image\/"}}]}},"_links":{"self":[{"href":"https:\/\/buscoequipomedico.com\/index.php?rest_route=\/wp\/v2\/product\/15961","targetHints":{"allow":["GET"]}}],"collection":[{"href":"https:\/\/buscoequipomedico.com\/index.php?rest_route=\/wp\/v2\/product"}],"about":[{"href":"https:\/\/buscoequipomedico.com\/index.php?rest_route=\/wp\/v2\/types\/product"}],"wp:featuredmedia":[{"embeddable":true,"href":"https:\/\/buscoequipomedico.com\/index.php?rest_route=\/wp\/v2\/media\/15962"}],"wp:attachment":[{"href":"https:\/\/buscoequipomedico.com\/index.php?rest_route=%2Fwp%2Fv2%2Fmedia&parent=15961"}],"wp:term":[{"taxonomy":"product_brand","embeddable":true,"href":"https:\/\/buscoequipomedico.com\/index.php?rest_route=%2Fwp%2Fv2%2Fproduct_brand&post=15961"},{"taxonomy":"product_cat","embeddable":true,"href":"https:\/\/buscoequipomedico.com\/index.php?rest_route=%2Fwp%2Fv2%2Fproduct_cat&post=15961"},{"taxonomy":"product_tag","embeddable":true,"href":"https:\/\/buscoequipomedico.com\/index.php?rest_route=%2Fwp%2Fv2%2Fproduct_tag&post=15961"}],"curies":[{"name":"wp","href":"https:\/\/api.w.org\/{rel}","templated":true}]}}